{"id":1392,"date":"2017-03-04T22:26:23","date_gmt":"2017-03-04T21:26:23","guid":{"rendered":"http:\/\/agora.xtec.cat\/ceip-montserrat\/?page_id=1392"},"modified":"2024-10-06T11:54:07","modified_gmt":"2024-10-06T09:54:07","slug":"treballem-pel-medi-ambient","status":"publish","type":"page","link":"https:\/\/agora.xtec.cat\/ceip-montserrat\/projecte-educatiu\/treballem-pel-medi-ambient\/","title":{"rendered":"Treballem pel Medi Ambient"},"content":{"rendered":"<h5><span style=\"color: #000000;\"><strong>Apliquem bones pr\u00e0ctiques de respecte al medi ambient des de diferents \u00e0mbits escolars:<\/strong><\/span><\/h5>\n<p>&nbsp;<\/p>\n<ul style=\"list-style-type: circle;\">\n<li>\n<h5><span style=\"text-decoration: underline;\"><span style=\"color: #008000;\"><strong>\u201cNatural-Ment\u201d<\/strong><\/span><\/span><\/h5>\n<\/li>\n<\/ul>\n<p>Tots els infants de l\u2019escola participaran en aquest projecte que \u00e9s una iniciativa de protecci\u00f3 de la fauna urbana, tant d\u00b4insectes pol\u00b7linitzadors com de petits ocells.<\/p>\n<p>En aquest <a href=\"https:\/\/agora.xtec.cat\/ceip-montserrat\/general\/novetat-projecte-natural-ment\/\">enlla\u00e7<\/a> podeu veure aquest projecte amb m\u00e9s detall.<\/p>\n<p>&nbsp;<\/p>\n<h5><span style=\"color: #000000;\"><a style=\"color: #000000;\" href=\"http:\/\/agora.xtec.cat\/ceip-montserrat\/wp-content\/uploads\/usu1311\/2017\/03\/logo.jpg\"><img loading=\"lazy\" decoding=\"async\" class=\"wp-image-1393 alignright\" src=\"http:\/\/agora.xtec.cat\/ceip-montserrat\/wp-content\/uploads\/usu1311\/2017\/03\/logo-1024x636.jpg\" alt=\"logo\" width=\"166\" height=\"103\" srcset=\"https:\/\/agora.xtec.cat\/ceip-montserrat\/wp-content\/uploads\/usu1311\/2017\/03\/logo-1024x636.jpg 1024w, https:\/\/agora.xtec.cat\/ceip-montserrat\/wp-content\/uploads\/usu1311\/2017\/03\/logo-300x186.jpg 300w, https:\/\/agora.xtec.cat\/ceip-montserrat\/wp-content\/uploads\/usu1311\/2017\/03\/logo-768x477.jpg 768w, https:\/\/agora.xtec.cat\/ceip-montserrat\/wp-content\/uploads\/usu1311\/2017\/03\/logo.jpg 1971w\" sizes=\"auto, (max-width: 166px) 100vw, 166px\" \/><\/a><\/span><\/h5>\n<ul style=\"list-style-type: circle;\">\n<li>\n<h5><span style=\"color: #008000;\"><strong>\u201c<span style=\"text-decoration: underline;\">Aqu\u00ed reciclem<\/span>\u201d<\/strong><\/span><\/h5>\n<p>Fomentem la import\u00e0ncia del reciclatge com a bona pr\u00e0ctica educativa.<\/p>\n<h5><\/h5>\n<h6><\/h6>\n<\/li>\n<\/ul>\n<h5><\/h5>\n<ul style=\"list-style-type: circle;\">\n<li>\n<h5><span style=\"color: #008000;\"><strong>\u201c<\/strong><\/span><span style=\"text-decoration: underline;\"><span style=\"color: #008000;\"><strong>Tria i et triaran<\/strong><\/span><\/span><span style=\"color: #008000;\"><strong>\u201d<\/strong><\/span><\/h5>\n<h6><\/h6>\n<p>Distintiu ambiental que certifica la bona pr\u00e0ctica en la separaci\u00f3 de residus org\u00e0nics que es generen a l&#8217;escola.<\/p>\n<h6><span style=\"color: #000000;\"><strong><br \/>\n<a style=\"color: #000000;\" href=\"http:\/\/agora.xtec.cat\/ceip-montserrat\/wp-content\/uploads\/usu1311\/2017\/03\/IMG_20170302_103621.jpg\"><img loading=\"lazy\" decoding=\"async\" class=\"aligncenter wp-image-1394\" src=\"http:\/\/agora.xtec.cat\/ceip-montserrat\/wp-content\/uploads\/usu1311\/2017\/03\/IMG_20170302_103621-1024x1003.jpg\" alt=\"img_20170302_103621\" width=\"164\" height=\"161\" srcset=\"https:\/\/agora.xtec.cat\/ceip-montserrat\/wp-content\/uploads\/usu1311\/2017\/03\/IMG_20170302_103621-1024x1003.jpg 1024w, https:\/\/agora.xtec.cat\/ceip-montserrat\/wp-content\/uploads\/usu1311\/2017\/03\/IMG_20170302_103621-300x294.jpg 300w, https:\/\/agora.xtec.cat\/ceip-montserrat\/wp-content\/uploads\/usu1311\/2017\/03\/IMG_20170302_103621-768x752.jpg 768w, https:\/\/agora.xtec.cat\/ceip-montserrat\/wp-content\/uploads\/usu1311\/2017\/03\/IMG_20170302_103621.jpg 1834w\" sizes=\"auto, (max-width: 164px) 100vw, 164px\" \/><\/a><\/strong><\/span><\/h6>\n<\/li>\n<\/ul>\n<h5><\/h5>\n<ul style=\"list-style-type: circle;\">\n<li><span style=\"color: #008000;\"><strong><span style=\"text-decoration: underline;\">Nous contenidors per rebuig<\/span><\/strong><\/span><\/li>\n<\/ul>\n<p>Projecte de col\u00b7laboraci\u00f3 amb l\u2019Ajuntament en la prova pilot dels nous contenidors per rebuig.<\/p>\n<p><strong>\u00a0<\/strong><\/p>\n<ul style=\"list-style-type: circle;\">\n<li><span style=\"color: #008000;\"><strong><span style=\"text-decoration: underline;\">Col\u00b7laboraci\u00f3 amb Solidan\u00e7a<\/span><\/strong><\/span><\/li>\n<\/ul>\n<p>Col\u00b7laboraci\u00f3 amb Solidan\u00e7a amb la recollida d\u2019electrodom\u00e8stics.<\/p>\n<p>&nbsp;<\/p>\n<ul style=\"list-style-type: circle;\">\n<li>\n<h5><span style=\"color: #008000;\"><strong><span style=\"text-decoration: underline;\">Cuidem les plantes i plantem l\u2019hort<\/span>:\u00a0<\/strong><\/span><\/h5>\n<p>Els alumnes cuiden i planten \u00a0en diferents espais que destinem a hort o a <a href=\"http:\/\/agora.xtec.cat\/ceip-montserrat\/wp-content\/uploads\/usu1311\/2017\/03\/Imagen1.jpg\"><img loading=\"lazy\" decoding=\"async\" class=\"wp-image-1396 alignright\" src=\"http:\/\/agora.xtec.cat\/ceip-montserrat\/wp-content\/uploads\/usu1311\/2017\/03\/Imagen1.jpg\" alt=\"imagen1\" width=\"295\" height=\"221\" srcset=\"https:\/\/agora.xtec.cat\/ceip-montserrat\/wp-content\/uploads\/usu1311\/2017\/03\/Imagen1.jpg 480w, https:\/\/agora.xtec.cat\/ceip-montserrat\/wp-content\/uploads\/usu1311\/2017\/03\/Imagen1-300x225.jpg 300w, https:\/\/agora.xtec.cat\/ceip-montserrat\/wp-content\/uploads\/usu1311\/2017\/03\/Imagen1-200x150.jpg 200w\" sizes=\"auto, (max-width: 295px) 100vw, 295px\" \/><\/a>planter per veure els diferents processos i per gaudir d\u2019uns espais enjardinats i bonics.<\/p>\n<h5><\/h5>\n<\/li>\n<\/ul>\n<h5><\/h5>\n<h5><\/h5>\n<h5><\/h5>\n<h5><\/h5>\n<ul style=\"list-style-type: circle;\">\n<li><span style=\"color: #008000;\"><strong><span style=\"text-decoration: underline;\">Reciclem l&#8217;aigua<\/span>:\u00a0<\/strong><\/span><\/li>\n<\/ul>\n<p>A l\u2019espai de migdia es recicla l\u2019aigua sobrant de les gerres d\u2019aigua i s\u2019aprofita per regar les plantes i els espais verds de l\u2019escola.<\/p>\n<p>&nbsp;<\/p>\n<ul style=\"list-style-type: circle;\">\n<li>\n<h5><span style=\"color: #008000;\"><strong><span style=\"text-decoration: underline;\">Plaques fotovoltaiques<\/span><\/strong><\/span><\/h5>\n<p>Bones pr\u00e0ctiques per l\u2019estalvi energ\u00e8tic.<\/p>\n<h5><\/h5>\n<\/li>\n<\/ul>\n<h5><span style=\"color: #000000;\"><a style=\"color: #000000;\" href=\"http:\/\/agora.xtec.cat\/ceip-montserrat\/wp-content\/uploads\/usu1311\/2017\/03\/Plaques_Escola_Montserrat.jpg\"><img loading=\"lazy\" decoding=\"async\" class=\"aligncenter wp-image-1397\" src=\"http:\/\/agora.xtec.cat\/ceip-montserrat\/wp-content\/uploads\/usu1311\/2017\/03\/Plaques_Escola_Montserrat-1024x716.jpg\" alt=\"plaques_escola_montserrat\" width=\"472\" height=\"330\" srcset=\"https:\/\/agora.xtec.cat\/ceip-montserrat\/wp-content\/uploads\/usu1311\/2017\/03\/Plaques_Escola_Montserrat-1024x716.jpg 1024w, https:\/\/agora.xtec.cat\/ceip-montserrat\/wp-content\/uploads\/usu1311\/2017\/03\/Plaques_Escola_Montserrat-300x210.jpg 300w, https:\/\/agora.xtec.cat\/ceip-montserrat\/wp-content\/uploads\/usu1311\/2017\/03\/Plaques_Escola_Montserrat-768x537.jpg 768w, https:\/\/agora.xtec.cat\/ceip-montserrat\/wp-content\/uploads\/usu1311\/2017\/03\/Plaques_Escola_Montserrat.jpg 1074w\" sizes=\"auto, (max-width: 472px) 100vw, 472px\" \/><\/a><\/span><\/h5>\n","protected":false},"excerpt":{"rendered":"<p>Apliquem bones pr\u00e0ctiques de respecte al medi ambient des de diferents \u00e0mbits escolars:<br \/>\n&nbsp;<\/p>\n<ul style=\"list-style-type: circle;\">\n<li>\n\u201cNatural-Ment\u201d\n<\/li>\n<\/ul>\n<p>Tots els infants de l\u2019escola participaran en aquest projecte que \u00e9s una iniciativa de protecci\u00f3 de la fauna urbana, tant d\u00b4insectes pol\u00b7linitzadors com de petits ocells.<br \/>\nEn aquest <a href=\"https:\/\/agora.xtec.cat\/ceip-montserrat\/general\/novetat-projecte-natural-ment\/\">enlla\u00e7<\/a> podeu veure&hellip;  <a href=\"https:\/\/agora.xtec.cat\/ceip-montserrat\/projecte-educatiu\/treballem-pel-medi-ambient\/\" title=\"Read Treballem pel Medi Ambient\">Llegeix m\u00e9s\u00bb<\/a><\/p>\n","protected":false},"author":1,"featured_media":0,"parent":64,"menu_order":60,"comment_status":"closed","ping_status":"closed","template":"","meta":{"_bbp_topic_count":0,"_bbp_reply_count":0,"_bbp_total_topic_count":0,"_bbp_total_reply_count":0,"_bbp_voice_count":0,"_bbp_anonymous_reply_count":0,"_bbp_topic_count_hidden":0,"_bbp_reply_count_hidden":0,"_bbp_forum_subforum_count":0,"footnotes":""},"class_list":["post-1392","page","type-page","status-publish","hentry"],"post_mailing_queue_ids":[],"_links":{"self":[{"href":"https:\/\/agora.xtec.cat\/ceip-montserrat\/wp-json\/wp\/v2\/pages\/1392","targetHints":{"allow":["GET"]}}],"collection":[{"href":"https:\/\/agora.xtec.cat\/ceip-montserrat\/wp-json\/wp\/v2\/pages"}],"about":[{"href":"https:\/\/agora.xtec.cat\/ceip-montserrat\/wp-json\/wp\/v2\/types\/page"}],"author":[{"embeddable":true,"href":"https:\/\/agora.xtec.cat\/ceip-montserrat\/wp-json\/wp\/v2\/users\/1"}],"replies":[{"embeddable":true,"href":"https:\/\/agora.xtec.cat\/ceip-montserrat\/wp-json\/wp\/v2\/comments?post=1392"}],"version-history":[{"count":4,"href":"https:\/\/agora.xtec.cat\/ceip-montserrat\/wp-json\/wp\/v2\/pages\/1392\/revisions"}],"predecessor-version":[{"id":7414,"href":"https:\/\/agora.xtec.cat\/ceip-montserrat\/wp-json\/wp\/v2\/pages\/1392\/revisions\/7414"}],"up":[{"embeddable":true,"href":"https:\/\/agora.xtec.cat\/ceip-montserrat\/wp-json\/wp\/v2\/pages\/64"}],"wp:attachment":[{"href":"https:\/\/agora.xtec.cat\/ceip-montserrat\/wp-json\/wp\/v2\/media?parent=1392"}],"curies":[{"name":"wp","href":"https:\/\/api.w.org\/{rel}","templated":true}]}}