{"id":935,"date":"2016-05-03T08:48:31","date_gmt":"2016-05-03T07:48:31","guid":{"rendered":"http:\/\/agora.xtec.cat\/ceip-montserrat-cornella\/?page_id=935"},"modified":"2017-03-11T08:58:35","modified_gmt":"2017-03-11T07:58:35","slug":"laboratori-escolar","status":"publish","type":"page","link":"https:\/\/agora.xtec.cat\/ceip-montserrat-cornella\/tandem\/laboratori-escolar\/","title":{"rendered":"LABORATORI ESCOLAR VIRTUAL"},"content":{"rendered":"<p>El curs 2015-2016 l&#8217;escola Mare de D\u00e9u de Montserrat va ser triada per dur a terme un projecte <strong>educatiu<\/strong> <strong>innovador<\/strong>\u00a0que tindr\u00e0 una durada de tres cursos escolars, anomenat <strong>Escoles T\u00e0ndem<\/strong>.<\/p>\n<p>Escoles T\u00e0ndem \u00e9s un\u00a0<strong>projecte<\/strong> en qu\u00e8 centres educatius, a trav\u00e9s de l&#8217;<strong>acompanyament<\/strong> d&#8217;institucions de refer\u00e8ncia del pa\u00eds, treballen conjuntament amb l\u2019objectiu de<strong>\u00a0<\/strong><strong>fomentar l\u2019\u00e8xit<\/strong> <strong>educatiu<\/strong><strong>. <\/strong>Aquest projecte es basa en l\u2019<strong>especialitzaci\u00f3 curricular<\/strong> del centre en una\u00a0mat\u00e8ria singular, en aquest cas: <strong>les ci\u00e8ncies,\u00a0<\/strong>impulsat per la <strong><a href=\"http:\/\/www.fundaciocatalunya-lapedrera.com\/ca\/content\/escoles-t%C3%A0ndem\">Fundaci\u00f3 Catalunya &#8211; La Pedrera<\/a><\/strong>\u00a0i amb el suport del<strong> <a href=\"http:\/\/ensenyament.gencat.cat\/ca\/inici\/\">Departament d\u2019Ensenyament.<\/a><\/strong><\/p>\n<p>La instituci\u00f3 amb qu\u00e8 es treballar\u00e0 paral\u00b7lelament \u00e9s l\u2019<strong><a href=\"http:\/\/www.irbbarcelona.org\/es\">IRB<\/a><\/strong> de Barcelona (Institut de Recerca Biom\u00e8dica) amb l\u2019objectiu de potenciar l\u2019educaci\u00f3 i el m\u00e8tode cient\u00edfic en l\u2019alumnat des dels primers anys d\u2019escolaritzaci\u00f3.<\/p>\n<p>En aquest espai web organitzat per cicles i cursos es pret\u00e9n donar a con\u00e8ixer a la comunitat educativa les pr\u00e0ctiques cient\u00edfiques que portem a terme a l&#8217;escola en forma de Laboratori Escolar Virtual.<a href=\"http:\/\/agora.xtec.cat\/ceip-montserrat-cornella\/wp-content\/uploads\/usu663\/2014\/09\/escolesTandem.png\">\u00a0 \u00a0<\/a><br \/>\n<a href=\"http:\/\/agora.xtec.cat\/ceip-montserrat-cornella\/wp-content\/uploads\/usu663\/2014\/09\/FCLP_LOGO_RGB_NEGRE.jpg\"><img loading=\"lazy\" decoding=\"async\" class=\" wp-image-198 alignleft\" src=\"http:\/\/agora.xtec.cat\/ceip-montserrat-cornella\/wp-content\/uploads\/usu663\/2014\/09\/IRB_logo.jpg\" alt=\"IRB_logo\" width=\"263\" height=\"177\" srcset=\"https:\/\/agora.xtec.cat\/ceip-montserrat-cornella\/wp-content\/uploads\/usu663\/2014\/09\/IRB_logo.jpg 446w, https:\/\/agora.xtec.cat\/ceip-montserrat-cornella\/wp-content\/uploads\/usu663\/2014\/09\/IRB_logo-300x202.jpg 300w\" sizes=\"auto, (max-width: 263px) 100vw, 263px\" \/><img loading=\"lazy\" decoding=\"async\" class=\" wp-image-209 alignleft\" src=\"http:\/\/agora.xtec.cat\/ceip-montserrat-cornella\/wp-content\/uploads\/usu663\/2015\/11\/logo-2.jpg\" alt=\"Logo Laboratori\" width=\"190\" height=\"97\" srcset=\"https:\/\/agora.xtec.cat\/ceip-montserrat-cornella\/wp-content\/uploads\/usu663\/2015\/11\/logo-2.jpg 820w, https:\/\/agora.xtec.cat\/ceip-montserrat-cornella\/wp-content\/uploads\/usu663\/2015\/11\/logo-2-300x154.jpg 300w\" sizes=\"auto, (max-width: 190px) 100vw, 190px\" \/><img loading=\"lazy\" decoding=\"async\" class=\" wp-image-465 alignleft\" src=\"http:\/\/agora.xtec.cat\/ceip-montserrat-cornella\/wp-content\/uploads\/usu663\/2014\/09\/FCLP_LOGO_RGB_NEGRE.jpg\" alt=\"\" width=\"172\" height=\"172\" srcset=\"https:\/\/agora.xtec.cat\/ceip-montserrat-cornella\/wp-content\/uploads\/usu663\/2014\/09\/FCLP_LOGO_RGB_NEGRE.jpg 1000w, https:\/\/agora.xtec.cat\/ceip-montserrat-cornella\/wp-content\/uploads\/usu663\/2014\/09\/FCLP_LOGO_RGB_NEGRE-150x150.jpg 150w, https:\/\/agora.xtec.cat\/ceip-montserrat-cornella\/wp-content\/uploads\/usu663\/2014\/09\/FCLP_LOGO_RGB_NEGRE-300x300.jpg 300w\" sizes=\"auto, (max-width: 172px) 100vw, 172px\" \/><\/a><\/p>\n<p>&nbsp;<\/p>\n","protected":false},"excerpt":{"rendered":"<p>El curs 2015-2016 l&#8217;escola Mare de D\u00e9u de Montserrat va ser triada per dur a terme un projecte educatiu innovador\u00a0que tindr\u00e0 una durada de tres cursos escolars, anomenat Escoles T\u00e0ndem. Escoles T\u00e0ndem \u00e9s un\u00a0projecte en qu\u00e8 centres educatius, a trav\u00e9s de l&#8217;acompanyament d&#8217;institucions de refer\u00e8ncia del pa\u00eds, treballen conjuntament amb l\u2019objectiu de\u00a0fomentar l\u2019\u00e8xit educatiu. Aquest [&hellip;]<\/p>\n","protected":false},"author":4,"featured_media":0,"parent":1015,"menu_order":10,"comment_status":"closed","ping_status":"closed","template":"","meta":{"_bbp_topic_count":0,"_bbp_reply_count":0,"_bbp_total_topic_count":0,"_bbp_total_reply_count":0,"_bbp_voice_count":0,"_bbp_anonymous_reply_count":0,"_bbp_topic_count_hidden":0,"_bbp_reply_count_hidden":0,"_bbp_forum_subforum_count":0,"site-sidebar-layout":"default","site-content-layout":"","ast-site-content-layout":"","site-content-style":"default","site-sidebar-style":"default","ast-global-header-display":"","ast-banner-title-visibility":"","ast-main-header-display":"","ast-hfb-above-header-display":"","ast-hfb-below-header-display":"","ast-hfb-mobile-header-display":"","site-post-title":"","ast-breadcrumbs-content":"","ast-featured-img":"","footer-sml-layout":"","theme-transparent-header-meta":"","adv-header-id-meta":"","stick-header-meta":"","header-above-stick-meta":"","header-main-stick-meta":"","header-below-stick-meta":"","astra-migrate-meta-layouts":"default","ast-page-background-enabled":"default","ast-page-background-meta":{"desktop":{"background-color":"var(--ast-global-color-4)","background-image":"","background-repeat":"repeat","background-position":"center center","background-size":"auto","background-attachment":"scroll","background-type":"","background-media":"","overlay-type":"","overlay-color":"","overlay-opacity":"","overlay-gradient":""},"tablet":{"background-color":"","background-image":"","background-repeat":"repeat","background-position":"center center","background-size":"auto","background-attachment":"scroll","background-type":"","background-media":"","overlay-type":"","overlay-color":"","overlay-opacity":"","overlay-gradient":""},"mobile":{"background-color":"","background-image":"","background-repeat":"repeat","background-position":"center center","background-size":"auto","background-attachment":"scroll","background-type":"","background-media":"","overlay-type":"","overlay-color":"","overlay-opacity":"","overlay-gradient":""}},"ast-content-background-meta":{"desktop":{"background-color":"var(--ast-global-color-5)","background-image":"","background-repeat":"repeat","background-position":"center center","background-size":"auto","background-attachment":"scroll","background-type":"","background-media":"","overlay-type":"","overlay-color":"","overlay-opacity":"","overlay-gradient":""},"tablet":{"background-color":"var(--ast-global-color-5)","background-image":"","background-repeat":"repeat","background-position":"center center","background-size":"auto","background-attachment":"scroll","background-type":"","background-media":"","overlay-type":"","overlay-color":"","overlay-opacity":"","overlay-gradient":""},"mobile":{"background-color":"var(--ast-global-color-5)","background-image":"","background-repeat":"repeat","background-position":"center center","background-size":"auto","background-attachment":"scroll","background-type":"","background-media":"","overlay-type":"","overlay-color":"","overlay-opacity":"","overlay-gradient":""}},"footnotes":""},"class_list":["post-935","page","type-page","status-publish","hentry"],"post_mailing_queue_ids":[],"_links":{"self":[{"href":"https:\/\/agora.xtec.cat\/ceip-montserrat-cornella\/wp-json\/wp\/v2\/pages\/935","targetHints":{"allow":["GET"]}}],"collection":[{"href":"https:\/\/agora.xtec.cat\/ceip-montserrat-cornella\/wp-json\/wp\/v2\/pages"}],"about":[{"href":"https:\/\/agora.xtec.cat\/ceip-montserrat-cornella\/wp-json\/wp\/v2\/types\/page"}],"author":[{"embeddable":true,"href":"https:\/\/agora.xtec.cat\/ceip-montserrat-cornella\/wp-json\/wp\/v2\/users\/4"}],"replies":[{"embeddable":true,"href":"https:\/\/agora.xtec.cat\/ceip-montserrat-cornella\/wp-json\/wp\/v2\/comments?post=935"}],"version-history":[{"count":3,"href":"https:\/\/agora.xtec.cat\/ceip-montserrat-cornella\/wp-json\/wp\/v2\/pages\/935\/revisions"}],"predecessor-version":[{"id":1579,"href":"https:\/\/agora.xtec.cat\/ceip-montserrat-cornella\/wp-json\/wp\/v2\/pages\/935\/revisions\/1579"}],"up":[{"embeddable":true,"href":"https:\/\/agora.xtec.cat\/ceip-montserrat-cornella\/wp-json\/wp\/v2\/pages\/1015"}],"wp:attachment":[{"href":"https:\/\/agora.xtec.cat\/ceip-montserrat-cornella\/wp-json\/wp\/v2\/media?parent=935"}],"curies":[{"name":"wp","href":"https:\/\/api.w.org\/{rel}","templated":true}]}}