{"id":11867,"date":"2021-02-22T13:28:52","date_gmt":"2021-02-22T12:28:52","guid":{"rendered":"http:\/\/agora.xtec.cat\/ceip-montserrat-cornella\/?page_id=11867"},"modified":"2021-03-11T15:47:21","modified_gmt":"2021-03-11T14:47:21","slug":"global-scholars","status":"publish","type":"page","link":"https:\/\/agora.xtec.cat\/ceip-montserrat-cornella\/projectes\/angles\/global-scholars\/","title":{"rendered":"GLOBAL SCHOLARS"},"content":{"rendered":"<h2 style=\"text-align: justify;\"><span style=\"color: #000000;\"><small dir=\"ltr\">Aquest curs hem comen\u00e7at un nou projecte en angl\u00e8s a l&#8217;escola Montserrat, el Global Scholars. Aquest projecte de caire\u00a0internacional connecta l&#8217;alumnat de 6\u00e8 amb alumnat d\u2019escoles de ciutats d&#8217;arreu del m\u00f3n i els permet interactuar en angl\u00e8s sobre temes d&#8217;inter\u00e8s global a trav\u00e9s de la\u00a0<a style=\"color: #000000;\" href=\"https:\/\/www.google.com\/url?q=https%3A%2F%2Fvimeo.com%2F356700680&amp;sa=D&amp;sntz=1&amp;usg=AFQjCNFGxVcD1I5hTKDasRhNxzOHCDNXQQ\" target=\"_blank\" rel=\"noopener noreferrer\" data-saferedirecturl=\"https:\/\/www.google.com\/url?q=https:\/\/www.google.com\/url?q%3Dhttps%253A%252F%252Fvimeo.com%252F356700680%26sa%3DD%26sntz%3D1%26usg%3DAFQjCNFGxVcD1I5hTKDasRhNxzOHCDNXQQ&amp;source=gmail&amp;ust=1614083483615000&amp;usg=AFQjCNH_dvu9bDY8BqgypBElNqQ_WXpgiQ\"><em>e-classroom<\/em><\/a>, un espai virtual on intercanvien missatges, explicacions i comunicacions v\u00e0ries.<\/small><\/span><\/h2>\n<h2 style=\"text-align: justify;\"><span style=\"color: #000000;\"><small dir=\"ltr\">L\u2019objectiu pedag\u00f2gic del programa \u00e9s que l&#8217;alumnat adquireixi una perspectiva m\u00e9s \u00e0mplia sobre el m\u00f3n globalitzat en qu\u00e8 viuen. A partir d&#8217;un curr\u00edculum com\u00fa i compartit per totes les escoles, els aprenents interactuen amb els seus partners a trav\u00e9s d\u2019una aula virtual, comparteixen punts de vista, desenvolupen la consci\u00e8ncia global i reforcen \u00a0compet\u00e8ncies clau per al segle XXI (pensament cr\u00edtic, creativitat, comunicaci\u00f3 en llengua estrangera, habilitats tecnol\u00f2giques, col\u00b7laboraci\u00f3&#8230;). Al professorat se li ofereix l\u2019acc\u00e9s al teachers\u2019 lounge, un espai de comunicaci\u00f3 per crear xarxa i compartir recursos i material did\u00e0ctic en l\u00ednia.<\/small><\/span><\/h2>\n<h2><span style=\"color: #000000;\"><small dir=\"ltr\"><span style=\"color: #000000;\">En aquest apartat us anirem compartint recursos i activitats del projecte!!<\/span><br \/>\n<\/small><\/span><\/h2>\n<h3><\/h3>\n<h4>Video realitzat per tancar la Unitat 1:<\/h4>\n<div><\/div>\n<div class=\"ast-oembed-container \" style=\"height: 100%;\"><iframe loading=\"lazy\" title=\"Global Scholars: Welcome to Global Scholars\" width=\"500\" height=\"281\" src=\"https:\/\/www.youtube.com\/embed\/srYN9Divftw?feature=oembed\" frameborder=\"0\" allow=\"accelerometer; autoplay; clipboard-write; encrypted-media; gyroscope; picture-in-picture; web-share\" referrerpolicy=\"strict-origin-when-cross-origin\" allowfullscreen><\/iframe><\/div>\n","protected":false},"excerpt":{"rendered":"<p>Aquest curs hem comen\u00e7at un nou projecte en angl\u00e8s a l&#8217;escola Montserrat, el Global Scholars. Aquest projecte de caire\u00a0internacional connecta l&#8217;alumnat de 6\u00e8 amb alumnat d\u2019escoles de ciutats d&#8217;arreu del m\u00f3n i els permet interactuar en angl\u00e8s sobre temes d&#8217;inter\u00e8s global a trav\u00e9s de la\u00a0e-classroom, un espai virtual on intercanvien missatges, explicacions i comunicacions v\u00e0ries. [&hellip;]<\/p>\n","protected":false},"author":4,"featured_media":0,"parent":1102,"menu_order":0,"comment_status":"closed","ping_status":"closed","template":"","meta":{"_bbp_topic_count":0,"_bbp_reply_count":0,"_bbp_total_topic_count":0,"_bbp_total_reply_count":0,"_bbp_voice_count":0,"_bbp_anonymous_reply_count":0,"_bbp_topic_count_hidden":0,"_bbp_reply_count_hidden":0,"_bbp_forum_subforum_count":0,"site-sidebar-layout":"default","site-content-layout":"","ast-site-content-layout":"","site-content-style":"default","site-sidebar-style":"default","ast-global-header-display":"","ast-banner-title-visibility":"","ast-main-header-display":"","ast-hfb-above-header-display":"","ast-hfb-below-header-display":"","ast-hfb-mobile-header-display":"","site-post-title":"","ast-breadcrumbs-content":"","ast-featured-img":"","footer-sml-layout":"","theme-transparent-header-meta":"","adv-header-id-meta":"","stick-header-meta":"","header-above-stick-meta":"","header-main-stick-meta":"","header-below-stick-meta":"","astra-migrate-meta-layouts":"default","ast-page-background-enabled":"default","ast-page-background-meta":{"desktop":{"background-color":"var(--ast-global-color-4)","background-image":"","background-repeat":"repeat","background-position":"center center","background-size":"auto","background-attachment":"scroll","background-type":"","background-media":"","overlay-type":"","overlay-color":"","overlay-opacity":"","overlay-gradient":""},"tablet":{"background-color":"","background-image":"","background-repeat":"repeat","background-position":"center center","background-size":"auto","background-attachment":"scroll","background-type":"","background-media":"","overlay-type":"","overlay-color":"","overlay-opacity":"","overlay-gradient":""},"mobile":{"background-color":"","background-image":"","background-repeat":"repeat","background-position":"center center","background-size":"auto","background-attachment":"scroll","background-type":"","background-media":"","overlay-type":"","overlay-color":"","overlay-opacity":"","overlay-gradient":""}},"ast-content-background-meta":{"desktop":{"background-color":"var(--ast-global-color-5)","background-image":"","background-repeat":"repeat","background-position":"center center","background-size":"auto","background-attachment":"scroll","background-type":"","background-media":"","overlay-type":"","overlay-color":"","overlay-opacity":"","overlay-gradient":""},"tablet":{"background-color":"var(--ast-global-color-5)","background-image":"","background-repeat":"repeat","background-position":"center center","background-size":"auto","background-attachment":"scroll","background-type":"","background-media":"","overlay-type":"","overlay-color":"","overlay-opacity":"","overlay-gradient":""},"mobile":{"background-color":"var(--ast-global-color-5)","background-image":"","background-repeat":"repeat","background-position":"center center","background-size":"auto","background-attachment":"scroll","background-type":"","background-media":"","overlay-type":"","overlay-color":"","overlay-opacity":"","overlay-gradient":""}},"footnotes":""},"class_list":["post-11867","page","type-page","status-publish","hentry"],"post_mailing_queue_ids":[],"_links":{"self":[{"href":"https:\/\/agora.xtec.cat\/ceip-montserrat-cornella\/wp-json\/wp\/v2\/pages\/11867","targetHints":{"allow":["GET"]}}],"collection":[{"href":"https:\/\/agora.xtec.cat\/ceip-montserrat-cornella\/wp-json\/wp\/v2\/pages"}],"about":[{"href":"https:\/\/agora.xtec.cat\/ceip-montserrat-cornella\/wp-json\/wp\/v2\/types\/page"}],"author":[{"embeddable":true,"href":"https:\/\/agora.xtec.cat\/ceip-montserrat-cornella\/wp-json\/wp\/v2\/users\/4"}],"replies":[{"embeddable":true,"href":"https:\/\/agora.xtec.cat\/ceip-montserrat-cornella\/wp-json\/wp\/v2\/comments?post=11867"}],"version-history":[{"count":3,"href":"https:\/\/agora.xtec.cat\/ceip-montserrat-cornella\/wp-json\/wp\/v2\/pages\/11867\/revisions"}],"predecessor-version":[{"id":11879,"href":"https:\/\/agora.xtec.cat\/ceip-montserrat-cornella\/wp-json\/wp\/v2\/pages\/11867\/revisions\/11879"}],"up":[{"embeddable":true,"href":"https:\/\/agora.xtec.cat\/ceip-montserrat-cornella\/wp-json\/wp\/v2\/pages\/1102"}],"wp:attachment":[{"href":"https:\/\/agora.xtec.cat\/ceip-montserrat-cornella\/wp-json\/wp\/v2\/media?parent=11867"}],"curies":[{"name":"wp","href":"https:\/\/api.w.org\/{rel}","templated":true}]}}