{"id":1056,"date":"2016-10-24T13:26:40","date_gmt":"2016-10-24T11:26:40","guid":{"rendered":"http:\/\/agora.xtec.cat\/ceip-montserrat-cornella\/?page_id=1056"},"modified":"2018-02-05T10:24:50","modified_gmt":"2018-02-05T09:24:50","slug":"visio","status":"publish","type":"page","link":"https:\/\/agora.xtec.cat\/ceip-montserrat-cornella\/lescola\/visio\/","title":{"rendered":"VISI\u00d3"},"content":{"rendered":"<div class=\"n module-type-text diyfeLiveArea\">\n<ul>\n<li>L\u2019escola Montserrat durant el per\u00edode 2010-2014 va desenvolupar un PAC (pla d\u2019autonomia de centre), per tal d\u2019adequar la seva acci\u00f3 educativa, millorar el rendiment escolar, estimular la participaci\u00f3 de las fam\u00edlies atenent a la diversitat, proporcionar recursos materials i humans per fer de l\u2019escola, una escola de tots i per a tothom.<\/li>\n<\/ul>\n<ul>\n<li>Per tal de respondre als requeriments de la societat del coneixement, l\u2019escola modificar\u00e0 les seves estrat\u00e8gies metodol\u00f2giques fomentant la utilitzaci\u00f3 de les TIC.<\/li>\n<\/ul>\n<ul>\n<li>Es donar\u00e0 prefer\u00e8ncia a l\u2019educaci\u00f3 emocional, que formar\u00e0 part de l\u2019acci\u00f3 tutorial, fomentant l\u2019autoestima,\u00a0 i afavorint, d\u2019aquesta manera, la cohesi\u00f3 social.<\/li>\n<\/ul>\n<ul style=\"list-style-type: disc;\">\n<li>Per fer possible el funcionament de l\u2019escola, d\u2019una manera integral i, l\u2019assoliment dels seus objectius, la direcci\u00f3 exercir\u00e0 un lideratge fort i compartit.<\/li>\n<\/ul>\n<\/div>\n<div class=\"n module-type-text diyfeLiveArea\">\n<ul style=\"list-style-type: disc;\">\n<li>S\u2019utilitzar\u00e0 l\u2019avaluaci\u00f3 com a eina per a mesurar i millorar els resultats, d\u2019una manera gradual i continua.<\/li>\n<\/ul>\n<ul style=\"list-style-type: disc;\">\n<li>El centre ser\u00e0 un espai on quedi garantida la formaci\u00f3 integral dels alumnes, l\u2019equitat, la inclusi\u00f3 i la igualtat d\u2019oportunitats educatives.<\/li>\n<\/ul>\n<\/div>\n<div class=\"n module-type-hr diyfeLiveArea\"><\/div>\n","protected":false},"excerpt":{"rendered":"<p>L\u2019escola Montserrat durant el per\u00edode 2010-2014 va desenvolupar un PAC (pla d\u2019autonomia de centre), per tal d\u2019adequar la seva acci\u00f3 educativa, millorar el rendiment escolar, estimular la participaci\u00f3 de las fam\u00edlies atenent a la diversitat, proporcionar recursos materials i humans per fer de l\u2019escola, una escola de tots i per a tothom. Per tal de [&hellip;]<\/p>\n","protected":false},"author":4,"featured_media":0,"parent":1066,"menu_order":50,"comment_status":"closed","ping_status":"closed","template":"page-templates\/side-menu.php","meta":{"_bbp_topic_count":0,"_bbp_reply_count":0,"_bbp_total_topic_count":0,"_bbp_total_reply_count":0,"_bbp_voice_count":0,"_bbp_anonymous_reply_count":0,"_bbp_topic_count_hidden":0,"_bbp_reply_count_hidden":0,"_bbp_forum_subforum_count":0,"site-sidebar-layout":"default","site-content-layout":"","ast-site-content-layout":"","site-content-style":"default","site-sidebar-style":"default","ast-global-header-display":"","ast-banner-title-visibility":"","ast-main-header-display":"","ast-hfb-above-header-display":"","ast-hfb-below-header-display":"","ast-hfb-mobile-header-display":"","site-post-title":"","ast-breadcrumbs-content":"","ast-featured-img":"","footer-sml-layout":"","theme-transparent-header-meta":"","adv-header-id-meta":"","stick-header-meta":"","header-above-stick-meta":"","header-main-stick-meta":"","header-below-stick-meta":"","astra-migrate-meta-layouts":"default","ast-page-background-enabled":"default","ast-page-background-meta":{"desktop":{"background-color":"var(--ast-global-color-4)","background-image":"","background-repeat":"repeat","background-position":"center center","background-size":"auto","background-attachment":"scroll","background-type":"","background-media":"","overlay-type":"","overlay-color":"","overlay-opacity":"","overlay-gradient":""},"tablet":{"background-color":"","background-image":"","background-repeat":"repeat","background-position":"center center","background-size":"auto","background-attachment":"scroll","background-type":"","background-media":"","overlay-type":"","overlay-color":"","overlay-opacity":"","overlay-gradient":""},"mobile":{"background-color":"","background-image":"","background-repeat":"repeat","background-position":"center center","background-size":"auto","background-attachment":"scroll","background-type":"","background-media":"","overlay-type":"","overlay-color":"","overlay-opacity":"","overlay-gradient":""}},"ast-content-background-meta":{"desktop":{"background-color":"var(--ast-global-color-5)","background-image":"","background-repeat":"repeat","background-position":"center center","background-size":"auto","background-attachment":"scroll","background-type":"","background-media":"","overlay-type":"","overlay-color":"","overlay-opacity":"","overlay-gradient":""},"tablet":{"background-color":"var(--ast-global-color-5)","background-image":"","background-repeat":"repeat","background-position":"center center","background-size":"auto","background-attachment":"scroll","background-type":"","background-media":"","overlay-type":"","overlay-color":"","overlay-opacity":"","overlay-gradient":""},"mobile":{"background-color":"var(--ast-global-color-5)","background-image":"","background-repeat":"repeat","background-position":"center center","background-size":"auto","background-attachment":"scroll","background-type":"","background-media":"","overlay-type":"","overlay-color":"","overlay-opacity":"","overlay-gradient":""}},"footnotes":""},"class_list":["post-1056","page","type-page","status-publish","hentry"],"post_mailing_queue_ids":[],"_links":{"self":[{"href":"https:\/\/agora.xtec.cat\/ceip-montserrat-cornella\/wp-json\/wp\/v2\/pages\/1056","targetHints":{"allow":["GET"]}}],"collection":[{"href":"https:\/\/agora.xtec.cat\/ceip-montserrat-cornella\/wp-json\/wp\/v2\/pages"}],"about":[{"href":"https:\/\/agora.xtec.cat\/ceip-montserrat-cornella\/wp-json\/wp\/v2\/types\/page"}],"author":[{"embeddable":true,"href":"https:\/\/agora.xtec.cat\/ceip-montserrat-cornella\/wp-json\/wp\/v2\/users\/4"}],"replies":[{"embeddable":true,"href":"https:\/\/agora.xtec.cat\/ceip-montserrat-cornella\/wp-json\/wp\/v2\/comments?post=1056"}],"version-history":[{"count":3,"href":"https:\/\/agora.xtec.cat\/ceip-montserrat-cornella\/wp-json\/wp\/v2\/pages\/1056\/revisions"}],"predecessor-version":[{"id":9551,"href":"https:\/\/agora.xtec.cat\/ceip-montserrat-cornella\/wp-json\/wp\/v2\/pages\/1056\/revisions\/9551"}],"up":[{"embeddable":true,"href":"https:\/\/agora.xtec.cat\/ceip-montserrat-cornella\/wp-json\/wp\/v2\/pages\/1066"}],"wp:attachment":[{"href":"https:\/\/agora.xtec.cat\/ceip-montserrat-cornella\/wp-json\/wp\/v2\/media?parent=1056"}],"curies":[{"name":"wp","href":"https:\/\/api.w.org\/{rel}","templated":true}]}}