{"id":1054,"date":"2016-10-24T13:24:54","date_gmt":"2016-10-24T11:24:54","guid":{"rendered":"http:\/\/agora.xtec.cat\/ceip-montserrat-cornella\/?page_id=1054"},"modified":"2016-11-08T15:58:04","modified_gmt":"2016-11-08T14:58:04","slug":"valors","status":"publish","type":"page","link":"https:\/\/agora.xtec.cat\/ceip-montserrat-cornella\/lescola\/valors\/","title":{"rendered":"VALORS"},"content":{"rendered":"<ul>\n<li><strong>Legalitat:<\/strong>\u00a0sempre que el centre hagi de prendre alguna decisi\u00f3 ho far\u00e0 d\u2019acord amb la normativa vigent. D\u2019aquesta normativa s\u2019ha de donar publicitat i informaci\u00f3 als diferents agents que intervenen en el centre.<\/li>\n<\/ul>\n<ul>\n<li><strong>Lideratge:<\/strong>\u00a0els valors seran compartits per tothom tenint present que nosaltres volem i nosaltres podem. L\u2019equip directiu impulsar\u00e0 el compliment d\u2019aquests valors.<\/li>\n<\/ul>\n<ul>\n<li><strong>L\u2019esfor\u00e7:\u00a0<\/strong>la valoraci\u00f3 de l\u2019esfor\u00e7 en la nostra tasca \u00e9s important i ens proporciona autonomia i autoestima, el que necessiten per aconseguir coses no nom\u00e9s dep\u00e8n dels recursos externs sin\u00f3 tamb\u00e9 de nosaltres mateixos.<\/li>\n<\/ul>\n<ul>\n<li><strong>La utilitat:<\/strong>\u00a0optimitzarem al m\u00e0xim els recursos que tenim per tal de donar sentit a l\u2019augment dels aprenentatges i de la cohesi\u00f3 social.<\/li>\n<\/ul>\n<ul>\n<li><strong>La llengua:<\/strong>\u00a0m\u00e9s del 95 % dels alumnes de l\u2019escola no parlen catal\u00e0 a casa seva, l\u2019escola que utilitza la llengua catalana com a llengua de comunicaci\u00f3 i com a llengua d\u2019aprenentatge ha de tenir com a objectiu la normalitzaci\u00f3 ling\u00fc\u00edstica i fer present el catal\u00e0 tant a l\u2019\u00e0mbit escolar com a fora de l\u2019escola.<\/li>\n<\/ul>\n<ul>\n<li><strong>L\u2019avaluaci\u00f3:<\/strong>\u00a0considerem que l\u2019avaluaci\u00f3 \u00e9s un factor de primer ordre per a la millora de la qualitat de l\u2019educaci\u00f3. Generar els instruments adequats per portar a terme aquesta tasca ha de ser una de les prioritats de l\u2019escola.<\/li>\n<\/ul>\n","protected":false},"excerpt":{"rendered":"<p>Legalitat:\u00a0sempre que el centre hagi de prendre alguna decisi\u00f3 ho far\u00e0 d\u2019acord amb la normativa vigent. D\u2019aquesta normativa s\u2019ha de donar publicitat i informaci\u00f3 als diferents agents que intervenen en el centre. Lideratge:\u00a0els valors seran compartits per tothom tenint present que nosaltres volem i nosaltres podem. L\u2019equip directiu impulsar\u00e0 el compliment d\u2019aquests valors. L\u2019esfor\u00e7:\u00a0la valoraci\u00f3 [&hellip;]<\/p>\n","protected":false},"author":4,"featured_media":0,"parent":1066,"menu_order":40,"comment_status":"closed","ping_status":"closed","template":"page-templates\/side-menu.php","meta":{"_bbp_topic_count":0,"_bbp_reply_count":0,"_bbp_total_topic_count":0,"_bbp_total_reply_count":0,"_bbp_voice_count":0,"_bbp_anonymous_reply_count":0,"_bbp_topic_count_hidden":0,"_bbp_reply_count_hidden":0,"_bbp_forum_subforum_count":0,"site-sidebar-layout":"default","site-content-layout":"","ast-site-content-layout":"","site-content-style":"default","site-sidebar-style":"default","ast-global-header-display":"","ast-banner-title-visibility":"","ast-main-header-display":"","ast-hfb-above-header-display":"","ast-hfb-below-header-display":"","ast-hfb-mobile-header-display":"","site-post-title":"","ast-breadcrumbs-content":"","ast-featured-img":"","footer-sml-layout":"","theme-transparent-header-meta":"","adv-header-id-meta":"","stick-header-meta":"","header-above-stick-meta":"","header-main-stick-meta":"","header-below-stick-meta":"","astra-migrate-meta-layouts":"default","ast-page-background-enabled":"default","ast-page-background-meta":{"desktop":{"background-color":"var(--ast-global-color-4)","background-image":"","background-repeat":"repeat","background-position":"center center","background-size":"auto","background-attachment":"scroll","background-type":"","background-media":"","overlay-type":"","overlay-color":"","overlay-opacity":"","overlay-gradient":""},"tablet":{"background-color":"","background-image":"","background-repeat":"repeat","background-position":"center center","background-size":"auto","background-attachment":"scroll","background-type":"","background-media":"","overlay-type":"","overlay-color":"","overlay-opacity":"","overlay-gradient":""},"mobile":{"background-color":"","background-image":"","background-repeat":"repeat","background-position":"center center","background-size":"auto","background-attachment":"scroll","background-type":"","background-media":"","overlay-type":"","overlay-color":"","overlay-opacity":"","overlay-gradient":""}},"ast-content-background-meta":{"desktop":{"background-color":"var(--ast-global-color-5)","background-image":"","background-repeat":"repeat","background-position":"center center","background-size":"auto","background-attachment":"scroll","background-type":"","background-media":"","overlay-type":"","overlay-color":"","overlay-opacity":"","overlay-gradient":""},"tablet":{"background-color":"var(--ast-global-color-5)","background-image":"","background-repeat":"repeat","background-position":"center center","background-size":"auto","background-attachment":"scroll","background-type":"","background-media":"","overlay-type":"","overlay-color":"","overlay-opacity":"","overlay-gradient":""},"mobile":{"background-color":"var(--ast-global-color-5)","background-image":"","background-repeat":"repeat","background-position":"center center","background-size":"auto","background-attachment":"scroll","background-type":"","background-media":"","overlay-type":"","overlay-color":"","overlay-opacity":"","overlay-gradient":""}},"footnotes":""},"class_list":["post-1054","page","type-page","status-publish","hentry"],"post_mailing_queue_ids":[],"_links":{"self":[{"href":"https:\/\/agora.xtec.cat\/ceip-montserrat-cornella\/wp-json\/wp\/v2\/pages\/1054","targetHints":{"allow":["GET"]}}],"collection":[{"href":"https:\/\/agora.xtec.cat\/ceip-montserrat-cornella\/wp-json\/wp\/v2\/pages"}],"about":[{"href":"https:\/\/agora.xtec.cat\/ceip-montserrat-cornella\/wp-json\/wp\/v2\/types\/page"}],"author":[{"embeddable":true,"href":"https:\/\/agora.xtec.cat\/ceip-montserrat-cornella\/wp-json\/wp\/v2\/users\/4"}],"replies":[{"embeddable":true,"href":"https:\/\/agora.xtec.cat\/ceip-montserrat-cornella\/wp-json\/wp\/v2\/comments?post=1054"}],"version-history":[{"count":1,"href":"https:\/\/agora.xtec.cat\/ceip-montserrat-cornella\/wp-json\/wp\/v2\/pages\/1054\/revisions"}],"predecessor-version":[{"id":1055,"href":"https:\/\/agora.xtec.cat\/ceip-montserrat-cornella\/wp-json\/wp\/v2\/pages\/1054\/revisions\/1055"}],"up":[{"embeddable":true,"href":"https:\/\/agora.xtec.cat\/ceip-montserrat-cornella\/wp-json\/wp\/v2\/pages\/1066"}],"wp:attachment":[{"href":"https:\/\/agora.xtec.cat\/ceip-montserrat-cornella\/wp-json\/wp\/v2\/media?parent=1054"}],"curies":[{"name":"wp","href":"https:\/\/api.w.org\/{rel}","templated":true}]}}