{"id":71,"date":"2014-09-18T12:44:56","date_gmt":"2014-09-18T11:44:56","guid":{"rendered":"http:\/\/agora.xtec.cat\/ceip-montpalau-pineda\/?page_id=71"},"modified":"2024-01-11T12:07:04","modified_gmt":"2024-01-11T11:07:04","slug":"serveis-digitals","status":"publish","type":"page","link":"https:\/\/agora.xtec.cat\/ceip-montpalau-pineda\/serveis\/serveis-digitals\/","title":{"rendered":"Serveis digitals"},"content":{"rendered":"<p>L&#8217;oferta de <strong>serveis\u00a0digitals<\/strong>\u00a0constitueix un element\u00a0molt important de l&#8217;engranatge d&#8217;un centre educatiu.<\/p>\n<h4 class=\"center light-blue-text\"><span id=\"ctl00_MainContent_QueEsTPVESCOLA\">TPVEscola<\/span><\/h4>\n<p><span id=\"ctl00_MainContent_TextExplicacio\">\u00c9s un sistema innovador per gestionar els pagaments escolars, dissenyat per facilitar la gesti\u00f3 i control dels pagaments a les escoles i ampes. Aqu\u00ed us deixem l&#8217;enlla\u00e7: <a href=\"https:\/\/tpvescola.com\/Default.aspx\">TPVEscola<\/a><\/span><\/p>\n<div class=\"row\">\n<p style=\"margin: 12px auto 6px auto; font-family: Helvetica,Arial,Sans-serif; font-style: normal; font-variant: normal; font-weight: normal; font-size: 14px; line-height: normal; font-size-adjust: none; font-stretch: normal; -x-system-font: none; display: block;\"><a style=\"text-decoration: underline;\" title=\"View Informaci\u00f3 Tpv Escola on Scribd\" href=\"https:\/\/www.scribd.com\/document\/352287566\/Informacio-Tpv-Escola#from_embed\">Informaci\u00f3 Tpv Escola<\/a> by on Scribd<\/p>\n<p><iframe loading=\"lazy\" class=\"scribd_iframe_embed\" title=\"Informaci\u00f3 Tpv Escola\" src=\"https:\/\/www.scribd.com\/embeds\/352287566\/content?start_page=1&amp;view_mode=scroll&amp;show_recommendations=true&amp;access_key=key-danUGCxPxpInj0EftYrM\" width=\"100%\" height=\"600\" frameborder=\"0\" scrolling=\"no\" data-auto-height=\"true\" data-aspect-ratio=\"null\" data-mce-fragment=\"1\"><\/iframe><\/p>\n<h4 class=\"center light-blue-text\"><span id=\"ctl00_MainContent_QueEsTPVESCOLA\">Blocs\u00a0<\/span><\/h4>\n<p><span id=\"ctl00_MainContent_TextExplicacio\">Farem servir els blocs d&#8217;angl\u00e8s i de m\u00fasica per visibilitzar algunes de les activitats m\u00e9s significatives que fa cada curs a l&#8217;escola. Tamb\u00e9 \u00e9s un espai on poden trobar materials i p\u00e0gines webs interessants.<\/span><\/p>\n<h4 class=\"center light-blue-text\"><span id=\"ctl00_MainContent_QueEsTPVESCOLA\">Correu i altres serveis<\/span><\/h4>\n<p><span id=\"ctl00_MainContent_TextExplicacio\">Els alumnes de cicle superior i cicle mitj\u00e0 fan servir el correu electr\u00f2nic com a mitj\u00e0 de comunicaci\u00f3 amb el professorat, o b\u00e9 amb aplicacions som el classroom que permet fer en temps real activitats, tests, proves d&#8217;avaluaci\u00f3 o altres tasques educatives.\u00a0<\/span><\/p>\n<h4 class=\"center light-blue-text\"><span id=\"ctl00_MainContent_QueEsTPVESCOLA\">Instagram\u00a0<\/span><\/h4>\n<p><span id=\"ctl00_MainContent_TextExplicacio\">Farem servir aquesta App per compartir amb la comunitat educativa fotografies o v\u00eddeos d&#8217;algunes activitats singulars, de sortides, de celebracions de festes i tradicions,&#8230;\u00a0<\/span><\/p>\n<p>Ens podeu seguir amb el seg\u00fcent enlla\u00e7: <a href=\"https:\/\/www.instagram.com\/escolamontpalau\/?hl=es\">Instagram Escola Montpalau<\/a><\/p>\n<h4><strong>Youtube\u00a0<\/strong><\/h4>\n<p>Farem servir aquest lloc web per compartir amb la comunitat educativa v\u00eddeos de les activitats, de les sortides, de les celebracions i de les festes i tradicions.<\/p>\n<p>&nbsp;<\/p>\n<\/div>\n","protected":false},"excerpt":{"rendered":"<p>L&#8217;oferta de serveis\u00a0digitals\u00a0constitueix un element\u00a0molt important de l&#8217;engranatge d&#8217;un centre educatiu. TPVEscola \u00c9s un sistema innovador per gestionar els pagaments escolars, dissenyat per facilitar la gesti\u00f3 i control dels pagaments a les escoles i ampes. Aqu\u00ed us deixem l&#8217;enlla\u00e7: TPVEscola Informaci\u00f3 Tpv Escola by on Scribd Blocs\u00a0 Farem servir els blocs d&#8217;angl\u00e8s i de m\u00fasica [&hellip;]<\/p>\n","protected":false},"author":1,"featured_media":0,"parent":66,"menu_order":40,"comment_status":"closed","ping_status":"closed","template":"page-templates\/side-menu.php","meta":{"_bbp_topic_count":0,"_bbp_reply_count":0,"_bbp_total_topic_count":0,"_bbp_total_reply_count":0,"_bbp_voice_count":0,"_bbp_anonymous_reply_count":0,"_bbp_topic_count_hidden":0,"_bbp_reply_count_hidden":0,"_bbp_forum_subforum_count":0,"site-sidebar-layout":"default","site-content-layout":"","ast-site-content-layout":"","site-content-style":"default","site-sidebar-style":"default","ast-global-header-display":"","ast-banner-title-visibility":"","ast-main-header-display":"","ast-hfb-above-header-display":"","ast-hfb-below-header-display":"","ast-hfb-mobile-header-display":"","site-post-title":"","ast-breadcrumbs-content":"","ast-featured-img":"","footer-sml-layout":"","theme-transparent-header-meta":"","adv-header-id-meta":"","stick-header-meta":"","header-above-stick-meta":"","header-main-stick-meta":"","header-below-stick-meta":"","astra-migrate-meta-layouts":"default","ast-page-background-enabled":"default","ast-page-background-meta":{"desktop":{"background-color":"var(--ast-global-color-4)","background-image":"","background-repeat":"repeat","background-position":"center center","background-size":"auto","background-attachment":"scroll","background-type":"","background-media":"","overlay-type":"","overlay-color":"","overlay-opacity":"","overlay-gradient":""},"tablet":{"background-color":"","background-image":"","background-repeat":"repeat","background-position":"center center","background-size":"auto","background-attachment":"scroll","background-type":"","background-media":"","overlay-type":"","overlay-color":"","overlay-opacity":"","overlay-gradient":""},"mobile":{"background-color":"","background-image":"","background-repeat":"repeat","background-position":"center center","background-size":"auto","background-attachment":"scroll","background-type":"","background-media":"","overlay-type":"","overlay-color":"","overlay-opacity":"","overlay-gradient":""}},"ast-content-background-meta":{"desktop":{"background-color":"var(--ast-global-color-5)","background-image":"","background-repeat":"repeat","background-position":"center center","background-size":"auto","background-attachment":"scroll","background-type":"","background-media":"","overlay-type":"","overlay-color":"","overlay-opacity":"","overlay-gradient":""},"tablet":{"background-color":"var(--ast-global-color-5)","background-image":"","background-repeat":"repeat","background-position":"center center","background-size":"auto","background-attachment":"scroll","background-type":"","background-media":"","overlay-type":"","overlay-color":"","overlay-opacity":"","overlay-gradient":""},"mobile":{"background-color":"var(--ast-global-color-5)","background-image":"","background-repeat":"repeat","background-position":"center center","background-size":"auto","background-attachment":"scroll","background-type":"","background-media":"","overlay-type":"","overlay-color":"","overlay-opacity":"","overlay-gradient":""}},"footnotes":""},"class_list":["post-71","page","type-page","status-publish","hentry"],"post_mailing_queue_ids":[],"_links":{"self":[{"href":"https:\/\/agora.xtec.cat\/ceip-montpalau-pineda\/wp-json\/wp\/v2\/pages\/71","targetHints":{"allow":["GET"]}}],"collection":[{"href":"https:\/\/agora.xtec.cat\/ceip-montpalau-pineda\/wp-json\/wp\/v2\/pages"}],"about":[{"href":"https:\/\/agora.xtec.cat\/ceip-montpalau-pineda\/wp-json\/wp\/v2\/types\/page"}],"author":[{"embeddable":true,"href":"https:\/\/agora.xtec.cat\/ceip-montpalau-pineda\/wp-json\/wp\/v2\/users\/1"}],"replies":[{"embeddable":true,"href":"https:\/\/agora.xtec.cat\/ceip-montpalau-pineda\/wp-json\/wp\/v2\/comments?post=71"}],"version-history":[{"count":6,"href":"https:\/\/agora.xtec.cat\/ceip-montpalau-pineda\/wp-json\/wp\/v2\/pages\/71\/revisions"}],"predecessor-version":[{"id":7103,"href":"https:\/\/agora.xtec.cat\/ceip-montpalau-pineda\/wp-json\/wp\/v2\/pages\/71\/revisions\/7103"}],"up":[{"embeddable":true,"href":"https:\/\/agora.xtec.cat\/ceip-montpalau-pineda\/wp-json\/wp\/v2\/pages\/66"}],"wp:attachment":[{"href":"https:\/\/agora.xtec.cat\/ceip-montpalau-pineda\/wp-json\/wp\/v2\/media?parent=71"}],"curies":[{"name":"wp","href":"https:\/\/api.w.org\/{rel}","templated":true}]}}