{"id":64,"date":"2014-09-18T12:39:08","date_gmt":"2014-09-18T11:39:08","guid":{"rendered":"http:\/\/agora.xtec.cat\/ceip-montpalau-pineda\/?page_id=64"},"modified":"2020-01-19T15:31:08","modified_gmt":"2020-01-19T14:31:08","slug":"projecte-educatiu","status":"publish","type":"page","link":"https:\/\/agora.xtec.cat\/ceip-montpalau-pineda\/projecte-educatiu\/","title":{"rendered":"Projecte educatiu de l&#8217;Escola Montpalau"},"content":{"rendered":"<p>El\u00a0<strong>P<\/strong>rojecte\u00a0<strong>E<\/strong>ducatiu \u00e9s la m\u00e0xima expressi\u00f3 de l\u2019autonomia dels centres\u00a0 que recull la identitat del centre,\u00a0 els principis b\u00e0sics i les opcions educatives del centre d\u2019acord amb les necessitats particulars i amb la\u00a0finalitat que els alumnes assumeixin les compet\u00e8ncies b\u00e0siques i el m\u00e0xim aprofitament educatiu.<\/p>\n<p><span style=\"font-family: inherit; font-size: 1em;\">El <\/span><strong style=\"font-family: inherit; font-size: 1em;\">P<\/strong><span style=\"font-family: inherit; font-size: 1em;\">rojecte\u00a0<\/span><strong style=\"font-family: inherit; font-size: 1em;\">E<\/strong><span style=\"font-family: inherit; font-size: 1em;\">ducatiu de l\u2019<\/span><strong style=\"font-family: inherit; font-size: 1em;\">E<\/strong><span style=\"font-family: inherit; font-size: 1em;\">scola\u00a0<\/span><strong style=\"font-family: inherit; font-size: 1em;\">M<\/strong><span style=\"font-family: inherit; font-size: 1em;\">ontpalau, recull i detalla:<\/span><\/p>\n<div class=\"entry-content\">\n<ul>\n<li>El <strong><em>plantejament institucional<\/em><\/strong> del centre i les <strong><em>caracter\u00edstiques singulars<\/em><\/strong> de l\u2019escola.<\/li>\n<li>Els <strong><em>plantejaments educatius<\/em><\/strong>\u00a0 i els <strong><em>objectius<\/em> <\/strong>que es compromet a assolir el centre en relaci\u00f3 als alumnes i tota la comunitat educativa.<\/li>\n<li>Els <strong><em>criteris organitzatius<\/em><\/strong> respecte del\u00a0 <strong>curr\u00edculum<\/strong> i de la <strong>gesti\u00f3 del centre<\/strong>.<\/li>\n<li>Els principis d\u2019<strong>i<\/strong><em><strong>nclusi\u00f3,<\/strong> d\u2019<strong>atenci\u00f3<\/strong> a la <strong>diversitat<\/strong> i d\u2019<strong>acollida<\/strong><\/em> .<\/li>\n<li>El treball de la <strong><em>conviv\u00e8ncia<\/em><\/strong> i de la <strong><em>cohesi\u00f3 social.<\/em><\/strong><\/li>\n<li>L\u2019<em><strong>acompanyament<\/strong> als infants<\/em>, l<strong><em>\u2019acci\u00f3 tutorial<\/em> <\/strong>i la <strong><em>participaci\u00f3 de la comunitat eductiva<\/em><\/strong>, en especial de les fam\u00edlies.<\/li>\n<li>La <strong><em>transpar\u00e8ncia i la rendici\u00f3 de comptes<\/em><\/strong> en vers la comunitat educativa.<\/li>\n<\/ul>\n<p>El nostre <strong>P<\/strong>rojecte <strong>E<\/strong>ducatiu promou i fomenta:<\/p>\n<ul>\n<li>El <strong>creixement integral<\/strong> i el <strong>benestar f\u00edsic i emociona<\/strong>l dels nostres infants.<\/li>\n<li>El sentiment d&#8217;<strong>identitat i d&#8217;arrelament.<\/strong><\/li>\n<li>La<strong> inclusi\u00f3, l&#8217;atenci\u00f3 a la diversitat i la igualtat d&#8217;oportunitats<\/strong>.<\/li>\n<li>L<strong>&#8216;esfor<\/strong><strong>\u00e7 <\/strong>individual, l&#8217;<strong>autonomia<\/strong>, l&#8217;<strong>aprenentatge compartit<\/strong> i la <strong>cooperaci\u00f3,<\/strong> com a actituds imprescindibles per al <strong>progr\u00e9s i l&#8217;\u00e8xit<\/strong> en el desenvolupament dels nostres alumnes..<\/li>\n<\/ul>\n<p><strong>Podeu consultar el document sencer. <\/strong><\/p>\n<p><strong>Si voleu m\u00e9s informaci\u00f3 no dubteu a telefonar a l\u2019escola o enviar-nos un correu electr\u00f2nic i us atendrem amb molt de gust.<\/strong><\/p>\n<p>Tel\u00e8fon: 93 762 44 52<br \/>\nemail:\u00a0<a href=\"mailto:a8045033@xtec.cat\">a8045033@xtec.cat<\/a><\/p>\n<\/div>\n","protected":false},"excerpt":{"rendered":"<p>El\u00a0Projecte\u00a0Educatiu \u00e9s la m\u00e0xima expressi\u00f3 de l\u2019autonomia dels centres\u00a0 que recull la identitat del centre,\u00a0 els principis b\u00e0sics i les opcions educatives del centre d\u2019acord amb les necessitats particulars i amb la\u00a0finalitat que els alumnes assumeixin les compet\u00e8ncies b\u00e0siques i el m\u00e0xim aprofitament educatiu. El Projecte\u00a0Educatiu de l\u2019Escola\u00a0Montpalau, recull i detalla: El plantejament institucional del [&hellip;]<\/p>\n","protected":false},"author":1,"featured_media":0,"parent":0,"menu_order":0,"comment_status":"closed","ping_status":"closed","template":"page-templates\/side-menu.php","meta":{"_bbp_topic_count":0,"_bbp_reply_count":0,"_bbp_total_topic_count":0,"_bbp_total_reply_count":0,"_bbp_voice_count":0,"_bbp_anonymous_reply_count":0,"_bbp_topic_count_hidden":0,"_bbp_reply_count_hidden":0,"_bbp_forum_subforum_count":0,"site-sidebar-layout":"default","site-content-layout":"","ast-site-content-layout":"","site-content-style":"default","site-sidebar-style":"default","ast-global-header-display":"","ast-banner-title-visibility":"","ast-main-header-display":"","ast-hfb-above-header-display":"","ast-hfb-below-header-display":"","ast-hfb-mobile-header-display":"","site-post-title":"","ast-breadcrumbs-content":"","ast-featured-img":"","footer-sml-layout":"","theme-transparent-header-meta":"","adv-header-id-meta":"","stick-header-meta":"","header-above-stick-meta":"","header-main-stick-meta":"","header-below-stick-meta":"","astra-migrate-meta-layouts":"default","ast-page-background-enabled":"default","ast-page-background-meta":{"desktop":{"background-color":"var(--ast-global-color-4)","background-image":"","background-repeat":"repeat","background-position":"center center","background-size":"auto","background-attachment":"scroll","background-type":"","background-media":"","overlay-type":"","overlay-color":"","overlay-opacity":"","overlay-gradient":""},"tablet":{"background-color":"","background-image":"","background-repeat":"repeat","background-position":"center center","background-size":"auto","background-attachment":"scroll","background-type":"","background-media":"","overlay-type":"","overlay-color":"","overlay-opacity":"","overlay-gradient":""},"mobile":{"background-color":"","background-image":"","background-repeat":"repeat","background-position":"center center","background-size":"auto","background-attachment":"scroll","background-type":"","background-media":"","overlay-type":"","overlay-color":"","overlay-opacity":"","overlay-gradient":""}},"ast-content-background-meta":{"desktop":{"background-color":"var(--ast-global-color-5)","background-image":"","background-repeat":"repeat","background-position":"center center","background-size":"auto","background-attachment":"scroll","background-type":"","background-media":"","overlay-type":"","overlay-color":"","overlay-opacity":"","overlay-gradient":""},"tablet":{"background-color":"var(--ast-global-color-5)","background-image":"","background-repeat":"repeat","background-position":"center center","background-size":"auto","background-attachment":"scroll","background-type":"","background-media":"","overlay-type":"","overlay-color":"","overlay-opacity":"","overlay-gradient":""},"mobile":{"background-color":"var(--ast-global-color-5)","background-image":"","background-repeat":"repeat","background-position":"center center","background-size":"auto","background-attachment":"scroll","background-type":"","background-media":"","overlay-type":"","overlay-color":"","overlay-opacity":"","overlay-gradient":""}},"footnotes":""},"class_list":["post-64","page","type-page","status-publish","hentry"],"post_mailing_queue_ids":[],"_links":{"self":[{"href":"https:\/\/agora.xtec.cat\/ceip-montpalau-pineda\/wp-json\/wp\/v2\/pages\/64","targetHints":{"allow":["GET"]}}],"collection":[{"href":"https:\/\/agora.xtec.cat\/ceip-montpalau-pineda\/wp-json\/wp\/v2\/pages"}],"about":[{"href":"https:\/\/agora.xtec.cat\/ceip-montpalau-pineda\/wp-json\/wp\/v2\/types\/page"}],"author":[{"embeddable":true,"href":"https:\/\/agora.xtec.cat\/ceip-montpalau-pineda\/wp-json\/wp\/v2\/users\/1"}],"replies":[{"embeddable":true,"href":"https:\/\/agora.xtec.cat\/ceip-montpalau-pineda\/wp-json\/wp\/v2\/comments?post=64"}],"version-history":[{"count":3,"href":"https:\/\/agora.xtec.cat\/ceip-montpalau-pineda\/wp-json\/wp\/v2\/pages\/64\/revisions"}],"predecessor-version":[{"id":1374,"href":"https:\/\/agora.xtec.cat\/ceip-montpalau-pineda\/wp-json\/wp\/v2\/pages\/64\/revisions\/1374"}],"wp:attachment":[{"href":"https:\/\/agora.xtec.cat\/ceip-montpalau-pineda\/wp-json\/wp\/v2\/media?parent=64"}],"curies":[{"name":"wp","href":"https:\/\/api.w.org\/{rel}","templated":true}]}}