{"id":635,"date":"2019-07-02T12:24:17","date_gmt":"2019-07-02T10:24:17","guid":{"rendered":"http:\/\/agora.xtec.cat\/ceip-montpalau-pineda\/?page_id=635"},"modified":"2020-02-27T11:31:20","modified_gmt":"2020-02-27T10:31:20","slug":"carnaval-cursos-anteriors","status":"publish","type":"page","link":"https:\/\/agora.xtec.cat\/ceip-montpalau-pineda\/festes-i-tradicions\/carnaval\/carnaval-cursos-anteriors\/","title":{"rendered":"Celebracions Carnaval &#8211; Fotos i v\u00eddeos"},"content":{"rendered":"<h4><span style=\"text-decoration: underline;\"><strong>CARNAVAL CURS 2019 \u2013 2020<\/strong><\/span><\/h4>\n<p>El passat divendres 21 de febrer vam anar a Can Xaubet a celebrar el carnaval fent diferents balls.<\/p>\n<p>El motiu d&#8217;aquest any era les superhero\u00efnes i els superherois, i cada curs ha escollit un d&#8217;ells per representar-ho. Aqu\u00ed us deixem els v\u00eddeos dels nens i nenes de l&#8217;escola, esperem que us agradin!<\/p>\n<p><iframe loading=\"lazy\" src=\"\/\/www.youtube.com\/embed\/YEcyxydM8q0\" width=\"560\" height=\"315\" frameborder=\"0\" allowfullscreen=\"allowfullscreen\" data-mce-fragment=\"1\"><\/iframe><\/p>\n<p><iframe loading=\"lazy\" src=\"\/\/www.youtube.com\/embed\/_vdLAl6nOwc\" width=\"560\" height=\"315\" frameborder=\"0\" allowfullscreen=\"allowfullscreen\" data-mce-fragment=\"1\"><\/iframe><\/p>\n<p><iframe loading=\"lazy\" src=\"\/\/www.youtube.com\/embed\/AE7pGZYs48A\" width=\"560\" height=\"315\" frameborder=\"0\" allowfullscreen=\"allowfullscreen\" data-mce-fragment=\"1\"><\/iframe><\/p>\n<p><iframe loading=\"lazy\" src=\"\/\/www.youtube.com\/embed\/wpfNIrSWrhU\" width=\"560\" height=\"315\" frameborder=\"0\" allowfullscreen=\"allowfullscreen\" data-mce-fragment=\"1\"><\/iframe><\/p>\n<p><iframe loading=\"lazy\" src=\"\/\/www.youtube.com\/embed\/m4tj6b1hJoQ\" width=\"560\" height=\"315\" frameborder=\"0\" allowfullscreen=\"allowfullscreen\" data-mce-fragment=\"1\"><\/iframe><\/p>\n<p><iframe loading=\"lazy\" src=\"\/\/www.youtube.com\/embed\/ypKs8Ftzh68\" width=\"560\" height=\"315\" frameborder=\"0\" allowfullscreen=\"allowfullscreen\" data-mce-fragment=\"1\"><\/iframe><\/p>\n<p><iframe loading=\"lazy\" src=\"\/\/www.youtube.com\/embed\/eDtYwjgRLeU\" width=\"560\" height=\"315\" frameborder=\"0\" allowfullscreen=\"allowfullscreen\" data-mce-fragment=\"1\"><\/iframe><\/p>\n<p><iframe loading=\"lazy\" src=\"\/\/www.youtube.com\/embed\/VN-Q0bCNY88\" width=\"560\" height=\"315\" frameborder=\"0\" allowfullscreen=\"allowfullscreen\" data-mce-fragment=\"1\"><\/iframe><\/p>\n<p><iframe loading=\"lazy\" src=\"\/\/www.youtube.com\/embed\/9AbsDferLPk\" width=\"560\" height=\"315\" frameborder=\"0\" allowfullscreen=\"allowfullscreen\" data-mce-fragment=\"1\"><\/iframe><\/p>\n<p>&nbsp;<\/p>\n<h4><\/h4>\n<h4><span style=\"text-decoration: underline;\"><strong>CARNAVAL CURS 2018 \u2013 2019<\/strong><\/span><\/h4>\n<p>Hola a tothom!<\/p>\n<p>Aqu\u00ed trobareu els v\u00eddeos i les fotos de la celebraci\u00f3 del carnaval de la nostra escola.<\/p>\n<p>Esperem que us agradi!<\/p>\n<p>Anirem publicant m\u00e9s , esteu molt atents!!!!<\/p>\n<h6><b>Fotografies del carnaval 2019<\/b><\/h6>\n<p><a href=\"https:\/\/drive.google.com\/drive\/folders\/1VNxVQF1KCnXbJJHUa6xPiKosJ5q3xA0T?usp=sharing\">https:\/\/drive.google.com\/drive\/folders\/1VNxVQF1KCnXbJJHUa6xPiKosJ5q3xA0T?usp=sharing<\/a><\/p>\n<p><a href=\"https:\/\/drive.google.com\/drive\/folders\/1agDzh_lotn_OErfMKnXg24Ycgo4LxmEb?usp=sharing\">https:\/\/drive.google.com\/drive\/folders\/1agDzh_lotn_OErfMKnXg24Ycgo4LxmEb?usp=sharing<\/a><\/p>\n<h6><\/h6>\n<h6><b>Videos del carnaval 2019<\/b><\/h6>\n<p><strong>DIJOUS LLARDER I ARRIBADA D\u2019EN CARNASTOLTES<\/strong><\/p>\n<p><iframe loading=\"lazy\" src=\"\/\/www.youtube.com\/embed\/JuPwxtKnFjk\" width=\"560\" height=\"314\" allowfullscreen=\"allowfullscreen\"><\/iframe><\/p>\n<p><strong>DIVENDRES \u2013\u00a0 BALLS DE CARNAVAL A CAN XAUBET<\/strong><\/p>\n<p><iframe loading=\"lazy\" src=\"\/\/www.youtube.com\/embed\/T7DWpk5DvLc\" width=\"560\" height=\"314\" allowfullscreen=\"allowfullscreen\"><\/iframe><\/p>\n<h4><span style=\"text-decoration: underline;\"><strong>CARNAVAL CURS 2017 \u2013 2018<\/strong><\/span><\/h4>\n<p>Hola a tothom,<\/p>\n<p>ja tenim algunes fotos i v\u00eddeo de les diferents activitats del\u00a0<strong>CARNAVAL<\/strong>\u00a0.<\/p>\n<p>Aqu\u00ed us deixo els enlla\u00e7os:<\/p>\n<p><strong>DIJOUS LLARDER , ARRIBADA D\u2019EN CARNESTOLTES I ORDRES:<\/strong><\/p>\n<p><strong>Fotografies: \u00a0\u00a0<\/strong><strong><a href=\"https:\/\/photos.app.goo.gl\/h7LY4NAyl71x0QGF2\">https:\/\/photos.app.goo.gl\/h7LY4NAyl71x0QGF2<\/a><\/strong><\/p>\n<p><strong>FESTIVAL DE CARNAVAL I JOCS TRADICIONALS:<\/strong><\/p>\n<p><strong>Fotografies: \u00a0<\/strong><strong><a href=\"https:\/\/photos.app.goo.gl\/WcN4RSOrhqxOu8Tq1\">https:\/\/photos.app.goo.gl\/WcN4RSOrhqxOu8Tq1<\/a><\/strong><\/p>\n<h6><b>Videos del carnaval 2018<\/b><\/h6>\n<p><iframe loading=\"lazy\" src=\"\/\/www.youtube.com\/embed\/TiF0syjusSM\" width=\"560\" height=\"314\" allowfullscreen=\"allowfullscreen\"><\/iframe><\/p>\n<p><strong>ENTERRAMENT DE LA SARDINA \u2013 DIMECRES DE CENDRA:<\/strong><\/p>\n<p><strong>Fotografies:<\/strong>\u00a0<a href=\"https:\/\/photos.app.goo.gl\/aTTZV9elJUsvTPXn1\">https:\/\/photos.app.goo.gl\/aTTZV9elJUsvTPXn1<\/a><\/p>\n<p>Manifest de l&#8217;enterrament de la sardina (6\u00e8)<\/p>\n<p style=\"margin: 12px auto 6px auto; font-family: Helvetica,Arial,Sans-serif; font-style: normal; font-variant: normal; font-weight: normal; font-size: 14px; line-height: normal; font-size-adjust: none; font-stretch: normal; -x-system-font: none; display: block;\"><a style=\"text-decoration: underline;\" title=\"View Enterrament de la sardina de sis\u00e8 on Scribd\" href=\"https:\/\/www.scribd.com\/document\/372209457\/Enterrament-de-la-sardina-de-sise#from_embed\">Enterrament de la sardina d&#8230;<\/a> by on Scribd<\/p>\n<p><iframe loading=\"lazy\" class=\"scribd_iframe_embed\" title=\"Enterrament de la sardina de sis\u00e8\" src=\"https:\/\/www.scribd.com\/embeds\/372209457\/content?start_page=1&amp;view_mode=scroll&amp;show_recommendations=true&amp;access_key=key-UZnRSIWwM6f6BUnMlSyB\" width=\"100%\" height=\"600\" frameborder=\"0\" scrolling=\"no\" data-auto-height=\"true\" data-aspect-ratio=\"null\" data-mce-fragment=\"1\"><\/iframe><\/p>\n","protected":false},"excerpt":{"rendered":"<p>CARNAVAL CURS 2019 \u2013 2020 El passat divendres 21 de febrer vam anar a Can Xaubet a celebrar el carnaval fent diferents balls. El motiu d&#8217;aquest any era les superhero\u00efnes i els superherois, i cada curs ha escollit un d&#8217;ells per representar-ho. Aqu\u00ed us deixem els v\u00eddeos dels nens i nenes de l&#8217;escola, esperem que [&hellip;]<\/p>\n","protected":false},"author":1,"featured_media":0,"parent":632,"menu_order":10,"comment_status":"closed","ping_status":"closed","template":"page-templates\/side-menu.php","meta":{"_bbp_topic_count":0,"_bbp_reply_count":0,"_bbp_total_topic_count":0,"_bbp_total_reply_count":0,"_bbp_voice_count":0,"_bbp_anonymous_reply_count":0,"_bbp_topic_count_hidden":0,"_bbp_reply_count_hidden":0,"_bbp_forum_subforum_count":0,"site-sidebar-layout":"default","site-content-layout":"","ast-site-content-layout":"","site-content-style":"default","site-sidebar-style":"default","ast-global-header-display":"","ast-banner-title-visibility":"","ast-main-header-display":"","ast-hfb-above-header-display":"","ast-hfb-below-header-display":"","ast-hfb-mobile-header-display":"","site-post-title":"","ast-breadcrumbs-content":"","ast-featured-img":"","footer-sml-layout":"","theme-transparent-header-meta":"","adv-header-id-meta":"","stick-header-meta":"","header-above-stick-meta":"","header-main-stick-meta":"","header-below-stick-meta":"","astra-migrate-meta-layouts":"default","ast-page-background-enabled":"default","ast-page-background-meta":{"desktop":{"background-color":"var(--ast-global-color-4)","background-image":"","background-repeat":"repeat","background-position":"center center","background-size":"auto","background-attachment":"scroll","background-type":"","background-media":"","overlay-type":"","overlay-color":"","overlay-opacity":"","overlay-gradient":""},"tablet":{"background-color":"","background-image":"","background-repeat":"repeat","background-position":"center center","background-size":"auto","background-attachment":"scroll","background-type":"","background-media":"","overlay-type":"","overlay-color":"","overlay-opacity":"","overlay-gradient":""},"mobile":{"background-color":"","background-image":"","background-repeat":"repeat","background-position":"center center","background-size":"auto","background-attachment":"scroll","background-type":"","background-media":"","overlay-type":"","overlay-color":"","overlay-opacity":"","overlay-gradient":""}},"ast-content-background-meta":{"desktop":{"background-color":"var(--ast-global-color-5)","background-image":"","background-repeat":"repeat","background-position":"center center","background-size":"auto","background-attachment":"scroll","background-type":"","background-media":"","overlay-type":"","overlay-color":"","overlay-opacity":"","overlay-gradient":""},"tablet":{"background-color":"var(--ast-global-color-5)","background-image":"","background-repeat":"repeat","background-position":"center center","background-size":"auto","background-attachment":"scroll","background-type":"","background-media":"","overlay-type":"","overlay-color":"","overlay-opacity":"","overlay-gradient":""},"mobile":{"background-color":"var(--ast-global-color-5)","background-image":"","background-repeat":"repeat","background-position":"center center","background-size":"auto","background-attachment":"scroll","background-type":"","background-media":"","overlay-type":"","overlay-color":"","overlay-opacity":"","overlay-gradient":""}},"footnotes":""},"class_list":["post-635","page","type-page","status-publish","hentry"],"post_mailing_queue_ids":[],"_links":{"self":[{"href":"https:\/\/agora.xtec.cat\/ceip-montpalau-pineda\/wp-json\/wp\/v2\/pages\/635","targetHints":{"allow":["GET"]}}],"collection":[{"href":"https:\/\/agora.xtec.cat\/ceip-montpalau-pineda\/wp-json\/wp\/v2\/pages"}],"about":[{"href":"https:\/\/agora.xtec.cat\/ceip-montpalau-pineda\/wp-json\/wp\/v2\/types\/page"}],"author":[{"embeddable":true,"href":"https:\/\/agora.xtec.cat\/ceip-montpalau-pineda\/wp-json\/wp\/v2\/users\/1"}],"replies":[{"embeddable":true,"href":"https:\/\/agora.xtec.cat\/ceip-montpalau-pineda\/wp-json\/wp\/v2\/comments?post=635"}],"version-history":[{"count":3,"href":"https:\/\/agora.xtec.cat\/ceip-montpalau-pineda\/wp-json\/wp\/v2\/pages\/635\/revisions"}],"predecessor-version":[{"id":1524,"href":"https:\/\/agora.xtec.cat\/ceip-montpalau-pineda\/wp-json\/wp\/v2\/pages\/635\/revisions\/1524"}],"up":[{"embeddable":true,"href":"https:\/\/agora.xtec.cat\/ceip-montpalau-pineda\/wp-json\/wp\/v2\/pages\/632"}],"wp:attachment":[{"href":"https:\/\/agora.xtec.cat\/ceip-montpalau-pineda\/wp-json\/wp\/v2\/media?parent=635"}],"curies":[{"name":"wp","href":"https:\/\/api.w.org\/{rel}","templated":true}]}}