{"id":603,"date":"2019-07-01T17:09:34","date_gmt":"2019-07-01T15:09:34","guid":{"rendered":"http:\/\/agora.xtec.cat\/ceip-montpalau-pineda\/?page_id=603"},"modified":"2020-02-10T12:16:53","modified_gmt":"2020-02-10T11:16:53","slug":"celebracions-de-nadal","status":"publish","type":"page","link":"https:\/\/agora.xtec.cat\/ceip-montpalau-pineda\/festes-i-tradicions\/nadal\/celebracions-de-nadal\/","title":{"rendered":"Celebracions de Nadal &#8211; Fotos, v\u00eddeos&#8230;"},"content":{"rendered":"<h4><\/h4>\n<h4><span style=\"text-decoration: underline;\"><strong>CURS 2019 &#8211; 2020<\/strong><\/span><\/h4>\n<p style=\"text-align: center;\"><a href=\"https:\/\/agora.xtec.cat\/ceip-montpalau-pineda\/wp-content\/uploads\/usu1776\/2020\/02\/p3.jpg\"><img loading=\"lazy\" decoding=\"async\" class=\"alignnone wp-image-1448\" src=\"https:\/\/agora.xtec.cat\/ceip-montpalau-pineda\/wp-content\/uploads\/usu1776\/2020\/02\/p3-300x190.jpg\" alt=\"\" width=\"500\" height=\"317\" \/><\/a><\/p>\n<p>&nbsp;<\/p>\n<p>Seguiu els enlla\u00e7os per veure les fotos i els v\u00eddeos d&#8217;aquest curs<\/p>\n<p>CANTADES INFANTIL I PRIM\u00c0RIA:<a href=\"https:\/\/drive.google.com\/drive\/folders\/117YRau1MN6-bhJoL9jciC3U6rttLPgvg?usp=sharing\"> https:\/\/drive.google.com\/drive\/folders\/117YRau1MN6-bhJoL9jciC3U6rttLPgvg?usp=sharing<\/a><\/p>\n<p>PRIM\u00c0RIA: <a href=\"https:\/\/drive.google.com\/drive\/folders\/1KeFz7tISsxg7OUpK6oIoVIgO8McNEeof?usp=sharing\">https:\/\/drive.google.com\/drive\/folders\/1KeFz7tISsxg7OUpK6oIoVIgO8McNEeof?usp=sharing<\/a><\/p>\n<p>INFANTIL: <a href=\"https:\/\/drive.google.com\/drive\/folders\/1k4AmeXtm3CLotRw3OJo88EedNTLBXUL8?usp=sharing\">https:\/\/drive.google.com\/drive\/folders\/1k4AmeXtm3CLotRw3OJo88EedNTLBXUL8?usp=sharing<\/a><\/p>\n<h4><\/h4>\n<h4><span style=\"text-decoration: underline;\"><strong>CURS 2018 \u2013 2019<\/strong><\/span><\/h4>\n<p><strong><img loading=\"lazy\" decoding=\"async\" class=\"wp-image-604 aligncenter\" src=\"https:\/\/agora.xtec.cat\/ceip-montpalau-pineda\/wp-content\/uploads\/usu1776\/2019\/07\/IMG_20181220_161551-768x576.jpg\" alt=\"\" width=\"469\" height=\"352\" srcset=\"https:\/\/agora.xtec.cat\/ceip-montpalau-pineda\/wp-content\/uploads\/usu1776\/2019\/07\/IMG_20181220_161551-768x576.jpg 768w, https:\/\/agora.xtec.cat\/ceip-montpalau-pineda\/wp-content\/uploads\/usu1776\/2019\/07\/IMG_20181220_161551-768x576-300x225.jpg 300w, https:\/\/agora.xtec.cat\/ceip-montpalau-pineda\/wp-content\/uploads\/usu1776\/2019\/07\/IMG_20181220_161551-768x576-200x150.jpg 200w\" sizes=\"auto, (max-width: 469px) 100vw, 469px\" \/>NADAL \u2013 PRIM\u00c0RIA<\/strong><\/p>\n<p>Seguiu l\u2019enlla\u00e7 per veure les fotos de algunes activitats d\u2019aquest Nadal<\/p>\n<p><a href=\"https:\/\/drive.google.com\/drive\/folders\/1tafiAfTyakoLydLHTtb-NVAoD2IfbXOt?usp=sharing\">https:\/\/drive.google.com\/drive\/folders\/1tafiAfTyakoLydLHTtb-NVAoD2IfbXOt?usp=sharing<\/a><\/p>\n<p><strong>NADAL \u2013 INFANTIL<\/strong><\/p>\n<p>En el seg\u00fcent enlla\u00e7 podeu trobar fotos de la cantada de Nadales i altres activitats com la visita del patge reial a l\u2019escola i el Ti\u00f3.<\/p>\n<p><a href=\"https:\/\/drive.google.com\/drive\/folders\/1hvK0WOceEhJObpsCZar2sQmuG00WVxlM?usp=sharing\">https:\/\/drive.google.com\/drive\/folders\/1hvK0WOceEhJObpsCZar2sQmuG00WVxlM?usp=sharing<\/a><\/p>\n<p><strong>FOTOS GRUPS CLASSE<\/strong><\/p>\n<p>Cliqueu el seg\u00fcent enlla\u00e7 per veure les fotos de grups classe d\u2019aquest Nadal. Esperem que us agradin.<\/p>\n<p>Bones festes!!!<\/p>\n<p><a href=\"https:\/\/drive.google.com\/drive\/folders\/1JwLxPXUQwTI5-St6Vr4iw8rYA8KaRekX?usp=sharing\">https:\/\/drive.google.com\/drive\/folders\/1JwLxPXUQwTI5-St6Vr4iw8rYA8KaRekX?usp=sharing<\/a><\/p>\n<p>&nbsp;<\/p>\n<h4><span style=\"text-decoration: underline;\"><strong>CURS 2017 \u2013 2018<\/strong><\/span><\/h4>\n<p>Aqu\u00ed us deixem els enlla\u00e7os de les FOTOS que hem anat fent.<\/p>\n<p><strong>CANTADA<\/strong>\u00a0DE NADALES\u00a0<strong>INFANTIL<\/strong>:\u00a0<a href=\"https:\/\/photos.app.goo.gl\/eJx61Ohc5SGsXoQ32\">https:\/\/photos.app.goo.gl\/eJx61Ohc5SGsXoQ32<\/a><\/p>\n<p>CANTADA DE NADALES\u00a0\u00a0<strong>1R, 2N I 3R<\/strong>:\u00a0<a href=\"https:\/\/photos.app.goo.gl\/iNn77yUAXxQN09vB3\">https:\/\/photos.app.goo.gl\/iNn77yUAXxQN09vB3<\/a><\/p>\n<p><strong>CANTADA<\/strong>\u00a0DE NADALES\u00a0<strong>4T, 5\u00c8 I 6\u00c8<\/strong>:\u00a0<a href=\"https:\/\/photos.app.goo.gl\/QBdlovw2BwvfieDY2\">https:\/\/photos.app.goo.gl\/QBdlovw2BwvfieDY2<\/a><\/p>\n<p>&nbsp;<\/p>\n<p>Tamb\u00e9 teniu els v\u00eddeos de la Cantada de Nadales d\u2019aquest any. Genial!<\/p>\n<p>Gr\u00e0cies a tots i a totes per formar part d\u2019aquest dies tant especials!<\/p>\n<p><iframe loading=\"lazy\" src=\"\/\/www.youtube.com\/embed\/Xo4fQ1Q5K8c\" width=\"560\" height=\"314\" allowfullscreen=\"allowfullscreen\"><\/iframe><\/p>\n<p><iframe loading=\"lazy\" src=\"\/\/www.youtube.com\/embed\/owb6lKMcR2o\" width=\"560\" height=\"314\" allowfullscreen=\"allowfullscreen\"><\/iframe><\/p>\n<p><iframe loading=\"lazy\" src=\"\/\/www.youtube.com\/embed\/IxZqg3K4sho\" width=\"560\" height=\"314\" allowfullscreen=\"allowfullscreen\"><\/iframe><\/p>\n","protected":false},"excerpt":{"rendered":"<p>CURS 2019 &#8211; 2020 &nbsp; Seguiu els enlla\u00e7os per veure les fotos i els v\u00eddeos d&#8217;aquest curs CANTADES INFANTIL I PRIM\u00c0RIA: https:\/\/drive.google.com\/drive\/folders\/117YRau1MN6-bhJoL9jciC3U6rttLPgvg?usp=sharing PRIM\u00c0RIA: https:\/\/drive.google.com\/drive\/folders\/1KeFz7tISsxg7OUpK6oIoVIgO8McNEeof?usp=sharing INFANTIL: https:\/\/drive.google.com\/drive\/folders\/1k4AmeXtm3CLotRw3OJo88EedNTLBXUL8?usp=sharing CURS 2018 \u2013 2019 NADAL \u2013 PRIM\u00c0RIA Seguiu l\u2019enlla\u00e7 per veure les fotos de algunes activitats d\u2019aquest Nadal https:\/\/drive.google.com\/drive\/folders\/1tafiAfTyakoLydLHTtb-NVAoD2IfbXOt?usp=sharing NADAL \u2013 INFANTIL En el seg\u00fcent enlla\u00e7 podeu trobar fotos [&hellip;]<\/p>\n","protected":false},"author":1,"featured_media":0,"parent":593,"menu_order":10,"comment_status":"closed","ping_status":"closed","template":"page-templates\/side-menu.php","meta":{"_bbp_topic_count":0,"_bbp_reply_count":0,"_bbp_total_topic_count":0,"_bbp_total_reply_count":0,"_bbp_voice_count":0,"_bbp_anonymous_reply_count":0,"_bbp_topic_count_hidden":0,"_bbp_reply_count_hidden":0,"_bbp_forum_subforum_count":0,"site-sidebar-layout":"default","site-content-layout":"","ast-site-content-layout":"","site-content-style":"default","site-sidebar-style":"default","ast-global-header-display":"","ast-banner-title-visibility":"","ast-main-header-display":"","ast-hfb-above-header-display":"","ast-hfb-below-header-display":"","ast-hfb-mobile-header-display":"","site-post-title":"","ast-breadcrumbs-content":"","ast-featured-img":"","footer-sml-layout":"","theme-transparent-header-meta":"","adv-header-id-meta":"","stick-header-meta":"","header-above-stick-meta":"","header-main-stick-meta":"","header-below-stick-meta":"","astra-migrate-meta-layouts":"default","ast-page-background-enabled":"default","ast-page-background-meta":{"desktop":{"background-color":"var(--ast-global-color-4)","background-image":"","background-repeat":"repeat","background-position":"center center","background-size":"auto","background-attachment":"scroll","background-type":"","background-media":"","overlay-type":"","overlay-color":"","overlay-opacity":"","overlay-gradient":""},"tablet":{"background-color":"","background-image":"","background-repeat":"repeat","background-position":"center center","background-size":"auto","background-attachment":"scroll","background-type":"","background-media":"","overlay-type":"","overlay-color":"","overlay-opacity":"","overlay-gradient":""},"mobile":{"background-color":"","background-image":"","background-repeat":"repeat","background-position":"center center","background-size":"auto","background-attachment":"scroll","background-type":"","background-media":"","overlay-type":"","overlay-color":"","overlay-opacity":"","overlay-gradient":""}},"ast-content-background-meta":{"desktop":{"background-color":"var(--ast-global-color-5)","background-image":"","background-repeat":"repeat","background-position":"center center","background-size":"auto","background-attachment":"scroll","background-type":"","background-media":"","overlay-type":"","overlay-color":"","overlay-opacity":"","overlay-gradient":""},"tablet":{"background-color":"var(--ast-global-color-5)","background-image":"","background-repeat":"repeat","background-position":"center center","background-size":"auto","background-attachment":"scroll","background-type":"","background-media":"","overlay-type":"","overlay-color":"","overlay-opacity":"","overlay-gradient":""},"mobile":{"background-color":"var(--ast-global-color-5)","background-image":"","background-repeat":"repeat","background-position":"center center","background-size":"auto","background-attachment":"scroll","background-type":"","background-media":"","overlay-type":"","overlay-color":"","overlay-opacity":"","overlay-gradient":""}},"footnotes":""},"class_list":["post-603","page","type-page","status-publish","hentry"],"post_mailing_queue_ids":[],"_links":{"self":[{"href":"https:\/\/agora.xtec.cat\/ceip-montpalau-pineda\/wp-json\/wp\/v2\/pages\/603","targetHints":{"allow":["GET"]}}],"collection":[{"href":"https:\/\/agora.xtec.cat\/ceip-montpalau-pineda\/wp-json\/wp\/v2\/pages"}],"about":[{"href":"https:\/\/agora.xtec.cat\/ceip-montpalau-pineda\/wp-json\/wp\/v2\/types\/page"}],"author":[{"embeddable":true,"href":"https:\/\/agora.xtec.cat\/ceip-montpalau-pineda\/wp-json\/wp\/v2\/users\/1"}],"replies":[{"embeddable":true,"href":"https:\/\/agora.xtec.cat\/ceip-montpalau-pineda\/wp-json\/wp\/v2\/comments?post=603"}],"version-history":[{"count":0,"href":"https:\/\/agora.xtec.cat\/ceip-montpalau-pineda\/wp-json\/wp\/v2\/pages\/603\/revisions"}],"up":[{"embeddable":true,"href":"https:\/\/agora.xtec.cat\/ceip-montpalau-pineda\/wp-json\/wp\/v2\/pages\/593"}],"wp:attachment":[{"href":"https:\/\/agora.xtec.cat\/ceip-montpalau-pineda\/wp-json\/wp\/v2\/media?parent=603"}],"curies":[{"name":"wp","href":"https:\/\/api.w.org\/{rel}","templated":true}]}}