{"id":5382,"date":"2021-03-18T08:11:47","date_gmt":"2021-03-18T07:11:47","guid":{"rendered":"http:\/\/agora.xtec.cat\/ceip-montpalau-pineda\/?page_id=5382"},"modified":"2022-05-19T16:52:01","modified_gmt":"2022-05-19T14:52:01","slug":"pla-educatiu-dentorn-actuacions-i-activitats-per-a-les-families-i-lalumnat","status":"publish","type":"page","link":"https:\/\/agora.xtec.cat\/ceip-montpalau-pineda\/gestio-economica-quotes-i-pagaments-del-curs-2\/pla-educatiu-dentorn-actuacions-i-activitats-per-a-les-families-i-lalumnat\/","title":{"rendered":"PLA EDUCATIU D&#8217;ENTORN &#8211; Actuacions i activitats per a les fam\u00edlies i l&#8217;alumnat."},"content":{"rendered":"<p>En el marc del<a href=\"https:\/\/serveiseducatius.xtec.cat\/altmaresme\/categoria\/pla-educatiu-entorn-pineda\/\"> Pla Educatiu d&#8217;Entorn<\/a> dels ST-MVO del Departament d&#8217;Educaci\u00f3 i la<a href=\"https:\/\/www.pinedademar.cat\/serveis\/educacio\/activitats-educatives-i-serveis\"> Regidoria d&#8217;Educaci\u00f3 de Pineda de Mar,<\/a> la nostra escola participa de les seg\u00fcents actuacions per a la millor atenci\u00f3 educativa de tot l&#8217;alumnat de l&#8217;escola i tamb\u00e9 les seves fam\u00edlies.<\/p>\n<p>&nbsp;<\/p>\n<table style=\"width: 68.8067%;\">\n<tbody>\n<tr>\n<td style=\"width: 20.8765%; text-align: center;\">\n<h5><strong>ACTUACI\u00d3<br \/>\n<\/strong><\/h5>\n<\/td>\n<td style=\"width: 21.947%; text-align: center;\">\n<h5><strong>ADRE\u00c7AT A:<\/strong><\/h5>\n<\/td>\n<td style=\"width: 32.1784%; text-align: center;\">\n<h5><strong>DESCRIPCI\u00d3 <\/strong><\/h5>\n<\/td>\n<\/tr>\n<tr>\n<td style=\"width: 20.8765%;\">\n<ul>\n<li><strong>Sortides i activitats complement\u00e0ries per a l&#8217;alumnat de tot el centre. (1)<br \/>\n<\/strong><\/li>\n<\/ul>\n<\/td>\n<td style=\"width: 21.947%;\">Alumnat d&#8217;Educaci\u00f3 Infantil.<\/p>\n<p>Alumnat d&#8217;Educaci\u00f3 Prim\u00e0ria.<\/td>\n<td style=\"width: 32.1784%;\">Reducci\u00f3 significativa, per a les fam\u00edlies, del cost del conjunt activitats complement\u00e0ries organitzades per l&#8217;escola el curs.<\/td>\n<\/tr>\n<tr>\n<td style=\"width: 20.8765%;\">\n<ul>\n<li><strong>Formaci\u00f3 digital per a les fam\u00edlies de l&#8217;escola. (1)<\/strong><\/li>\n<\/ul>\n<\/td>\n<td style=\"width: 21.947%;\">Totalitat de fam\u00edlies de l&#8217;escola.<\/td>\n<td style=\"width: 32.1784%;\">Formaci\u00f3 en l&#8217;\u00e0mbit digital adre\u00e7ada a les fam\u00edlies.<\/p>\n<p>Diversitat de temes, amb l&#8217;objectiu de donar eines a les fam\u00edlies per tal de millorar l&#8217;acompanyament als seus fills\/es i la comunicaci\u00f3 amb el centre.<\/p>\n<p>100% gratu\u00eft.<\/td>\n<\/tr>\n<tr>\n<td style=\"width: 20.8765%;\">\n<ul>\n<li><strong>Formaci\u00f3 de catal\u00e0 per a les fam\u00edlies de l&#8217;escola. (1)<\/strong><\/li>\n<\/ul>\n<\/td>\n<td style=\"width: 21.947%;\">Totalitat de fam\u00edlies de l&#8217;escola.<\/td>\n<td style=\"width: 32.1784%;\">Formaci\u00f3 eminentment de car\u00e0cter pr\u00e0ctic per a fomentar i donar seguretat en l&#8217;\u00fas i el coneixement de la llengua catalana.<\/p>\n<p>Nivell Inicial.<\/p>\n<p>100% gratu\u00eft.<\/td>\n<\/tr>\n<tr>\n<td style=\"width: 20.8765%;\">\n<ul>\n<li><strong>Equip de Psicologia i Logop\u00e8dia municipal.<br \/>\n<\/strong><\/li>\n<\/ul>\n<\/td>\n<td style=\"width: 21.947%;\">Alumnat del centre.<\/p>\n<p>Pr\u00e8via derivaci\u00f3 de l&#8217;Equip d&#8217;Assessorament Psicopedag\u00f2gic\u00a0 SEAM del Departament d&#8217;Educaci\u00f3 i la CAD del centre.<\/td>\n<td style=\"width: 32.1784%;\">Intervenci\u00f3 dins el centre dels professionals de l&#8217;equip municipal de l&#8217;EPLM per a la millor atenci\u00f3 de l&#8217;alumnat amb Necessitats Educatives.<\/td>\n<\/tr>\n<tr>\n<td style=\"width: 20.8765%;\"><strong>\u00a0<\/strong><\/td>\n<td style=\"width: 21.947%;\"><\/td>\n<td style=\"width: 32.1784%;\"><\/td>\n<\/tr>\n<\/tbody>\n<\/table>\n<p>(1) Actuaci\u00f3 subsidi\u00e0ria de l&#8217;Ajuntament de Pineda en compensaci\u00f3 a les fam\u00edlies per l&#8217;exclusi\u00f3 de l&#8217;escola del Pla de Millora d&#8217;Oportunitats Educatives, en el curs 2020-2021, que el Departament d&#8217;Educaci\u00f3 a atorgat a altres centres de la vila.<\/p>\n","protected":false},"excerpt":{"rendered":"<p>En el marc del Pla Educatiu d&#8217;Entorn dels ST-MVO del Departament d&#8217;Educaci\u00f3 i la Regidoria d&#8217;Educaci\u00f3 de Pineda de Mar, la nostra escola participa de les seg\u00fcents actuacions per a la millor atenci\u00f3 educativa de tot l&#8217;alumnat de l&#8217;escola i tamb\u00e9 les seves fam\u00edlies. &nbsp; ACTUACI\u00d3 ADRE\u00c7AT A: DESCRIPCI\u00d3 Sortides i activitats complement\u00e0ries per a [&hellip;]<\/p>\n","protected":false},"author":1,"featured_media":0,"parent":5329,"menu_order":40,"comment_status":"closed","ping_status":"closed","template":"","meta":{"_bbp_topic_count":0,"_bbp_reply_count":0,"_bbp_total_topic_count":0,"_bbp_total_reply_count":0,"_bbp_voice_count":0,"_bbp_anonymous_reply_count":0,"_bbp_topic_count_hidden":0,"_bbp_reply_count_hidden":0,"_bbp_forum_subforum_count":0,"site-sidebar-layout":"default","site-content-layout":"","ast-site-content-layout":"","site-content-style":"default","site-sidebar-style":"default","ast-global-header-display":"","ast-banner-title-visibility":"","ast-main-header-display":"","ast-hfb-above-header-display":"","ast-hfb-below-header-display":"","ast-hfb-mobile-header-display":"","site-post-title":"","ast-breadcrumbs-content":"","ast-featured-img":"","footer-sml-layout":"","theme-transparent-header-meta":"","adv-header-id-meta":"","stick-header-meta":"","header-above-stick-meta":"","header-main-stick-meta":"","header-below-stick-meta":"","astra-migrate-meta-layouts":"default","ast-page-background-enabled":"default","ast-page-background-meta":{"desktop":{"background-color":"var(--ast-global-color-4)","background-image":"","background-repeat":"repeat","background-position":"center center","background-size":"auto","background-attachment":"scroll","background-type":"","background-media":"","overlay-type":"","overlay-color":"","overlay-opacity":"","overlay-gradient":""},"tablet":{"background-color":"","background-image":"","background-repeat":"repeat","background-position":"center center","background-size":"auto","background-attachment":"scroll","background-type":"","background-media":"","overlay-type":"","overlay-color":"","overlay-opacity":"","overlay-gradient":""},"mobile":{"background-color":"","background-image":"","background-repeat":"repeat","background-position":"center center","background-size":"auto","background-attachment":"scroll","background-type":"","background-media":"","overlay-type":"","overlay-color":"","overlay-opacity":"","overlay-gradient":""}},"ast-content-background-meta":{"desktop":{"background-color":"var(--ast-global-color-5)","background-image":"","background-repeat":"repeat","background-position":"center center","background-size":"auto","background-attachment":"scroll","background-type":"","background-media":"","overlay-type":"","overlay-color":"","overlay-opacity":"","overlay-gradient":""},"tablet":{"background-color":"var(--ast-global-color-5)","background-image":"","background-repeat":"repeat","background-position":"center center","background-size":"auto","background-attachment":"scroll","background-type":"","background-media":"","overlay-type":"","overlay-color":"","overlay-opacity":"","overlay-gradient":""},"mobile":{"background-color":"var(--ast-global-color-5)","background-image":"","background-repeat":"repeat","background-position":"center center","background-size":"auto","background-attachment":"scroll","background-type":"","background-media":"","overlay-type":"","overlay-color":"","overlay-opacity":"","overlay-gradient":""}},"footnotes":""},"class_list":["post-5382","page","type-page","status-publish","hentry"],"post_mailing_queue_ids":[],"_links":{"self":[{"href":"https:\/\/agora.xtec.cat\/ceip-montpalau-pineda\/wp-json\/wp\/v2\/pages\/5382","targetHints":{"allow":["GET"]}}],"collection":[{"href":"https:\/\/agora.xtec.cat\/ceip-montpalau-pineda\/wp-json\/wp\/v2\/pages"}],"about":[{"href":"https:\/\/agora.xtec.cat\/ceip-montpalau-pineda\/wp-json\/wp\/v2\/types\/page"}],"author":[{"embeddable":true,"href":"https:\/\/agora.xtec.cat\/ceip-montpalau-pineda\/wp-json\/wp\/v2\/users\/1"}],"replies":[{"embeddable":true,"href":"https:\/\/agora.xtec.cat\/ceip-montpalau-pineda\/wp-json\/wp\/v2\/comments?post=5382"}],"version-history":[{"count":3,"href":"https:\/\/agora.xtec.cat\/ceip-montpalau-pineda\/wp-json\/wp\/v2\/pages\/5382\/revisions"}],"predecessor-version":[{"id":6065,"href":"https:\/\/agora.xtec.cat\/ceip-montpalau-pineda\/wp-json\/wp\/v2\/pages\/5382\/revisions\/6065"}],"up":[{"embeddable":true,"href":"https:\/\/agora.xtec.cat\/ceip-montpalau-pineda\/wp-json\/wp\/v2\/pages\/5329"}],"wp:attachment":[{"href":"https:\/\/agora.xtec.cat\/ceip-montpalau-pineda\/wp-json\/wp\/v2\/media?parent=5382"}],"curies":[{"name":"wp","href":"https:\/\/api.w.org\/{rel}","templated":true}]}}