{"id":4736,"date":"2020-09-26T12:54:08","date_gmt":"2020-09-26T10:54:08","guid":{"rendered":"http:\/\/agora.xtec.cat\/ceip-montpalau-pineda\/?page_id=4736"},"modified":"2024-09-01T17:05:08","modified_gmt":"2024-09-01T15:05:08","slug":"actes-del-consell-temes-abordats-i-acords","status":"publish","type":"page","link":"https:\/\/agora.xtec.cat\/ceip-montpalau-pineda\/lescola\/consell-escolar-2\/actes-del-consell-temes-abordats-i-acords\/","title":{"rendered":"2022\/2023 &#8211; ACORDS CONSELL ESCOLAR"},"content":{"rendered":"<p>Podeu consultar els temes abordats i els cords a qu\u00e8 s&#8217;ha arribat a cadascuna de les sessions de Consell Escolar de la nostra escola.<\/p>\n<table style=\"border-collapse: collapse; width: 100%; height: 1797px;\">\n<tbody>\n<tr style=\"height: 87px;\">\n<td style=\"width: 14.2495%; height: 87px;\">\n<h4><strong>N\u00famero d&#8217;acta\u00a0 Data<\/strong><\/h4>\n<\/td>\n<td style=\"width: 85.7505%; height: 87px;\">\n<h4><strong>Ordre del dia i acords<\/strong><\/h4>\n<\/td>\n<\/tr>\n<tr>\n<td style=\"width: 14.2495%;\">\n<h4><strong>Acta 5 &#8211; 05\/06\/2023<\/strong><\/h4>\n<\/td>\n<td style=\"width: 85.7505%;\"><strong>1. Aprovaci\u00f3 de l&#8217;acta anterior.\u00a0<\/strong>S&#8217;aprova per unanimitat.<\/p>\n<p><strong>2. Menjador escolar 2023\/2024.<\/strong><\/p>\n<ul>\n<li style=\"list-style-type: none;\">\n<ul>\n<li>S&#8217;aprova per unanimitat que l&#8217;associaci\u00f3 de fam\u00edies de l&#8217;escola continu\u00ef amb la contractaci\u00f3 del servei de menjador.<\/li>\n<li>Es fa constar que no hi haur\u00e0 canvi d&#8217;empresa.<\/li>\n<\/ul>\n<\/li>\n<\/ul>\n<p><strong>3. Calendari i horari escolar 2023\/2024.\u00a0<\/strong>S&#8217;aprova per unanimitat:<\/p>\n<ul>\n<li style=\"list-style-type: none;\">\n<ul>\n<li>Horari de l&#8217;alumnat en jornada partida: de 9.00h a 12.30h i de 15.00h a 16.30h<\/li>\n<li>Horari de l&#8217;alumnat en jornada continuada: de 9.00h a 13.00h.<\/li>\n<li>Entrada esglaonada dels infants que comencen l&#8217;escolaritzaci\u00f3 a I3 del 6 al 9 de setembre (ambd\u00f3s inclosos).<\/li>\n<li>Jornada continuada del 20 de desembre de 2023 i\u00a0 del 5 al 21 de juny de 2024 (ambd\u00f3s inclosos).<\/li>\n<li>Proposar al Consell Escolar municipal els seg\u00fcents dies de lliure disposici\u00f3:<\/li>\n<\/ul>\n<\/li>\n<\/ul>\n<table style=\"height: 47px; width: 49.4406%; border-collapse: collapse; border-style: none;\">\n<tbody>\n<tr style=\"height: 10px;\">\n<td>\n<ul>\n<li>13.10.20223<\/li>\n<\/ul>\n<\/td>\n<td>\n<ul>\n<li>07.12.2023<\/li>\n<\/ul>\n<\/td>\n<td>\n<ul>\n<li>12.02.2024<\/li>\n<\/ul>\n<\/td>\n<td>\n<ul>\n<li>30.04.2024<\/li>\n<\/ul>\n<\/td>\n<td>\n<ul>\n<li>02.05.2024<\/li>\n<\/ul>\n<\/td>\n<td>\n<ul>\n<li>20.05.2024<\/li>\n<\/ul>\n<\/td>\n<\/tr>\n<\/tbody>\n<\/table>\n<p><strong>\u00a0<\/strong><strong>4. Precs i preguntes.\u00a0<\/strong>No n&#8217;hi ha.<\/td>\n<\/tr>\n<tr style=\"height: 125px;\">\n<td style=\"width: 14.2495%; height: 125px;\">\n<h4><strong>Acta 4 &#8211; 05\/05\/2023<\/strong><\/h4>\n<h4><strong>\u00a0<\/strong><\/h4>\n<\/td>\n<td style=\"width: 85.7505%; height: 125px;\"><strong>Consell Escolar Extraordinari.<\/strong><\/p>\n<ol>\n<li>S&#8217;aprova per unanimitat que l&#8217;escola tramiti la sol\u00b7licitud per participar al programa SENSEI, de mentoria docent.<\/li>\n<\/ol>\n<\/td>\n<\/tr>\n<tr style=\"height: 300px;\">\n<td style=\"width: 14.2495%; height: 300px;\">\n<h4><strong>Acta 3 &#8211; 27\/03\/2023<\/strong><\/h4>\n<\/td>\n<td style=\"width: 85.7505%; height: 300px;\"><strong>1. Aprovaci\u00f3 de l&#8217;acta anterior.\u00a0<\/strong>S&#8217;aprova per unanimitat.<\/p>\n<p><strong>2. Aprovaci\u00f3 Pla Estrat\u00e8gic de Millora (PEM)\u00a0 i Pla d&#8217;Activitats Palanca (PAP) del programa PROA+ per al curs 2022\/2023.<\/strong><\/p>\n<ul>\n<li style=\"list-style-type: none;\">\n<ul>\n<li>Es fa la presentaci\u00f3 del PEM als membres del Consell Escolar i s&#8217;explica amb detall quin \u00e9s el Pla d&#8217;activitats per aquest curs.<\/li>\n<li>S&#8217;aprova el PEM i el PAP per unanimitat.<\/li>\n<\/ul>\n<\/li>\n<\/ul>\n<p><strong>3. PGA &#8211; Altres informacions.<\/strong><\/p>\n<ul>\n<li style=\"list-style-type: none;\">\n<ul>\n<li>S&#8217;explica la participaci\u00f3 de l&#8217;alumnat de 3r de prim\u00e0ria al programa SISME i la voluntat d&#8217;ampliar-lo en cursos venidors a d&#8217;altres nivells. La proposta es valora molt b\u00e9 pels membres del Consell.<\/li>\n<\/ul>\n<\/li>\n<\/ul>\n<p><strong style=\"font-family: inherit; font-size: 1em;\">6. Precs i preguntes.\u00a0 <\/strong><span style=\"font-family: inherit; font-size: 1em;\">No n&#8217;hi ha.<\/span><\/td>\n<\/tr>\n<tr style=\"height: 845px;\">\n<td style=\"width: 14.2495%; height: 845px;\">\n<h4><strong>Acta 2 &#8211; 23\/01\/2023<\/strong><\/h4>\n<\/td>\n<td style=\"width: 85.7505%; height: 845px;\">\n<ol>\n<li><strong>Aprovaci\u00f3 de l\u2019acta anterior. <\/strong><span style=\"font-family: inherit; font-size: 1em;\">S&#8217;aprova per unanimitat.<\/span><\/li>\n<li><strong>Estat de comptes exercici 2022 i pressupost de l&#8217;any 2023<\/strong><\/li>\n<\/ol>\n<ul>\n<li style=\"list-style-type: none;\">\n<ul>\n<li>S&#8217;explica que s&#8217;ha fet una trobada de la comissi\u00f3 econ\u00f2mica pr\u00e8via a aquest consell escolar en la qual s&#8217;han exposat amb detall tots aspectes rellevants de l&#8217;estat de comptes i del pressupost.<\/li>\n<li>Es dona informaci\u00f3 detallada de les <span style=\"text-decoration: underline;\">despeses i els ingressos del 2022<\/span>, que inclouen els ingressos del programa PROA+.<\/li>\n<li>S&#8217;exposen les <span style=\"text-decoration: underline;\">partides i les prioritats pressupost\u00e0ries del 2023<\/span>, tamb\u00e9 del programa PROA+. Totes les prioritats\u00a0se centren en <em><strong>garantir l&#8217;equitat, <\/strong>l&#8217;acc\u00e9s als recursos i a les activitats complement\u00e0ries <\/em>\u00a0i <strong>millorar la compet\u00e8ncia de tot l&#8217;alumnat <\/strong>del centre. Principalment\u00a0 s\u00f3n:\n<ul>\n<li><em>Continuar amb l&#8217;actualitzaci\u00f3, manteniment\u00a0 i ampliaci\u00f3 del material inform\u00e0tic\/audiovisual<\/em>.<\/li>\n<li><em>Millorar i ampliar amb m\u00e9s volums les biblioteques d\u2019aula i les maletes viatgeres.<\/em><\/li>\n<li><em>Adquisici\u00f3 de llibres i llic\u00e8ncies digitals.<\/em><\/li>\n<li>Contractaci\u00f3 del <em>servei de refor\u00e7 per a \u00a0alumnes de cicle inicial\u00a0<\/em> (es recorda que cicle mitj\u00e0 i cicle superior reben aquest suport del Pla Educatiu d&#8217;Entorn de Pineda)<\/li>\n<li><em>Material did\u00e0ctic i complementari (aules i projectes)<\/em><\/li>\n<li><em>Formaci\u00f3 de les fam\u00edlies (classes de catal\u00e0).<\/em><\/li>\n<\/ul>\n<\/li>\n<li>No hi ha consultes i s&#8217;aprova per unanimitat l&#8217;estat de comptes i el pressupost..<\/li>\n<\/ul>\n<\/li>\n<\/ul>\n<p><strong>3. Modificaci\u00f3 de la Programaci\u00f3 General Anual.<\/strong><\/p>\n<ul>\n<li style=\"list-style-type: none;\">\n<ul>\n<li>La primera modificaci\u00f3 ve motivada arrel de saber-se l&#8217;assignaci\u00f3 definitiva del <em><span style=\"text-decoration: underline;\">programa PROA+\u00a0per al curs 2022\/2023<\/span><\/em>.<\/li>\n<li>Una altra modificaci\u00f3 t\u00e9 a veure amb la inclusi\u00f3 de dues activitats noves a la programaci\u00f3 inicial: el programa LECXIT i el programa de coopewraci\u00f3 terriotrial de detecci\u00f3 i intervenci\u00f3 de dificultats d&#8217;arpenentatge relacionades amb la comunicaci\u00f3 i el llenguatge a educaci\u00f3 infantil.<\/li>\n<li>S&#8217;aprova per unanimitat la modificaci\u00f3 de la programaci\u00f3 i la direcci\u00f3 n&#8217;extendr\u00e0 la dilig\u00e8ncia corresponent.<\/li>\n<\/ul>\n<\/li>\n<\/ul>\n<p><strong>4. Proc\u00e9s de preinscripci\u00f3 i matr\u00edcula 2023\/2024<\/strong><\/p>\n<ul>\n<li style=\"list-style-type: none;\">\n<ul>\n<li>S&#8217;informa als membres del consell d&#8217;aspectes significatius del proc\u00e9s de preinscripci\u00f3:\n<ul>\n<li>Oferta de places<\/li>\n<li>Data d&#8217;inici prevista de la presincripci\u00f3. S&#8217;est\u00e0 a l&#8217;espera del calendari oficial.<\/li>\n<li>Jornades de portes obertes al centre, que es faran el 24 i 25 de febrer<\/li>\n<\/ul>\n<\/li>\n<\/ul>\n<\/li>\n<\/ul>\n<p><strong>5. Altres informacions.<\/strong><\/p>\n<ul>\n<li style=\"list-style-type: none;\">\n<ul>\n<li>Sol\u00b7licituds de manteniment i millora adre\u00e7ades a l&#8217;Ajuntament i al Departament d&#8217;Educaci\u00f3. Es resta a l&#8217;espera de resposta.<\/li>\n<li>Canvi de lloc de les tanques reguladores del tr\u00e0nsit.<\/li>\n<li>S&#8217;aprova la no continu\u00edtat del centre en la sol\u00b7licitud d&#8217;adhesi\u00f3 al Pla Catal\u00e0 de l&#8217;Esport. La proposta \u00e9s avalada per l&#8217;associaci\u00f3 de fam\u00edlies i motivada per la dificultat del proc\u00e9s i la manca de suport en la gesti\u00f3.<\/li>\n<\/ul>\n<\/li>\n<\/ul>\n<p><strong style=\"font-family: inherit; font-size: 1em;\">6. Precs i preguntes.\u00a0 \u00a0<\/strong><span style=\"font-family: inherit; font-size: 1em;\">No n&#8217;hi ha.<\/span><\/td>\n<\/tr>\n<tr style=\"height: 440px;\">\n<td style=\"width: 14.2495%; height: 440px;\">\n<h4>Acta 1 &#8211; 10\/10\/2022<\/h4>\n<\/td>\n<td style=\"width: 85.7505%; height: 440px;\">\n<ol>\n<li><strong>Aprovaci\u00f3 de l\u2019acta anterior. <\/strong><span style=\"font-family: inherit; font-size: 1em;\">S&#8217;aprova per unanimitat.<\/span><\/li>\n<li><strong>Programaci\u00f3 anual de centre.<\/strong>\n<ul>\n<li>S&#8217;exposen els <span style=\"text-decoration: underline;\"><em>plans i projectes<\/em><\/span> que guiaran la proposta d&#8217;aquest curs i s&#8217;expliquen amb m\u00e9s detall les actuacions noves (<em>programa d&#8217;educaci\u00f3 emocional, projecte UIUI d&#8217;educaci\u00f3 musical)<\/em><\/li>\n<li><span style=\"font-family: inherit; font-size: 1em;\">Es presenta <span style=\"text-decoration: underline;\">l&#8217;organitzaci\u00f3 del centre<\/span>, calendari, horaris, \u00f2rgans de govern, coordinaci\u00f3, i comissions.<\/span><\/li>\n<li><span style=\"font-family: inherit; font-size: 1em;\">Es valora la participaci\u00f3 del centre al <span style=\"text-decoration: underline;\">programa PROA+<\/span> i la previsi\u00f3 <span style=\"text-decoration: underline;\">d&#8217;activitats palanques<\/span> a l&#8217;espera de con\u00e8ixer la dotaci\u00f3 econ\u00f2mica que ser\u00e0 assignada.<\/span><\/li>\n<li><span style=\"font-family: inherit; font-size: 1em;\">S&#8217;explica l&#8217;afectaci\u00f3 de la <span style=\"text-decoration: underline;\">LOM-LOE<\/span> en el sistema d&#8217;avaluaci\u00f3 i dels informes.<\/span><\/li>\n<li>S&#8217;exposa tamb\u00e9 quin \u00e9s el <span style=\"text-decoration: underline;\">pla de formac\u00f3 del centre<\/span> i l&#8217;elaboraci\u00f3 del<span style=\"text-decoration: underline;\"> Pla d&#8217;Estrat\u00e8gia Digital.<\/span><\/li>\n<li>S&#8217;informa de quin ser\u00e0 el retiment de comptes a la comunitat al respecte de la PGA i quins indicadors es tindran presents.<\/li>\n<li>S&#8217;aprova la Programaci\u00f3 anual per unanimitat.<\/li>\n<\/ul>\n<\/li>\n<\/ol>\n<p><strong>3. Relleu representants Consell escolar. <\/strong><\/p>\n<ul>\n<li style=\"list-style-type: none;\">\n<ul>\n<li><span style=\"font-family: inherit; font-size: 1em;\">S\u2019aprova per unanimitat la proposta de reduir un membre del consell escolar del sector fam\u00edlies i un altre del sector mestres de cara a les eleccions properes del consell escolar.<\/span><strong style=\"font-family: inherit; font-size: 1em;\">4. <\/strong><\/li>\n<\/ul>\n<\/li>\n<\/ul>\n<p><strong style=\"font-family: inherit; font-size: 1em;\">4. Precs i preguntes<\/strong><span style=\"font-family: inherit; font-size: 1em;\">\u00a0<\/span><\/p>\n<ul>\n<li style=\"list-style-type: none;\">\n<ul>\n<li>Es demana informaci\u00f3 de quines proves de compt\u00e8ncies b\u00e0siques es passaran a 6\u00e8, si \u00e9s que es fan. S&#8217;explica que a data d&#8217;avui s&#8217;ha publicat que hi es faran proves mostral d&#8217;expressi\u00f3 oral en catal\u00e0. Hi pot haver canvis.<\/li>\n<\/ul>\n<\/li>\n<\/ul>\n<\/td>\n<\/tr>\n<\/tbody>\n<\/table>\n<p>&nbsp;<\/p>\n<p>&nbsp;<\/p>\n","protected":false},"excerpt":{"rendered":"<p>Podeu consultar els temes abordats i els cords a qu\u00e8 s&#8217;ha arribat a cadascuna de les sessions de Consell Escolar de la nostra escola. N\u00famero d&#8217;acta\u00a0 Data Ordre del dia i acords Acta 5 &#8211; 05\/06\/2023 1. Aprovaci\u00f3 de l&#8217;acta anterior.\u00a0S&#8217;aprova per unanimitat. 2. Menjador escolar 2023\/2024. S&#8217;aprova per unanimitat que l&#8217;associaci\u00f3 de fam\u00edies de [&hellip;]<\/p>\n","protected":false},"author":6,"featured_media":0,"parent":4698,"menu_order":10,"comment_status":"closed","ping_status":"closed","template":"page-templates\/side-menu.php","meta":{"_bbp_topic_count":0,"_bbp_reply_count":0,"_bbp_total_topic_count":0,"_bbp_total_reply_count":0,"_bbp_voice_count":0,"_bbp_anonymous_reply_count":0,"_bbp_topic_count_hidden":0,"_bbp_reply_count_hidden":0,"_bbp_forum_subforum_count":0,"site-sidebar-layout":"default","site-content-layout":"","ast-site-content-layout":"","site-content-style":"default","site-sidebar-style":"default","ast-global-header-display":"","ast-banner-title-visibility":"","ast-main-header-display":"","ast-hfb-above-header-display":"","ast-hfb-below-header-display":"","ast-hfb-mobile-header-display":"","site-post-title":"","ast-breadcrumbs-content":"","ast-featured-img":"","footer-sml-layout":"","theme-transparent-header-meta":"","adv-header-id-meta":"","stick-header-meta":"","header-above-stick-meta":"","header-main-stick-meta":"","header-below-stick-meta":"","astra-migrate-meta-layouts":"default","ast-page-background-enabled":"default","ast-page-background-meta":{"desktop":{"background-color":"var(--ast-global-color-4)","background-image":"","background-repeat":"repeat","background-position":"center center","background-size":"auto","background-attachment":"scroll","background-type":"","background-media":"","overlay-type":"","overlay-color":"","overlay-opacity":"","overlay-gradient":""},"tablet":{"background-color":"","background-image":"","background-repeat":"repeat","background-position":"center center","background-size":"auto","background-attachment":"scroll","background-type":"","background-media":"","overlay-type":"","overlay-color":"","overlay-opacity":"","overlay-gradient":""},"mobile":{"background-color":"","background-image":"","background-repeat":"repeat","background-position":"center center","background-size":"auto","background-attachment":"scroll","background-type":"","background-media":"","overlay-type":"","overlay-color":"","overlay-opacity":"","overlay-gradient":""}},"ast-content-background-meta":{"desktop":{"background-color":"var(--ast-global-color-5)","background-image":"","background-repeat":"repeat","background-position":"center center","background-size":"auto","background-attachment":"scroll","background-type":"","background-media":"","overlay-type":"","overlay-color":"","overlay-opacity":"","overlay-gradient":""},"tablet":{"background-color":"var(--ast-global-color-5)","background-image":"","background-repeat":"repeat","background-position":"center center","background-size":"auto","background-attachment":"scroll","background-type":"","background-media":"","overlay-type":"","overlay-color":"","overlay-opacity":"","overlay-gradient":""},"mobile":{"background-color":"var(--ast-global-color-5)","background-image":"","background-repeat":"repeat","background-position":"center center","background-size":"auto","background-attachment":"scroll","background-type":"","background-media":"","overlay-type":"","overlay-color":"","overlay-opacity":"","overlay-gradient":""}},"footnotes":""},"class_list":["post-4736","page","type-page","status-publish","hentry"],"post_mailing_queue_ids":[],"_links":{"self":[{"href":"https:\/\/agora.xtec.cat\/ceip-montpalau-pineda\/wp-json\/wp\/v2\/pages\/4736","targetHints":{"allow":["GET"]}}],"collection":[{"href":"https:\/\/agora.xtec.cat\/ceip-montpalau-pineda\/wp-json\/wp\/v2\/pages"}],"about":[{"href":"https:\/\/agora.xtec.cat\/ceip-montpalau-pineda\/wp-json\/wp\/v2\/types\/page"}],"author":[{"embeddable":true,"href":"https:\/\/agora.xtec.cat\/ceip-montpalau-pineda\/wp-json\/wp\/v2\/users\/6"}],"replies":[{"embeddable":true,"href":"https:\/\/agora.xtec.cat\/ceip-montpalau-pineda\/wp-json\/wp\/v2\/comments?post=4736"}],"version-history":[{"count":5,"href":"https:\/\/agora.xtec.cat\/ceip-montpalau-pineda\/wp-json\/wp\/v2\/pages\/4736\/revisions"}],"predecessor-version":[{"id":7248,"href":"https:\/\/agora.xtec.cat\/ceip-montpalau-pineda\/wp-json\/wp\/v2\/pages\/4736\/revisions\/7248"}],"up":[{"embeddable":true,"href":"https:\/\/agora.xtec.cat\/ceip-montpalau-pineda\/wp-json\/wp\/v2\/pages\/4698"}],"wp:attachment":[{"href":"https:\/\/agora.xtec.cat\/ceip-montpalau-pineda\/wp-json\/wp\/v2\/media?parent=4736"}],"curies":[{"name":"wp","href":"https:\/\/api.w.org\/{rel}","templated":true}]}}