{"id":1378,"date":"2020-01-19T15:24:09","date_gmt":"2020-01-19T14:24:09","guid":{"rendered":"http:\/\/agora.xtec.cat\/ceip-montpalau-pineda\/?page_id=1378"},"modified":"2020-01-19T15:38:46","modified_gmt":"2020-01-19T14:38:46","slug":"la-proposta-pedagogica-de-lescola-montpalau","status":"publish","type":"page","link":"https:\/\/agora.xtec.cat\/ceip-montpalau-pineda\/projecte-educatiu\/la-proposta-pedagogica-de-lescola-montpalau\/","title":{"rendered":"La Proposta Pedag\u00f2gica de l&#8217;Escola Montpalau"},"content":{"rendered":"<p><span style=\"\u201dfont-size: 20px;\">La\u00a0<strong>P<\/strong>roposta<strong> P<\/strong>edag\u00f2gica de la nostra escola es fonamenta en:<\/span><\/p>\n<table style=\"width: 957px; border-color: #3696d1;\">\n<tbody>\n<tr>\n<td style=\"width: 507.778px;\">\n<h5><strong>A l&#8217;Educaci\u00f3 infantil<\/strong><\/h5>\n<\/td>\n<td style=\"width: 445.556px;\">\n<h5><strong>A l&#8217;Educaci\u00f3 Prim\u00e0ria<\/strong><\/h5>\n<\/td>\n<\/tr>\n<tr>\n<td style=\"width: 507.778px;\">\n<ul>\n<li>Metodologia de treball <strong>globalitzada\u00a0<\/strong>i que combina, entre d&#8217;altres, el treball per centres d&#8217;inter\u00e8s, els racons d&#8217;aprenentatge i els espais de joc simb\u00f2lic.<\/li>\n<li>Treball a partir de l&#8217;<strong>observaci\u00f3<\/strong>, la <strong>manipulaci\u00f3<\/strong> i l&#8217;<strong>experimentaci\u00f3 amb objectes.\u00a0<\/strong><\/li>\n<li>Important treball del <strong>llenguatge oral<\/strong> que ajuda l&#8217;infant a construir i estructurar el seu propi coneixement.<\/li>\n<\/ul>\n<\/td>\n<td style=\"width: 445.556px;\">\n<ul>\n<li>Metodologia <strong>competencial <\/strong>a partir de les experi\u00e8ncies i les viv\u00e8ncies dels nenes i de les nenes.<\/li>\n<li><strong>&#8220;Pas a pas&#8221;. <\/strong>Franja de treball sistem\u00e0tic &#8211; a les \u00e0rees instrumentals, de llengua i matem\u00e0tiques- .<\/li>\n<li><strong>&#8220;Explorem&#8221;. <\/strong>Franja de treball globalitzat, que abasta totes les \u00e0rees del curr\u00edculum, amb activitats singulars, projectes i propostes a partir dels interessos de l&#8217;alumnat.<\/li>\n<\/ul>\n<\/td>\n<\/tr>\n<\/tbody>\n<\/table>\n<p>Els <strong>Plans i projectes <\/strong>espec\u00edfics de l&#8217;Escola Montpalau que es porten a terme s\u00f3n:<\/p>\n<table style=\"width: 955px;\">\n<tbody>\n<tr>\n<td style=\"width: 450px;\">\n<h5><strong>A l&#8217;Educaci\u00f3 infantil<\/strong><\/h5>\n<\/td>\n<td style=\"width: 501.111px;\">\n<h5><strong>A l&#8217;Educaci\u00f3 Prim\u00e0ria<\/strong><\/h5>\n<\/td>\n<\/tr>\n<tr>\n<td style=\"width: 450px;\">\n<ul style=\"font-size: 16px; font-family: 'Helvetica Neue', Helvetica, Helvetica, Arial, sans-serif;\">\n<li>El protagonista. *<\/li>\n<li>La tarda del conte. *<\/li>\n<li>El llibre viatger.<\/li>\n<li>La capsa de les emocions.<\/li>\n<li>El llibre de les endevinalles.<\/li>\n<li style=\"text-align: left;\">Els racons \u2013\u00a0<em>en grups redu\u00efts -.<\/em><\/li>\n<li>Lectures individualitzades. (A P5)<\/li>\n<li>Consci\u00e8ncia fonol\u00f2gica.<\/li>\n<li>Llengua anglesa en grup redu\u00efts des de P3.<\/li>\n<li>Participaci\u00f3 al Pla Lector de Pineda de Mar.<\/li>\n<\/ul>\n<\/td>\n<td style=\"width: 501.111px;\">\n<ul style=\"font-size: 16px; font-family: 'Helvetica Neue', Helvetica, Helvetica, Arial, sans-serif;\">\n<li>Gust per la lectura. (30 minuts diaris)<\/li>\n<li>Lectures individualitzades. (De P5 a 3r)<\/li>\n<li>Apadrinament Lector. (1r 2n i 5\u00e8 i 6\u00e8)<\/li>\n<li>Consci\u00e8ncia fonol\u00f2gica. (Infantil i 1r i 2n)<\/li>\n<li>Tallers d\u2019expressi\u00f3 escrita i d\u2019expressi\u00f3 oral en grups redu\u00efts.<\/li>\n<li>Llengua anglesa en grups redu\u00efts a tots els cursos.<\/li>\n<li>Explorem. Treball globalitzat a partir de projectes i activitats singulars, a tots els cursos.<\/li>\n<li>Projecte de geometria.<\/li>\n<li>L\u2019hort ecol\u00f2gic i el galliner escolar.<\/li>\n<li>Programa d\u2019alimentaci\u00f3 i h\u00e0bits saludables.<\/li>\n<li>Participaci\u00f3 al Pla Lector de Pineda de Mar.<\/li>\n<\/ul>\n<\/td>\n<\/tr>\n<\/tbody>\n<\/table>\n<p><sup>\u00a0(*) Amb participaci\u00f3 de les fam\u00edlies.\u00a0 <\/sup><sup>(**) Obertes a les fam\u00edlies i a la comunitat educativa.<\/sup><\/p>\n<table style=\"width: 954px; height: 349px;\">\n<tbody>\n<tr style=\"height: 34px;\">\n<td style=\"width: 465.556px; text-align: center; height: 34px;\"><strong style=\"background-color: #f9f9f9; font-size: 16px;\">Activitats complement\u00e0ries<\/strong><strong style=\"font-size: 16px;\"><br \/>\n<\/strong><\/td>\n<td style=\"width: 484.444px; text-align: center; height: 34px;\"><strong style=\"background-color: #f9f9f9; font-size: 16px;\">Celebracions escolars.<\/strong><strong style=\"font-size: 16px;\"><br \/>\n<\/strong><\/td>\n<\/tr>\n<tr style=\"height: 48px;\">\n<td style=\"width: 465.556px; text-align: center; height: 48px;\">Amb la participaci\u00f3 d&#8217;altres agents de la comunitat educativa: entitats, Ajuntament, Diputaci\u00f3 i altres.<\/td>\n<td style=\"width: 484.444px; text-align: center; height: 48px;\">Activitats mixtes, de car\u00e0cter intern i tamb\u00e9 obertes a la comunitat educativa i amb la seva participaci\u00f3.<\/td>\n<\/tr>\n<tr style=\"height: 267px;\">\n<td style=\"width: 465.556px; height: 267px;\">\n<ul style=\"font-size: 16px; font-family: 'Helvetica Neue', Helvetica, Helvetica, Arial, sans-serif;\">\n<li><strong><em>Sortides pedag\u00f2giques<\/em> <\/strong>i <strong>excursions<\/strong> a tots els cursos.<\/li>\n<li><strong><em>Col\u00f2nies escolars <\/em><\/strong>de 3 dies amb pernocta<sub>. (Des de P5 a 6\u00e8)<\/sub><\/li>\n<li><em><strong>Sortides al Teatre<\/strong><\/em> des de P3<\/li>\n<li><strong><em>Programes i tallers d\u2019Educaci\u00f3 Vi\u00e0ria, Ci\u00e8ncia, Salut, ciutadania i medi ambient<\/em><\/strong> a tots els cursos.<\/li>\n<\/ul>\n<\/td>\n<td style=\"width: 484.444px; height: 267px;\">\n<ul style=\"font-size: 16px; font-family: 'Helvetica Neue', Helvetica, Helvetica, Arial, sans-serif;\">\n<li><em><strong>La tardor i la Castanyada.<\/strong><\/em>\u00a0<em>Teatre de la castanyera<\/em> <sup>*\u00a0<\/sup><\/li>\n<li><strong><em>L&#8217;hivern i el Nadal .<\/em><\/strong>\u00a0<em>Concerts de Nadales <sup>**<\/sup><\/em><\/li>\n<li><strong><em>DENIP.<\/em><\/strong><em> Diada Escolar per la No viol\u00e8ncia i la Pau.<\/em><\/li>\n<li><strong>Carnaval i l&#8217;arribada del Rei carnestoltes.<\/strong> <em>Festival de balls i playbacks<sup>**<\/sup><\/em><\/li>\n<li><em><strong>Cantada Escolar de Pineda de Mar. <sup>**<\/sup><\/strong><\/em><sub>(Prim\u00e0ria)<\/sub><\/li>\n<li><em><strong>La primavera, Sant Jordi <sup>*\u00a0 <\/sup>i el concurs Montpalletres\u00a0<\/strong><\/em>de creaci\u00f3 art\u00edstica.<em><sup>**<\/sup><\/em><\/li>\n<li><em><strong>L&#8217;estiu, les celebracions de comiat.<\/strong><\/em><\/li>\n<\/ul>\n<\/td>\n<\/tr>\n<\/tbody>\n<\/table>\n<p><sup>\u00a0(*) Amb participaci\u00f3 de les fam\u00edlies.\u00a0 <\/sup><sup>(**) Obertes a les fam\u00edlies i a la comunitat educativa.<\/sup><\/p>\n","protected":false},"excerpt":{"rendered":"<p>La\u00a0Proposta Pedag\u00f2gica de la nostra escola es fonamenta en: A l&#8217;Educaci\u00f3 infantil A l&#8217;Educaci\u00f3 Prim\u00e0ria Metodologia de treball globalitzada\u00a0i que combina, entre d&#8217;altres, el treball per centres d&#8217;inter\u00e8s, els racons d&#8217;aprenentatge i els espais de joc simb\u00f2lic. Treball a partir de l&#8217;observaci\u00f3, la manipulaci\u00f3 i l&#8217;experimentaci\u00f3 amb objectes.\u00a0 Important treball del llenguatge oral que ajuda [&hellip;]<\/p>\n","protected":false},"author":6,"featured_media":0,"parent":64,"menu_order":0,"comment_status":"closed","ping_status":"closed","template":"","meta":{"_bbp_topic_count":0,"_bbp_reply_count":0,"_bbp_total_topic_count":0,"_bbp_total_reply_count":0,"_bbp_voice_count":0,"_bbp_anonymous_reply_count":0,"_bbp_topic_count_hidden":0,"_bbp_reply_count_hidden":0,"_bbp_forum_subforum_count":0,"site-sidebar-layout":"default","site-content-layout":"","ast-site-content-layout":"","site-content-style":"default","site-sidebar-style":"default","ast-global-header-display":"","ast-banner-title-visibility":"","ast-main-header-display":"","ast-hfb-above-header-display":"","ast-hfb-below-header-display":"","ast-hfb-mobile-header-display":"","site-post-title":"","ast-breadcrumbs-content":"","ast-featured-img":"","footer-sml-layout":"","theme-transparent-header-meta":"","adv-header-id-meta":"","stick-header-meta":"","header-above-stick-meta":"","header-main-stick-meta":"","header-below-stick-meta":"","astra-migrate-meta-layouts":"default","ast-page-background-enabled":"default","ast-page-background-meta":{"desktop":{"background-color":"var(--ast-global-color-4)","background-image":"","background-repeat":"repeat","background-position":"center center","background-size":"auto","background-attachment":"scroll","background-type":"","background-media":"","overlay-type":"","overlay-color":"","overlay-opacity":"","overlay-gradient":""},"tablet":{"background-color":"","background-image":"","background-repeat":"repeat","background-position":"center center","background-size":"auto","background-attachment":"scroll","background-type":"","background-media":"","overlay-type":"","overlay-color":"","overlay-opacity":"","overlay-gradient":""},"mobile":{"background-color":"","background-image":"","background-repeat":"repeat","background-position":"center center","background-size":"auto","background-attachment":"scroll","background-type":"","background-media":"","overlay-type":"","overlay-color":"","overlay-opacity":"","overlay-gradient":""}},"ast-content-background-meta":{"desktop":{"background-color":"var(--ast-global-color-5)","background-image":"","background-repeat":"repeat","background-position":"center center","background-size":"auto","background-attachment":"scroll","background-type":"","background-media":"","overlay-type":"","overlay-color":"","overlay-opacity":"","overlay-gradient":""},"tablet":{"background-color":"var(--ast-global-color-5)","background-image":"","background-repeat":"repeat","background-position":"center center","background-size":"auto","background-attachment":"scroll","background-type":"","background-media":"","overlay-type":"","overlay-color":"","overlay-opacity":"","overlay-gradient":""},"mobile":{"background-color":"var(--ast-global-color-5)","background-image":"","background-repeat":"repeat","background-position":"center center","background-size":"auto","background-attachment":"scroll","background-type":"","background-media":"","overlay-type":"","overlay-color":"","overlay-opacity":"","overlay-gradient":""}},"footnotes":""},"class_list":["post-1378","page","type-page","status-publish","hentry"],"post_mailing_queue_ids":[],"_links":{"self":[{"href":"https:\/\/agora.xtec.cat\/ceip-montpalau-pineda\/wp-json\/wp\/v2\/pages\/1378","targetHints":{"allow":["GET"]}}],"collection":[{"href":"https:\/\/agora.xtec.cat\/ceip-montpalau-pineda\/wp-json\/wp\/v2\/pages"}],"about":[{"href":"https:\/\/agora.xtec.cat\/ceip-montpalau-pineda\/wp-json\/wp\/v2\/types\/page"}],"author":[{"embeddable":true,"href":"https:\/\/agora.xtec.cat\/ceip-montpalau-pineda\/wp-json\/wp\/v2\/users\/6"}],"replies":[{"embeddable":true,"href":"https:\/\/agora.xtec.cat\/ceip-montpalau-pineda\/wp-json\/wp\/v2\/comments?post=1378"}],"version-history":[{"count":3,"href":"https:\/\/agora.xtec.cat\/ceip-montpalau-pineda\/wp-json\/wp\/v2\/pages\/1378\/revisions"}],"predecessor-version":[{"id":1384,"href":"https:\/\/agora.xtec.cat\/ceip-montpalau-pineda\/wp-json\/wp\/v2\/pages\/1378\/revisions\/1384"}],"up":[{"embeddable":true,"href":"https:\/\/agora.xtec.cat\/ceip-montpalau-pineda\/wp-json\/wp\/v2\/pages\/64"}],"wp:attachment":[{"href":"https:\/\/agora.xtec.cat\/ceip-montpalau-pineda\/wp-json\/wp\/v2\/media?parent=1378"}],"curies":[{"name":"wp","href":"https:\/\/api.w.org\/{rel}","templated":true}]}}