{"id":1331,"date":"2020-01-17T18:10:25","date_gmt":"2020-01-17T17:10:25","guid":{"rendered":"http:\/\/agora.xtec.cat\/ceip-montpalau-pineda\/?page_id=1331"},"modified":"2022-05-19T07:51:20","modified_gmt":"2022-05-19T05:51:20","slug":"documents-de-centre-convivencia","status":"publish","type":"page","link":"https:\/\/agora.xtec.cat\/ceip-montpalau-pineda\/projecte-educatiu\/documents-de-centre-convivencia\/","title":{"rendered":"Documents de centre &#8211; CONVIV\u00c8NCIA"},"content":{"rendered":"<p>El <em>respecte a la conviv\u00e8ncia<\/em> \u00e9s un dels principis rectors del sistema educatiu i s&#8217;identifica amb el respecte als principis democr\u00e0tics de conviv\u00e8ncia ja que les regles de conviv\u00e8ncia al centre s&#8217;han de basar gen\u00e8ricament en els principis democr\u00e0tics i especialment en els principis i normes que deriven d&#8217;aquesta llei.<\/p>\n<p>A la <strong><em>Llei Org\u00e0nica 2\/2006<\/em><\/strong>, de 3 de maig, <strong><em>d\u2019Educaci\u00f3<\/em><\/strong> (LOE), en el Pre\u00e0mbul proposa l\u2019exercici de la llibertat, dins dels principis democr\u00e0tics de conviv\u00e8ncia i la prevenci\u00f3 de conflictes i la seva resoluci\u00f3 pac\u00edfica.<\/p>\n<p>L&#8217;article 30 de la<em><strong> Llei 12\/2009<\/strong><\/em>, del 10 de juliol, <em><strong>d&#8217;educaci\u00f3 <\/strong><\/em>(LEC) exposa que tots els membres de la comunitat escolar tenen el dret a conviure en un bon clima escolar i el deure de facilitar-lo.<\/p>\n<p>L\u2019article 7 del <strong>Decret d\u2019Autonomia<\/strong>, en refer\u00e8ncia a la carta de comprom\u00eds del centre, explicita que en ella s\u2019han d\u2019expressar els compromisos que cada fam\u00edlia i el centre s\u2019avenen a adquirir per garantir la cooperaci\u00f3 en un entorn de conviv\u00e8ncia, respecte i responsabilitat<\/p>\n<p>La <strong>Resoluci\u00f3 ENS\/585\/2017<\/strong>, de 17 de mar\u00e7,\u00a0 estableix que tots els centres\u00a0educatius del Servei d\u2019Educaci\u00f3 de Catalunya han de tenir implementat el<strong> Projecte de conviv\u00e8ncia<\/strong> en el marc del seu Projecte educatiu.<\/p>\n<p>Els documents de centre despleguen i detallen\u00a0 les actuacions que l&#8217;Escola Montpalau porta a terme respecte de la conviv\u00e8ncia s\u00f3n els que segueixen:<\/p>\n<table style=\"width: 946px;\">\n<tbody>\n<tr>\n<td style=\"width: 57.7778px;\"><strong>PDC<\/strong><\/td>\n<td style=\"width: 140px;\"><strong>Projecte de Conviv\u00e8ncia<\/strong><\/td>\n<td style=\"width: 341.111px;\">Document \u00e9s el document de centre que reflecteix les accions que la nostra escola desenvolupa per capacitar tot l&#8217;alumnat i la resta de la comunitat escolar per a la conviv\u00e8ncia i la gesti\u00f3 positiva dels conflictes.<\/p>\n<p>El document que trobareu en aquest portal ha estat compartit amb tots els membres de la comunitat escolar i es presentar\u00e0 al Consell Escolar en sessi\u00f3 ordin\u00e0ria tan bon punt es reprengui l&#8217;activitat ordin\u00e0ria al centre donades les mesures extraordin\u00e0ries preses pel Govern en relaci\u00f3 al COVID-19.<\/td>\n<td style=\"width: 401.111px;\"><a href=\"https:\/\/agora.xtec.cat\/ceip-montpalau-pineda\/wp-content\/uploads\/usu1776\/2020\/03\/PEC_PdC_E_Montpalau_Proposta_CE_16032020.pdf\" target=\"_blank\" rel=\"noopener noreferrer\"><img loading=\"lazy\" decoding=\"async\" class=\"alignnone size-full wp-image-1601\" src=\"https:\/\/agora.xtec.cat\/ceip-montpalau-pineda\/wp-content\/uploads\/usu1776\/2020\/03\/PdC_Montpalau..jpg\" alt=\"\" width=\"584\" height=\"466\" srcset=\"https:\/\/agora.xtec.cat\/ceip-montpalau-pineda\/wp-content\/uploads\/usu1776\/2020\/03\/PdC_Montpalau..jpg 584w, https:\/\/agora.xtec.cat\/ceip-montpalau-pineda\/wp-content\/uploads\/usu1776\/2020\/03\/PdC_Montpalau.-300x239.jpg 300w\" sizes=\"auto, (max-width: 584px) 100vw, 584px\" \/><\/a><\/td>\n<\/tr>\n<tr>\n<td style=\"width: 57.7778px;\"><strong>PCE<\/strong><\/td>\n<td style=\"width: 140px;\"><strong>P<\/strong>la de\u00a0<strong>C<\/strong>onviv\u00e8ncia <strong>E<\/strong>spec\u00edfic.<\/td>\n<td style=\"width: 341.111px;\">Document elaborat per a la promoci\u00f3 de la conviv\u00e8ncia i a l\u2019escola amb i entre\u00a0 tots els membres de la comunitat educativa. S\u2019hi recullen aspectes relacionats amb:<\/p>\n<ul>\n<li style=\"font-family: inherit; font-size: 1em;\">Les actituds i actuacions per al manteniment del clima escolar.<\/li>\n<li style=\"font-family: inherit; font-size: 1em;\">Protocols d\u2019actuaci\u00f3 per a l\u2019aplicaci\u00f3 de mesures correctores.<\/li>\n<li style=\"font-family: inherit; font-size: 1em;\">Assist\u00e8ncia a l\u2019escola.Informaci\u00f3 a les fam\u00edlies.<\/li>\n<\/ul>\n<\/td>\n<td style=\"width: 401.111px;\"><a href=\"https:\/\/agora.xtec.cat\/ceip-montpalau-pineda\/wp-content\/uploads\/usu1776\/2020\/01\/PdC_PCE_Escola_Montpalau_V1_2_180514_w.pdf\"><img loading=\"lazy\" decoding=\"async\" class=\"aligncenter size-full wp-image-1342\" src=\"https:\/\/agora.xtec.cat\/ceip-montpalau-pineda\/wp-content\/uploads\/usu1776\/2020\/01\/NOFC_PCE.png\" alt=\"\" width=\"552\" height=\"437\" srcset=\"https:\/\/agora.xtec.cat\/ceip-montpalau-pineda\/wp-content\/uploads\/usu1776\/2020\/01\/NOFC_PCE.png 552w, https:\/\/agora.xtec.cat\/ceip-montpalau-pineda\/wp-content\/uploads\/usu1776\/2020\/01\/NOFC_PCE-300x238.png 300w\" sizes=\"auto, (max-width: 552px) 100vw, 552px\" \/><\/a><\/td>\n<\/tr>\n<tr>\n<td style=\"width: 57.7778px;\"><strong>PAM<\/strong><\/td>\n<td style=\"width: 140px;\"><strong>P<\/strong>la\u00a0per a la\u00a0<strong>M<\/strong>illora de l\u2019escolaritzaci\u00f3 i de tractament de l\u2019<strong>A<\/strong>bsentisme escolar de Pineda de Mar.<\/td>\n<td style=\"width: 341.111px;\">Document que recull les actuacions que es duran a terme, amb car\u00e0cter general a tots els centres eductius de Pineda de Mar en relaci\u00f3 a l\u2019escolaritzaci\u00f3 i l\u2019absentisme.<\/td>\n<td style=\"width: 401.111px;\"><a href=\"https:\/\/agora.xtec.cat\/ceip-montpalau-pineda\/wp-content\/uploads\/usu1776\/2020\/01\/PdC_PAM_Pineda_de_Mar_Absentisme_190705_W.pdf\"><img loading=\"lazy\" decoding=\"async\" class=\"aligncenter size-full wp-image-1357\" src=\"https:\/\/agora.xtec.cat\/ceip-montpalau-pineda\/wp-content\/uploads\/usu1776\/2020\/01\/NOFC_PAM.png\" alt=\"\" width=\"530\" height=\"351\" srcset=\"https:\/\/agora.xtec.cat\/ceip-montpalau-pineda\/wp-content\/uploads\/usu1776\/2020\/01\/NOFC_PAM.png 530w, https:\/\/agora.xtec.cat\/ceip-montpalau-pineda\/wp-content\/uploads\/usu1776\/2020\/01\/NOFC_PAM-300x199.png 300w\" sizes=\"auto, (max-width: 530px) 100vw, 530px\" \/><\/a><\/td>\n<\/tr>\n<\/tbody>\n<\/table>\n","protected":false},"excerpt":{"rendered":"<p>El respecte a la conviv\u00e8ncia \u00e9s un dels principis rectors del sistema educatiu i s&#8217;identifica amb el respecte als principis democr\u00e0tics de conviv\u00e8ncia ja que les regles de conviv\u00e8ncia al centre s&#8217;han de basar gen\u00e8ricament en els principis democr\u00e0tics i especialment en els principis i normes que deriven d&#8217;aquesta llei. A la Llei Org\u00e0nica 2\/2006, [&hellip;]<\/p>\n","protected":false},"author":6,"featured_media":0,"parent":64,"menu_order":60,"comment_status":"closed","ping_status":"closed","template":"","meta":{"_bbp_topic_count":0,"_bbp_reply_count":0,"_bbp_total_topic_count":0,"_bbp_total_reply_count":0,"_bbp_voice_count":0,"_bbp_anonymous_reply_count":0,"_bbp_topic_count_hidden":0,"_bbp_reply_count_hidden":0,"_bbp_forum_subforum_count":0,"site-sidebar-layout":"default","site-content-layout":"","ast-site-content-layout":"","site-content-style":"default","site-sidebar-style":"default","ast-global-header-display":"","ast-banner-title-visibility":"","ast-main-header-display":"","ast-hfb-above-header-display":"","ast-hfb-below-header-display":"","ast-hfb-mobile-header-display":"","site-post-title":"","ast-breadcrumbs-content":"","ast-featured-img":"","footer-sml-layout":"","theme-transparent-header-meta":"","adv-header-id-meta":"","stick-header-meta":"","header-above-stick-meta":"","header-main-stick-meta":"","header-below-stick-meta":"","astra-migrate-meta-layouts":"default","ast-page-background-enabled":"default","ast-page-background-meta":{"desktop":{"background-color":"var(--ast-global-color-4)","background-image":"","background-repeat":"repeat","background-position":"center center","background-size":"auto","background-attachment":"scroll","background-type":"","background-media":"","overlay-type":"","overlay-color":"","overlay-opacity":"","overlay-gradient":""},"tablet":{"background-color":"","background-image":"","background-repeat":"repeat","background-position":"center center","background-size":"auto","background-attachment":"scroll","background-type":"","background-media":"","overlay-type":"","overlay-color":"","overlay-opacity":"","overlay-gradient":""},"mobile":{"background-color":"","background-image":"","background-repeat":"repeat","background-position":"center center","background-size":"auto","background-attachment":"scroll","background-type":"","background-media":"","overlay-type":"","overlay-color":"","overlay-opacity":"","overlay-gradient":""}},"ast-content-background-meta":{"desktop":{"background-color":"var(--ast-global-color-5)","background-image":"","background-repeat":"repeat","background-position":"center center","background-size":"auto","background-attachment":"scroll","background-type":"","background-media":"","overlay-type":"","overlay-color":"","overlay-opacity":"","overlay-gradient":""},"tablet":{"background-color":"var(--ast-global-color-5)","background-image":"","background-repeat":"repeat","background-position":"center center","background-size":"auto","background-attachment":"scroll","background-type":"","background-media":"","overlay-type":"","overlay-color":"","overlay-opacity":"","overlay-gradient":""},"mobile":{"background-color":"var(--ast-global-color-5)","background-image":"","background-repeat":"repeat","background-position":"center center","background-size":"auto","background-attachment":"scroll","background-type":"","background-media":"","overlay-type":"","overlay-color":"","overlay-opacity":"","overlay-gradient":""}},"footnotes":""},"class_list":["post-1331","page","type-page","status-publish","hentry"],"post_mailing_queue_ids":[],"_links":{"self":[{"href":"https:\/\/agora.xtec.cat\/ceip-montpalau-pineda\/wp-json\/wp\/v2\/pages\/1331","targetHints":{"allow":["GET"]}}],"collection":[{"href":"https:\/\/agora.xtec.cat\/ceip-montpalau-pineda\/wp-json\/wp\/v2\/pages"}],"about":[{"href":"https:\/\/agora.xtec.cat\/ceip-montpalau-pineda\/wp-json\/wp\/v2\/types\/page"}],"author":[{"embeddable":true,"href":"https:\/\/agora.xtec.cat\/ceip-montpalau-pineda\/wp-json\/wp\/v2\/users\/6"}],"replies":[{"embeddable":true,"href":"https:\/\/agora.xtec.cat\/ceip-montpalau-pineda\/wp-json\/wp\/v2\/comments?post=1331"}],"version-history":[{"count":3,"href":"https:\/\/agora.xtec.cat\/ceip-montpalau-pineda\/wp-json\/wp\/v2\/pages\/1331\/revisions"}],"predecessor-version":[{"id":1609,"href":"https:\/\/agora.xtec.cat\/ceip-montpalau-pineda\/wp-json\/wp\/v2\/pages\/1331\/revisions\/1609"}],"up":[{"embeddable":true,"href":"https:\/\/agora.xtec.cat\/ceip-montpalau-pineda\/wp-json\/wp\/v2\/pages\/64"}],"wp:attachment":[{"href":"https:\/\/agora.xtec.cat\/ceip-montpalau-pineda\/wp-json\/wp\/v2\/media?parent=1331"}],"curies":[{"name":"wp","href":"https:\/\/api.w.org\/{rel}","templated":true}]}}