{"id":24,"date":"2014-09-18T12:23:15","date_gmt":"2014-09-18T11:23:15","guid":{"rendered":"http:\/\/agora.xtec.cat\/ceip-montoliu\/?page_id=24"},"modified":"2016-09-22T08:24:38","modified_gmt":"2016-09-22T07:24:38","slug":"on-som","status":"publish","type":"page","link":"https:\/\/agora.xtec.cat\/ceip-montoliu\/lescola\/on-som\/","title":{"rendered":"On som"},"content":{"rendered":"<p style=\"color: #666666;\"><strong>Escola\u00a0Sant Isidre<\/strong><br \/>\nc\/ de la Creu, s\/n<br \/>\n25172 Montoliu de Lleida<\/p>\n<p>Tel. 973 720534<br \/>\nc5003305@xtec.cat<\/p>\n<p><iframe loading=\"lazy\" style=\"border: 0;\" src=\"https:\/\/www.google.com\/maps\/embed?pb=!1m18!1m12!1m3!1d23882.638058658154!2d0.5708137880492271!3d41.56210724569026!2m3!1f0!2f0!3f0!3m2!1i1024!2i768!4f13.1!3m3!1m2!1s0x0%3A0x0!2zNDHCsDMzJzM5LjIiTiAwwrAzNScxOS4yIkU!5e0!3m2!1ses!2ses!4v1474453650091\" width=\"600\" height=\"450\" frameborder=\"0\" allowfullscreen=\"allowfullscreen\"><\/iframe><\/p>\n<p>&nbsp;<\/p>\n<p><strong>Descripci\u00f3:<\/strong><\/p>\n<p>Municipi de la comarca del Segri\u00e0. Esta situat a 10 km de Lleida entre els pobles d\u2019Albat\u00e0rrec i de Sudanell . El seu terme t\u00e9 dues parts ben diferenciades, la part de regadiu, pr\u00f2xima al Segre,regada pel Canal d\u2019Urgell i la S\u00e8quia de Torres . La part de sec\u00e0 pr\u00f2ximament estar\u00e0 regat pel Canal Segarra-Garrigues , En aquesta partida,Tabac, hi unes restes arqueol\u00f2giques. Els sectors d\u2019ocupaci\u00f3 de la poblaci\u00f3 son b\u00e0sicament l\u2019agrari i de serveis.<\/p>\n","protected":false},"excerpt":{"rendered":"<p>Escola\u00a0Sant Isidre<br \/>\nc\/ de la Creu, s\/n<br \/>\n25172 Montoliu de Lleida<br \/>\nTel. 973 720534<br \/>\nc5003305@xtec.cat<\/p>\n<p>&nbsp;<br \/>\nDescripci\u00f3:<br \/>\nMunicipi de la comarca del Segri\u00e0. Esta situat a 10 km de Lleida entre els pobles d\u2019Albat\u00e0rrec i de Sudanell . El seu terme t\u00e9 dues parts ben diferenciades, la part de regadiu, pr\u00f2xima al&hellip;  <a href=\"https:\/\/agora.xtec.cat\/ceip-montoliu\/lescola\/on-som\/\" title=\"Read On som\">Llegeix m\u00e9s\u00bb<\/a><\/p>\n","protected":false},"author":1,"featured_media":0,"parent":22,"menu_order":10,"comment_status":"closed","ping_status":"closed","template":"page-templates\/side-menu.php","meta":{"_bbp_topic_count":0,"_bbp_reply_count":0,"_bbp_total_topic_count":0,"_bbp_total_reply_count":0,"_bbp_voice_count":0,"_bbp_anonymous_reply_count":0,"_bbp_topic_count_hidden":0,"_bbp_reply_count_hidden":0,"_bbp_forum_subforum_count":0,"footnotes":""},"class_list":["post-24","page","type-page","status-publish","hentry"],"post_mailing_queue_ids":[],"_links":{"self":[{"href":"https:\/\/agora.xtec.cat\/ceip-montoliu\/wp-json\/wp\/v2\/pages\/24","targetHints":{"allow":["GET"]}}],"collection":[{"href":"https:\/\/agora.xtec.cat\/ceip-montoliu\/wp-json\/wp\/v2\/pages"}],"about":[{"href":"https:\/\/agora.xtec.cat\/ceip-montoliu\/wp-json\/wp\/v2\/types\/page"}],"author":[{"embeddable":true,"href":"https:\/\/agora.xtec.cat\/ceip-montoliu\/wp-json\/wp\/v2\/users\/1"}],"replies":[{"embeddable":true,"href":"https:\/\/agora.xtec.cat\/ceip-montoliu\/wp-json\/wp\/v2\/comments?post=24"}],"version-history":[{"count":3,"href":"https:\/\/agora.xtec.cat\/ceip-montoliu\/wp-json\/wp\/v2\/pages\/24\/revisions"}],"predecessor-version":[{"id":469,"href":"https:\/\/agora.xtec.cat\/ceip-montoliu\/wp-json\/wp\/v2\/pages\/24\/revisions\/469"}],"up":[{"embeddable":true,"href":"https:\/\/agora.xtec.cat\/ceip-montoliu\/wp-json\/wp\/v2\/pages\/22"}],"wp:attachment":[{"href":"https:\/\/agora.xtec.cat\/ceip-montoliu\/wp-json\/wp\/v2\/media?parent=24"}],"curies":[{"name":"wp","href":"https:\/\/api.w.org\/{rel}","templated":true}]}}