{"id":38,"date":"2014-09-18T12:34:08","date_gmt":"2014-09-18T11:34:08","guid":{"rendered":"http:\/\/agora.xtec.cat\/ceip-montcau-ordal-subirats\/?page_id=38"},"modified":"2022-10-21T12:52:50","modified_gmt":"2022-10-21T10:52:50","slug":"salut","status":"publish","type":"page","link":"https:\/\/agora.xtec.cat\/ceip-montcau-ordal-subirats\/lescola\/salut\/","title":{"rendered":"Salut"},"content":{"rendered":"<p><strong><u>Higiene i salut<br \/>\n<\/u><\/strong><\/p>\n<p>Els alumnes han de mantenir les adequades mesures d\u2019higiene i no poden venir a l\u2019escola amb febre ni amb qualsevol malaltia infecto-contagiosa (conjuntivitis, varicel\u00b7la, grip, angines, polls \u2026) que pugui representar un perill per la salut dels escolars. Quan estigui malalt o tingui febre cal que es quedi a casa perqu\u00e8 necessita un ambient tranquil i pel risc de contagi als companys\/es de classe.\u00a0<strong>Quan aix\u00f2 passi, recordeu-vos d\u2019avisar al\/la tutor\/a.<\/strong><\/p>\n<ul>\n<li>Aix\u00ed mateix, els infants que tinguin polls no poden venir a l\u2019escola fins que hagin realitzat el tractament de desparassitaci\u00f3 adequat per estalviar el perill de contagi als altres companys\/es. A m\u00e9s a m\u00e9s, cal notificar-ho als\/les mestres perqu\u00e8 puguin avisar a la resta de fam\u00edlies de que a l\u2019escola hi ha polls.<\/li>\n<li>En cas de malaltia o de febre alta durant l\u2019estada a l\u2019escola s\u2019avisar\u00e0 a la fam\u00edlia perqu\u00e8 vinguin a buscar a l\u2019alumne.<\/li>\n<li>En cas d\u2019accident, si la cura \u00e9s urgent, l\u2019escola trucar\u00e0 a l\u2019ambul\u00e0ncia i avisar\u00e0 a la fam\u00edlia. Si no \u00e9s urgent \u00e9s notificar\u00e0 a la fam\u00edlia perqu\u00e8 se\u2019n faci c\u00e0rrec.<\/li>\n<li>Procureu no haver d\u2019administrar cap medicament en horari escolar. Tan sols, en aquells casos en que resulti impossible administrar el medicament a casa, el\/la mestre\/a el donar\u00e0 al\/la nen\/a. Per poder-ho fer, cal que doneu al\/la tutor\/a la corresponent <strong>autoritzaci\u00f3 i la recepta del metge. <\/strong>El medicament ha d\u2019estar marcat amb el nom del nen\/a, la classe , la dosi i l\u2019hora.<\/li>\n<\/ul>\n<p><a href=\"https:\/\/agora.xtec.cat\/ceip-montcau-ordal-subirats\/wp-content\/uploads\/usu841\/2019\/12\/depositphotos_21779567-stock-photo-adorable-child-dressed-as-doctor.jpg\"><img loading=\"lazy\" decoding=\"async\" class=\"size-full wp-image-563 aligncenter\" src=\"https:\/\/agora.xtec.cat\/ceip-montcau-ordal-subirats\/wp-content\/uploads\/usu841\/2019\/12\/depositphotos_21779567-stock-photo-adorable-child-dressed-as-doctor.jpg\" alt=\"\" width=\"450\" height=\"395\" srcset=\"https:\/\/agora.xtec.cat\/ceip-montcau-ordal-subirats\/wp-content\/uploads\/usu841\/2019\/12\/depositphotos_21779567-stock-photo-adorable-child-dressed-as-doctor.jpg 450w, https:\/\/agora.xtec.cat\/ceip-montcau-ordal-subirats\/wp-content\/uploads\/usu841\/2019\/12\/depositphotos_21779567-stock-photo-adorable-child-dressed-as-doctor-300x263.jpg 300w\" sizes=\"auto, (max-width: 450px) 100vw, 450px\" \/><\/a><\/p>\n<p>&nbsp;<\/p>\n","protected":false},"excerpt":{"rendered":"<p>Higiene i salut<\/p>\n<p>Els alumnes han de mantenir les adequades mesures d\u2019higiene i no poden venir a l\u2019escola amb febre ni amb qualsevol malaltia infecto-contagiosa (conjuntivitis, varicel\u00b7la, grip, angines, polls \u2026) que pugui representar un perill per la salut dels escolars. Quan estigui malalt o tingui&hellip;  <a href=\"https:\/\/agora.xtec.cat\/ceip-montcau-ordal-subirats\/lescola\/salut\/\" title=\"Read Salut\">Llegeix m\u00e9s\u00bb<\/a><\/p>\n","protected":false},"author":1,"featured_media":0,"parent":22,"menu_order":80,"comment_status":"closed","ping_status":"closed","template":"page-templates\/side-menu.php","meta":{"_bbp_topic_count":0,"_bbp_reply_count":0,"_bbp_total_topic_count":0,"_bbp_total_reply_count":0,"_bbp_voice_count":0,"_bbp_anonymous_reply_count":0,"_bbp_topic_count_hidden":0,"_bbp_reply_count_hidden":0,"_bbp_forum_subforum_count":0,"footnotes":""},"class_list":["post-38","page","type-page","status-publish","hentry"],"post_mailing_queue_ids":[],"_links":{"self":[{"href":"https:\/\/agora.xtec.cat\/ceip-montcau-ordal-subirats\/wp-json\/wp\/v2\/pages\/38","targetHints":{"allow":["GET"]}}],"collection":[{"href":"https:\/\/agora.xtec.cat\/ceip-montcau-ordal-subirats\/wp-json\/wp\/v2\/pages"}],"about":[{"href":"https:\/\/agora.xtec.cat\/ceip-montcau-ordal-subirats\/wp-json\/wp\/v2\/types\/page"}],"author":[{"embeddable":true,"href":"https:\/\/agora.xtec.cat\/ceip-montcau-ordal-subirats\/wp-json\/wp\/v2\/users\/1"}],"replies":[{"embeddable":true,"href":"https:\/\/agora.xtec.cat\/ceip-montcau-ordal-subirats\/wp-json\/wp\/v2\/comments?post=38"}],"version-history":[{"count":4,"href":"https:\/\/agora.xtec.cat\/ceip-montcau-ordal-subirats\/wp-json\/wp\/v2\/pages\/38\/revisions"}],"predecessor-version":[{"id":1300,"href":"https:\/\/agora.xtec.cat\/ceip-montcau-ordal-subirats\/wp-json\/wp\/v2\/pages\/38\/revisions\/1300"}],"up":[{"embeddable":true,"href":"https:\/\/agora.xtec.cat\/ceip-montcau-ordal-subirats\/wp-json\/wp\/v2\/pages\/22"}],"wp:attachment":[{"href":"https:\/\/agora.xtec.cat\/ceip-montcau-ordal-subirats\/wp-json\/wp\/v2\/media?parent=38"}],"curies":[{"name":"wp","href":"https:\/\/api.w.org\/{rel}","templated":true}]}}