{"id":754,"date":"2015-09-08T08:15:20","date_gmt":"2015-09-08T07:15:20","guid":{"rendered":"http:\/\/agora.xtec.cat\/ceip-molidevent\/?page_id=754"},"modified":"2022-09-30T12:28:50","modified_gmt":"2022-09-30T10:28:50","slug":"754-2","status":"publish","type":"page","link":"https:\/\/agora.xtec.cat\/ceip-molidevent\/lescola\/754-2\/","title":{"rendered":"Normes b\u00e0siques de funcionament"},"content":{"rendered":"<div class=\"content-layout column1\">\n<div class=\"content-area-center\">\n<div class=\"content-paragraph\">\n<p>1. Les portes del recinte s&#8217;obren 5 minuts abans de les 8:30 del mat\u00ed i de les 3 de la tarda i es tanquen, aproximadament, 5 minuts m\u00e9s tard de les 8:30 i de les 3. Cal ser molt puntual i s&#8217;haur\u00e0 de justificar documentalment en cas de retard.<\/p>\n<p>2. A les 12 i a les 16:30 hores sortiran tots els alumnes menys els que es quedin al menjador, SEP o activitats extraescolars.<\/p>\n<p>3. Els alumnes de Cicle Superior i Cicle Inicial entraran i sortiran per la porta principal del recinte. Cicle Mitj\u00e0 i P5 entraran i sortiran per la porta de l&#8217;antic p\u00e0rquing. Els alumnes de P3 i P4 ho faran per la porta d&#8217;Infantil.<\/p>\n<p>4. Els pares quan acompanyin els seus fills s&#8217;abstindran d&#8217;entrar al recinte escolar si no \u00e9s per una causa molt justificada.<\/p>\n<p>5. En horari escolar no s\u00f3n permeses les visites als professors i alumnes, excepte quan siguin convocats per un professor\/a.<\/p>\n<p>6. S&#8217;autoritzar\u00e0 la sortida d&#8217;un alumne sempre que el vingui a buscar els seus pares. Sempre que es pugui, ho han de sol\u00b7licitar pr\u00e8viament per escrit.<\/p>\n<p>7. Les faltes d&#8217;assist\u00e8ncia dels alumnes s&#8217;hauran de justificar per escrit al professor\/a en el moment de la reincorporaci\u00f3 de l&#8217;alumne a la classe i, si \u00e9s possible prevenir la falta d&#8217;assist\u00e8ncia, la justificaran amb antelaci\u00f3.<\/p>\n<p>8. Per concertar una entrevista amb un\/a professor\/a ho podeu fer amb una nota escrita o a trav\u00e9s de l&#8217;agenda escolar. En cas de ser convocats heu d&#8217;assistir-hi, i en cas d&#8217;impossibilitat, cal notificar-ho amb antelaci\u00f3.<\/p>\n<p>9. Els alumnes que tinguin una malaltia infecto-contagiosa o un brot de &#8220;polls&#8221; han de romandre a casa fins que aquest fet no sigui un perill de contagi per als seus companys.<\/p>\n<p>10. S&#8217;evitar\u00e0 en tot el possible que el professorat de l&#8217;escola hagi de subministrar medicaments als alumnes. En cas que una malaltia inevitable ho requereixi, caldr\u00e0 portar, juntament amb la medicaci\u00f3, la prescripci\u00f3 m\u00e8dica i l&#8217;autoritzaci\u00f3 dels pares.<\/p>\n<p>11. Els alumnes han d&#8217;assistir a les classes d&#8217;Educaci\u00f3 F\u00edsica amb el xandall de l&#8217;escola o un altre.<\/p>\n<p>12. Els canvis de dades dels alumnes (domicili, tel\u00e8fon,&#8230;) s&#8217;han de notificar a secretaria del centre.<\/p>\n<p>13. Els alumnes no podran disposar de m\u00f2bils a l&#8217;escola, ni a les sortides escolars, ja que sempre estan localitzables.<\/p>\n<p>14. La roba d&#8217;esport, jaquetes,&#8230; ha d&#8217;anar marcada amb el nom.<\/p>\n<p>15. Les sortides s\u00f3n una activitat complement\u00e0ria de l&#8217;aprenentatge a l&#8217;aula i del proc\u00e9s educatiu. Cal l&#8217;esfor\u00e7 dels pares en aquest sentit.<\/p>\n<p>16. Els alumnes que durant el curs escolar vagin de vacances per voluntat pr\u00f2pia o tinguin una malaltia de curta durada, no se&#8217;ls posar\u00e0 deures per part dels professors.<\/p>\n<p>17. Tots els temes relacionats amb els alumnes s&#8217;han de tractar directament i en primera inst\u00e0ncia amb el tutor\/a corresponent.<\/p>\n<\/div>\n<\/div>\n<\/div>\n<p>&nbsp;<\/p>\n","protected":false},"excerpt":{"rendered":"<p>1. Les portes del recinte s&#8217;obren 5 minuts abans de les 8:30 del mat\u00ed i de les 3 de la tarda i es tanquen, aproximadament, 5 minuts m\u00e9s tard de les 8:30 i de les 3. Cal ser molt puntual i s&#8217;haur\u00e0 de justificar documentalment&hellip;  <a href=\"https:\/\/agora.xtec.cat\/ceip-molidevent\/lescola\/754-2\/\" title=\"Read Normes b\u00e0siques de funcionament\">Llegeix m\u00e9s\u00bb<\/a><\/p>\n","protected":false},"author":1,"featured_media":0,"parent":22,"menu_order":0,"comment_status":"closed","ping_status":"closed","template":"page-templates\/side-menu.php","meta":{"_bbp_topic_count":0,"_bbp_reply_count":0,"_bbp_total_topic_count":0,"_bbp_total_reply_count":0,"_bbp_voice_count":0,"_bbp_anonymous_reply_count":0,"_bbp_topic_count_hidden":0,"_bbp_reply_count_hidden":0,"_bbp_forum_subforum_count":0,"footnotes":""},"class_list":["post-754","page","type-page","status-publish","hentry"],"post_mailing_queue_ids":[],"_links":{"self":[{"href":"https:\/\/agora.xtec.cat\/ceip-molidevent\/wp-json\/wp\/v2\/pages\/754","targetHints":{"allow":["GET"]}}],"collection":[{"href":"https:\/\/agora.xtec.cat\/ceip-molidevent\/wp-json\/wp\/v2\/pages"}],"about":[{"href":"https:\/\/agora.xtec.cat\/ceip-molidevent\/wp-json\/wp\/v2\/types\/page"}],"author":[{"embeddable":true,"href":"https:\/\/agora.xtec.cat\/ceip-molidevent\/wp-json\/wp\/v2\/users\/1"}],"replies":[{"embeddable":true,"href":"https:\/\/agora.xtec.cat\/ceip-molidevent\/wp-json\/wp\/v2\/comments?post=754"}],"version-history":[{"count":3,"href":"https:\/\/agora.xtec.cat\/ceip-molidevent\/wp-json\/wp\/v2\/pages\/754\/revisions"}],"predecessor-version":[{"id":4984,"href":"https:\/\/agora.xtec.cat\/ceip-molidevent\/wp-json\/wp\/v2\/pages\/754\/revisions\/4984"}],"up":[{"embeddable":true,"href":"https:\/\/agora.xtec.cat\/ceip-molidevent\/wp-json\/wp\/v2\/pages\/22"}],"wp:attachment":[{"href":"https:\/\/agora.xtec.cat\/ceip-molidevent\/wp-json\/wp\/v2\/media?parent=754"}],"curies":[{"name":"wp","href":"https:\/\/api.w.org\/{rel}","templated":true}]}}

Normes bàsiques de funcionament

<div class="content-layout column1">
<div class="content-area-center">
<div class="content-paragraph">
<p>1. Les portes del recinte s&#8217;obren 5 minuts abans de les 8:30 del matí i de les 3 de la tarda i es tanquen, aproximadament, 5 minuts més tard de les 8:30 i de les 3. Cal ser molt puntual i s&#8217;haurà de justificar documentalment en cas de retard.</p>
<p>2. A les 12 i a les 16:30 hores sortiran tots els alumnes menys els que es quedin al menjador, SEP o activitats extraescolars.</p>
<p>3. Els alumnes de Cicle Superior i Cicle Inicial entraran i sortiran per la porta principal del recinte. Cicle Mitjà i P5 entraran i sortiran per la porta de l&#8217;antic pàrquing. Els alumnes de P3 i P4 ho faran per la porta d&#8217;Infantil.</p>
<p>4. Els pares quan acompanyin els seus fills s&#8217;abstindran d&#8217;entrar al recinte escolar si no és per una causa molt justificada.</p>
<p>5. En horari escolar no són permeses les visites als professors i alumnes, excepte quan siguin convocats per un professor/a.</p>
<p>6. S&#8217;autoritzarà la sortida d&#8217;un alumne sempre que el vingui a buscar els seus pares. Sempre que es pugui, ho han de sol·licitar prèviament per escrit.</p>
<p>7. Les faltes d&#8217;assistència dels alumnes s&#8217;hauran de justificar per escrit al professor/a en el moment de la reincorporació de l&#8217;alumne a la classe i, si és possible prevenir la falta d&#8217;assistència, la justificaran amb antelació.</p>
<p>8. Per concertar una entrevista amb un/a professor/a ho podeu fer amb una nota escrita o a través de l&#8217;agenda escolar. En cas de ser convocats heu d&#8217;assistir-hi, i en cas d&#8217;impossibilitat, cal notificar-ho amb antelació.</p>
<p>9. Els alumnes que tinguin una malaltia infecto-contagiosa o un brot de &#8220;polls&#8221; han de romandre a casa fins que aquest fet no sigui un perill de contagi per als seus companys.</p>
<p>10. S&#8217;evitarà en tot el possible que el professorat de l&#8217;escola hagi de subministrar medicaments als alumnes. En cas que una malaltia inevitable ho requereixi, caldrà portar, juntament amb la medicació, la prescripció mèdica i l&#8217;autorització dels pares.</p>
<p>11. Els alumnes han d&#8217;assistir a les classes d&#8217;Educació Física amb el xandall de l&#8217;escola o un altre.</p>
<p>12. Els canvis de dades dels alumnes (domicili, telèfon,&#8230;) s&#8217;han de notificar a secretaria del centre.</p>
<p>13. Els alumnes no podran disposar de mòbils a l&#8217;escola, ni a les sortides escolars, ja que sempre estan localitzables.</p>
<p>14. La roba d&#8217;esport, jaquetes,&#8230; ha d&#8217;anar marcada amb el nom.</p>
<p>15. Les sortides són una activitat complementària de l&#8217;aprenentatge a l&#8217;aula i del procés educatiu. Cal l&#8217;esforç dels pares en aquest sentit.</p>
<p>16. Els alumnes que durant el curs escolar vagin de vacances per voluntat pròpia o tinguin una malaltia de curta durada, no se&#8217;ls posarà deures per part dels professors.</p>
<p>17. Tots els temes relacionats amb els alumnes s&#8217;han de tractar directament i en primera instància amb el tutor/a corresponent.</p>
</div>
</div>
</div>
<p>&nbsp;</p>

<p>1. Les portes del recinte s&#8217;obren 5 minuts abans de les 8:30 del matí i de les 3 de la tarda i es tanquen, aproximadament, 5 minuts més tard de les 8:30 i de les 3. Cal ser molt puntual i s&#8217;haurà de justificar documentalment&hellip;  <a href="https://agora.xtec.cat/ceip-molidevent/lescola/754-2/" title="Read Normes bàsiques de funcionament">Llegeix més»</a></p>
