{"id":353,"date":"2015-04-08T21:45:04","date_gmt":"2015-04-08T20:45:04","guid":{"rendered":"http:\/\/agora.xtec.cat\/ceip-molidevent\/?page_id=353"},"modified":"2015-04-08T21:45:04","modified_gmt":"2015-04-08T20:45:04","slug":"canco-de-lescola-i-lipdub","status":"publish","type":"page","link":"https:\/\/agora.xtec.cat\/ceip-molidevent\/25-anys\/canco-de-lescola-i-lipdub\/","title":{"rendered":"Can\u00e7\u00f3 de l&#8217;escola i lipdub."},"content":{"rendered":"<p>Una de les activitats per celebrar el 25\u00e8 aniversari ha sigut la gravaci\u00f3 d&#8217;un lipdub amb la can\u00e7\u00f3 de l&#8217;escola, tamb\u00e9 composta per l&#8217;ocasi\u00f3.<\/p>\n<p>Per poder fer-ho, els alumnes de l&#8217;escola van escriure la lletra de la can\u00e7\u00f3 que fa de fil conductor, i amb la col\u00b7laboraci\u00f3 dels mestres de m\u00fasica de l&#8217;escola, i del Gerard Torres i del Daniel Ca\u00f1ellas, van poder gravar la can\u00e7\u00f3.<\/p>\n<p>Quan ja va estar enllestida, la Carolina Cubota, ex-alumna de l&#8217;escola, es va oferir per ajudar-nos a gravar el lipdub. Els nens i nenes s&#8217;ho van passar molt b\u00e9 fent la gravaci\u00f3!<\/p>\n<p>A continuaci\u00f3 podeu veure el resultat, a veure qu\u00e8 us sembla!<\/p>\n<p>&nbsp;<\/p>\n<p><iframe loading=\"lazy\" src=\"https:\/\/www.youtube.com\/embed\/Off7bytoEmA\" width=\"854\" height=\"510\" frameborder=\"0\" allowfullscreen=\"allowfullscreen\"><\/iframe><\/p>\n<p>&nbsp;<\/p>\n<p>&nbsp;<\/p>\n<p><iframe loading=\"lazy\" src=\"https:\/\/www.youtube.com\/embed\/Tn7ZU4AIRyo\" width=\"854\" height=\"510\" frameborder=\"0\" allowfullscreen=\"allowfullscreen\"><\/iframe><\/p>\n","protected":false},"excerpt":{"rendered":"<p>Una de les activitats per celebrar el 25\u00e8 aniversari ha sigut la gravaci\u00f3 d&#8217;un lipdub amb la can\u00e7\u00f3 de l&#8217;escola, tamb\u00e9 composta per l&#8217;ocasi\u00f3.<br \/>\nPer poder fer-ho, els alumnes de l&#8217;escola van escriure la lletra de la can\u00e7\u00f3 que fa de fil conductor, i amb la&hellip;  <a href=\"https:\/\/agora.xtec.cat\/ceip-molidevent\/25-anys\/canco-de-lescola-i-lipdub\/\" title=\"Read Can\u00e7\u00f3 de l&#8217;escola i lipdub.\">Llegeix m\u00e9s\u00bb<\/a><\/p>\n","protected":false},"author":1,"featured_media":0,"parent":342,"menu_order":0,"comment_status":"closed","ping_status":"closed","template":"page-templates\/side-menu.php","meta":{"_bbp_topic_count":0,"_bbp_reply_count":0,"_bbp_total_topic_count":0,"_bbp_total_reply_count":0,"_bbp_voice_count":0,"_bbp_anonymous_reply_count":0,"_bbp_topic_count_hidden":0,"_bbp_reply_count_hidden":0,"_bbp_forum_subforum_count":0,"footnotes":""},"class_list":["post-353","page","type-page","status-publish","hentry"],"post_mailing_queue_ids":[],"_links":{"self":[{"href":"https:\/\/agora.xtec.cat\/ceip-molidevent\/wp-json\/wp\/v2\/pages\/353","targetHints":{"allow":["GET"]}}],"collection":[{"href":"https:\/\/agora.xtec.cat\/ceip-molidevent\/wp-json\/wp\/v2\/pages"}],"about":[{"href":"https:\/\/agora.xtec.cat\/ceip-molidevent\/wp-json\/wp\/v2\/types\/page"}],"author":[{"embeddable":true,"href":"https:\/\/agora.xtec.cat\/ceip-molidevent\/wp-json\/wp\/v2\/users\/1"}],"replies":[{"embeddable":true,"href":"https:\/\/agora.xtec.cat\/ceip-molidevent\/wp-json\/wp\/v2\/comments?post=353"}],"version-history":[{"count":1,"href":"https:\/\/agora.xtec.cat\/ceip-molidevent\/wp-json\/wp\/v2\/pages\/353\/revisions"}],"predecessor-version":[{"id":354,"href":"https:\/\/agora.xtec.cat\/ceip-molidevent\/wp-json\/wp\/v2\/pages\/353\/revisions\/354"}],"up":[{"embeddable":true,"href":"https:\/\/agora.xtec.cat\/ceip-molidevent\/wp-json\/wp\/v2\/pages\/342"}],"wp:attachment":[{"href":"https:\/\/agora.xtec.cat\/ceip-molidevent\/wp-json\/wp\/v2\/media?parent=353"}],"curies":[{"name":"wp","href":"https:\/\/api.w.org\/{rel}","templated":true}]}}

Cançó de l&#8217;escola i lipdub.

<p>Una de les activitats per celebrar el 25è aniversari ha sigut la gravació d&#8217;un lipdub amb la cançó de l&#8217;escola, també composta per l&#8217;ocasió.</p>
<p>Per poder fer-ho, els alumnes de l&#8217;escola van escriure la lletra de la cançó que fa de fil conductor, i amb la col·laboració dels mestres de música de l&#8217;escola, i del Gerard Torres i del Daniel Cañellas, van poder gravar la cançó.</p>
<p>Quan ja va estar enllestida, la Carolina Cubota, ex-alumna de l&#8217;escola, es va oferir per ajudar-nos a gravar el lipdub. Els nens i nenes s&#8217;ho van passar molt bé fent la gravació!</p>
<p>A continuació podeu veure el resultat, a veure què us sembla!</p>
<p>&nbsp;</p>
<p><iframe loading="lazy" src="https://www.youtube.com/embed/Off7bytoEmA" width="854" height="510" frameborder="0" allowfullscreen="allowfullscreen"></iframe></p>
<p>&nbsp;</p>
<p>&nbsp;</p>
<p><iframe loading="lazy" src="https://www.youtube.com/embed/Tn7ZU4AIRyo" width="854" height="510" frameborder="0" allowfullscreen="allowfullscreen"></iframe></p>

<p>Una de les activitats per celebrar el 25è aniversari ha sigut la gravació d&#8217;un lipdub amb la cançó de l&#8217;escola, també composta per l&#8217;ocasió.<br />
Per poder fer-ho, els alumnes de l&#8217;escola van escriure la lletra de la cançó que fa de fil conductor, i amb la&hellip;  <a href="https://agora.xtec.cat/ceip-molidevent/25-anys/canco-de-lescola-i-lipdub/" title="Read Cançó de l&#8217;escola i lipdub.">Llegeix més»</a></p>
