{"id":264,"date":"2015-06-07T20:21:21","date_gmt":"2015-06-07T19:21:21","guid":{"rendered":"http:\/\/agora.xtec.cat\/ceip-mogent\/?page_id=264"},"modified":"2019-11-16T08:57:54","modified_gmt":"2019-11-16T07:57:54","slug":"escola-verda","status":"publish","type":"page","link":"https:\/\/agora.xtec.cat\/ceip-mogent\/projecte-educatiu\/projectes-de-lescola\/escola-verda\/","title":{"rendered":"Ci\u00e8ncies"},"content":{"rendered":"<p style=\"text-align: center;\"><a href=\"https:\/\/plus.google.com\/photos\/100392483675198201981\/albums\/5977635152961978353?banner=pwa\" target=\"_blank\" rel=\"noopener noreferrer\"><img loading=\"lazy\" decoding=\"async\" class=\"alignnone size-thumbnail wp-image-489\" src=\"http:\/\/agora.xtec.cat\/ceip-mogent\/wp-content\/uploads\/usu40\/2015\/06\/P1220104-150x150.jpg\" alt=\"P1220104\" width=\"150\" height=\"150\" \/><\/a> \u00a0\u00a0 <a href=\"https:\/\/plus.google.com\/photos\/100392483675198201981\/albums\/6104287681720590641?banner=pwa\" target=\"_blank\" rel=\"noopener noreferrer\"><img loading=\"lazy\" decoding=\"async\" class=\"alignnone size-thumbnail wp-image-488\" src=\"http:\/\/agora.xtec.cat\/ceip-mogent\/wp-content\/uploads\/usu40\/2015\/06\/IMG_3820-150x150.jpg\" alt=\"IMG_3820\" width=\"150\" height=\"150\" \/><\/a> \u00a0\u00a0 <a href=\"https:\/\/plus.google.com\/photos\/100392483675198201981\/albums\/6064209160108419969?banner=pwa\" target=\"_blank\" rel=\"noopener noreferrer\"><img loading=\"lazy\" decoding=\"async\" class=\"alignnone size-thumbnail wp-image-494\" src=\"http:\/\/agora.xtec.cat\/ceip-mogent\/wp-content\/uploads\/usu40\/2015\/06\/P9200043-150x150.jpg\" alt=\"P9200043\" width=\"150\" height=\"150\" \/><\/a><\/p>\n<p>A les \u00e0rees de matem\u00e0tiques i medi volem desenvolupar l&#8217;actitud de la &#8220;curiositat curosa&#8221; en els nens i nenes. Curiositat per con\u00e8ixer i investigar el m\u00f3n que ens envolta, que es pot comptar i mesurar amb precisi\u00f3 i exactitud.<\/p>\n<p>Per aix\u00f2, hem de transmetre als nens i les nenes que les matem\u00e0tiques s\u00f3n indispensables per al progr\u00e9s de la ci\u00e8ncia i la humanitat, buscant noves solucions, ja que qualsevol nou avan\u00e7 cient\u00edfic ha sortit d&#8217;una nova aud\u00e0cia de la imaginaci\u00f3.<\/p>\n<p>Aquest progr\u00e9s \u00e9s fruit de comprendre les matem\u00e0tiques i les <a href=\"http:\/\/mogent4r.blogspot.com.es\/\" target=\"_blank\" rel=\"noopener noreferrer\">ci\u00e8ncies<\/a>, considerar-les un repte personal i aplicar-les amb efic\u00e0cia a la seva vida.<\/p>\n<p>Per tant la nostra proposta radica en l\u2019ensenyament de les matem\u00e0tiques partint de la utilitat quotidiana. Aix\u00f2 implica l\u2019\u00fas d\u2019instruments i materials diversos i manipulables, per poder desenvolupar les compet\u00e8ncies matem\u00e0tiques i a la vegada estimular la curiositat i la creativitat de cada nen i nena.<\/p>\n<p style=\"text-align: center;\"><a href=\"https:\/\/plus.google.com\/photos\/100392483675198201981\/albums\/6074529947464303153?banner=pwa\" target=\"_blank\" rel=\"noopener noreferrer\"><img loading=\"lazy\" decoding=\"async\" class=\"alignnone size-thumbnail wp-image-491\" src=\"http:\/\/agora.xtec.cat\/ceip-mogent\/wp-content\/uploads\/usu40\/2015\/06\/PA1600211-150x150.jpg\" alt=\"PA160021\" width=\"150\" height=\"150\" \/><\/a> \u00a0\u00a0 <a href=\"https:\/\/plus.google.com\/photos\/100392483675198201981\/albums\/6104287681720590641?banner=pwa\" target=\"_blank\" rel=\"noopener noreferrer\"><img loading=\"lazy\" decoding=\"async\" class=\"alignnone size-thumbnail wp-image-493\" src=\"http:\/\/agora.xtec.cat\/ceip-mogent\/wp-content\/uploads\/usu40\/2015\/06\/P6130023-150x150.jpg\" alt=\"P6130023\" width=\"150\" height=\"150\" \/><\/a>\u00a0 \u00a0 <a href=\"https:\/\/plus.google.com\/photos\/100392483675198201981\/albums\/6000617764947642609?banner=pwa\" target=\"_blank\" rel=\"noopener noreferrer\"><img loading=\"lazy\" decoding=\"async\" class=\"alignnone size-thumbnail wp-image-492\" src=\"http:\/\/agora.xtec.cat\/ceip-mogent\/wp-content\/uploads\/usu40\/2015\/06\/P4090263-150x150.jpg\" alt=\"P4090263\" width=\"150\" height=\"150\" \/><\/a><\/p>\n","protected":false},"excerpt":{"rendered":"<p>\u00a0\u00a0 \u00a0\u00a0 A les \u00e0rees de matem\u00e0tiques i medi volem desenvolupar l&#8217;actitud de la &#8220;curiositat curosa&#8221; en els nens i nenes. Curiositat per con\u00e8ixer i investigar el m\u00f3n que ens envolta, que es pot comptar i mesurar amb precisi\u00f3 i exactitud. Per aix\u00f2, hem de transmetre als nens i les nenes que les matem\u00e0tiques s\u00f3n [&hellip;]<\/p>\n","protected":false},"author":1,"featured_media":0,"parent":1278,"menu_order":3,"comment_status":"closed","ping_status":"closed","template":"page-templates\/side-menu.php","meta":{"_bbp_topic_count":0,"_bbp_reply_count":0,"_bbp_total_topic_count":0,"_bbp_total_reply_count":0,"_bbp_voice_count":0,"_bbp_anonymous_reply_count":0,"_bbp_topic_count_hidden":0,"_bbp_reply_count_hidden":0,"_bbp_forum_subforum_count":0,"site-sidebar-layout":"default","site-content-layout":"","ast-site-content-layout":"","site-content-style":"default","site-sidebar-style":"default","ast-global-header-display":"","ast-banner-title-visibility":"","ast-main-header-display":"","ast-hfb-above-header-display":"","ast-hfb-below-header-display":"","ast-hfb-mobile-header-display":"","site-post-title":"","ast-breadcrumbs-content":"","ast-featured-img":"","footer-sml-layout":"","theme-transparent-header-meta":"","adv-header-id-meta":"","stick-header-meta":"","header-above-stick-meta":"","header-main-stick-meta":"","header-below-stick-meta":"","astra-migrate-meta-layouts":"default","ast-page-background-enabled":"default","ast-page-background-meta":{"desktop":{"background-color":"var(--ast-global-color-4)","background-image":"","background-repeat":"repeat","background-position":"center center","background-size":"auto","background-attachment":"scroll","background-type":"","background-media":"","overlay-type":"","overlay-color":"","overlay-opacity":"","overlay-gradient":""},"tablet":{"background-color":"","background-image":"","background-repeat":"repeat","background-position":"center center","background-size":"auto","background-attachment":"scroll","background-type":"","background-media":"","overlay-type":"","overlay-color":"","overlay-opacity":"","overlay-gradient":""},"mobile":{"background-color":"","background-image":"","background-repeat":"repeat","background-position":"center center","background-size":"auto","background-attachment":"scroll","background-type":"","background-media":"","overlay-type":"","overlay-color":"","overlay-opacity":"","overlay-gradient":""}},"ast-content-background-meta":{"desktop":{"background-color":"var(--ast-global-color-5)","background-image":"","background-repeat":"repeat","background-position":"center center","background-size":"auto","background-attachment":"scroll","background-type":"","background-media":"","overlay-type":"","overlay-color":"","overlay-opacity":"","overlay-gradient":""},"tablet":{"background-color":"var(--ast-global-color-5)","background-image":"","background-repeat":"repeat","background-position":"center center","background-size":"auto","background-attachment":"scroll","background-type":"","background-media":"","overlay-type":"","overlay-color":"","overlay-opacity":"","overlay-gradient":""},"mobile":{"background-color":"var(--ast-global-color-5)","background-image":"","background-repeat":"repeat","background-position":"center center","background-size":"auto","background-attachment":"scroll","background-type":"","background-media":"","overlay-type":"","overlay-color":"","overlay-opacity":"","overlay-gradient":""}},"footnotes":""},"class_list":["post-264","page","type-page","status-publish","hentry"],"post_mailing_queue_ids":[],"_links":{"self":[{"href":"https:\/\/agora.xtec.cat\/ceip-mogent\/wp-json\/wp\/v2\/pages\/264","targetHints":{"allow":["GET"]}}],"collection":[{"href":"https:\/\/agora.xtec.cat\/ceip-mogent\/wp-json\/wp\/v2\/pages"}],"about":[{"href":"https:\/\/agora.xtec.cat\/ceip-mogent\/wp-json\/wp\/v2\/types\/page"}],"author":[{"embeddable":true,"href":"https:\/\/agora.xtec.cat\/ceip-mogent\/wp-json\/wp\/v2\/users\/1"}],"replies":[{"embeddable":true,"href":"https:\/\/agora.xtec.cat\/ceip-mogent\/wp-json\/wp\/v2\/comments?post=264"}],"version-history":[{"count":4,"href":"https:\/\/agora.xtec.cat\/ceip-mogent\/wp-json\/wp\/v2\/pages\/264\/revisions"}],"predecessor-version":[{"id":1969,"href":"https:\/\/agora.xtec.cat\/ceip-mogent\/wp-json\/wp\/v2\/pages\/264\/revisions\/1969"}],"up":[{"embeddable":true,"href":"https:\/\/agora.xtec.cat\/ceip-mogent\/wp-json\/wp\/v2\/pages\/1278"}],"wp:attachment":[{"href":"https:\/\/agora.xtec.cat\/ceip-mogent\/wp-json\/wp\/v2\/media?parent=264"}],"curies":[{"name":"wp","href":"https:\/\/api.w.org\/{rel}","templated":true}]}}