{"id":2638,"date":"2021-03-07T09:47:21","date_gmt":"2021-03-07T08:47:21","guid":{"rendered":"https:\/\/agora.xtec.cat\/ceip-mogent\/?page_id=2638"},"modified":"2022-06-14T16:55:31","modified_gmt":"2022-06-14T14:55:31","slug":"centre-formador","status":"publish","type":"page","link":"https:\/\/agora.xtec.cat\/ceip-mogent\/projecte-educatiu\/projectes-de-lescola\/centre-formador\/","title":{"rendered":"Centre Formador"},"content":{"rendered":"<p>Oferim pr\u00e0ctiques pels estudiants universitaris de <strong>Grau de Mestre<\/strong> de totes les especialitats.<\/p>\n<p>Tamb\u00e9 som centre formador per estudiants de <strong>cicles formatius de Grau Mitj\u00e0 i Superior<\/strong> (T\u00e8cnic d&#8217;Integraci\u00f3 Social, T\u00e8cnic en Educaci\u00f3 Infantil, Atenci\u00f3 a persones en situaci\u00f3 de depend\u00e8ncia, i els relacionats amb esport)<\/p>\n<div>\n<p><a href=\"https:\/\/agora.xtec.cat\/ceip-mogent\/wp-content\/uploads\/usu40\/2021\/03\/Consells-per-fer-unes-bones-pra%CC%80ctiques.pdf\"><span style=\"color: #008000;\"><strong>Consells per fer unes bones pr\u00e0ctiques<\/strong><\/span><\/a><\/p>\n<\/div>\n<div><\/div>\n<p><a href=\"https:\/\/agora.xtec.cat\/ceip-mogent\/wp-content\/uploads\/usu40\/2021\/03\/Actuacions-per-lacompanyament-per-a-lestudiant-en-pr%C3%A0ctiques-Escola-Mogent-1.pdf\"><span style=\"color: #008000;\"><strong>Quin acompanyament et farem?<\/strong><\/span><\/a><\/p>\n<p>Si vols saber-ne m\u00e9s, consulta tots els apartats del nostre <a href=\"https:\/\/agora.xtec.cat\/ceip-mogent\/projecte-educatiu\/\"><span style=\"color: #008000;\"><strong>Projecte Educatiu<\/strong><\/span><\/a>.<\/p>\n<p>&nbsp;<\/p>\n","protected":false},"excerpt":{"rendered":"<p>Oferim pr\u00e0ctiques pels estudiants universitaris de Grau de Mestre de totes les especialitats. Tamb\u00e9 som centre formador per estudiants de cicles formatius de Grau Mitj\u00e0 i Superior (T\u00e8cnic d&#8217;Integraci\u00f3 Social, T\u00e8cnic en Educaci\u00f3 Infantil, Atenci\u00f3 a persones en situaci\u00f3 de depend\u00e8ncia, i els relacionats amb esport) Consells per fer unes bones pr\u00e0ctiques Quin acompanyament et [&hellip;]<\/p>\n","protected":false},"author":1,"featured_media":0,"parent":1278,"menu_order":9,"comment_status":"closed","ping_status":"closed","template":"page-templates\/side-menu.php","meta":{"_bbp_topic_count":0,"_bbp_reply_count":0,"_bbp_total_topic_count":0,"_bbp_total_reply_count":0,"_bbp_voice_count":0,"_bbp_anonymous_reply_count":0,"_bbp_topic_count_hidden":0,"_bbp_reply_count_hidden":0,"_bbp_forum_subforum_count":0,"site-sidebar-layout":"default","site-content-layout":"","ast-site-content-layout":"","site-content-style":"default","site-sidebar-style":"default","ast-global-header-display":"","ast-banner-title-visibility":"","ast-main-header-display":"","ast-hfb-above-header-display":"","ast-hfb-below-header-display":"","ast-hfb-mobile-header-display":"","site-post-title":"","ast-breadcrumbs-content":"","ast-featured-img":"","footer-sml-layout":"","theme-transparent-header-meta":"","adv-header-id-meta":"","stick-header-meta":"","header-above-stick-meta":"","header-main-stick-meta":"","header-below-stick-meta":"","astra-migrate-meta-layouts":"default","ast-page-background-enabled":"default","ast-page-background-meta":{"desktop":{"background-color":"var(--ast-global-color-4)","background-image":"","background-repeat":"repeat","background-position":"center center","background-size":"auto","background-attachment":"scroll","background-type":"","background-media":"","overlay-type":"","overlay-color":"","overlay-opacity":"","overlay-gradient":""},"tablet":{"background-color":"","background-image":"","background-repeat":"repeat","background-position":"center center","background-size":"auto","background-attachment":"scroll","background-type":"","background-media":"","overlay-type":"","overlay-color":"","overlay-opacity":"","overlay-gradient":""},"mobile":{"background-color":"","background-image":"","background-repeat":"repeat","background-position":"center center","background-size":"auto","background-attachment":"scroll","background-type":"","background-media":"","overlay-type":"","overlay-color":"","overlay-opacity":"","overlay-gradient":""}},"ast-content-background-meta":{"desktop":{"background-color":"var(--ast-global-color-5)","background-image":"","background-repeat":"repeat","background-position":"center center","background-size":"auto","background-attachment":"scroll","background-type":"","background-media":"","overlay-type":"","overlay-color":"","overlay-opacity":"","overlay-gradient":""},"tablet":{"background-color":"var(--ast-global-color-5)","background-image":"","background-repeat":"repeat","background-position":"center center","background-size":"auto","background-attachment":"scroll","background-type":"","background-media":"","overlay-type":"","overlay-color":"","overlay-opacity":"","overlay-gradient":""},"mobile":{"background-color":"var(--ast-global-color-5)","background-image":"","background-repeat":"repeat","background-position":"center center","background-size":"auto","background-attachment":"scroll","background-type":"","background-media":"","overlay-type":"","overlay-color":"","overlay-opacity":"","overlay-gradient":""}},"footnotes":""},"class_list":["post-2638","page","type-page","status-publish","hentry"],"post_mailing_queue_ids":[],"_links":{"self":[{"href":"https:\/\/agora.xtec.cat\/ceip-mogent\/wp-json\/wp\/v2\/pages\/2638","targetHints":{"allow":["GET"]}}],"collection":[{"href":"https:\/\/agora.xtec.cat\/ceip-mogent\/wp-json\/wp\/v2\/pages"}],"about":[{"href":"https:\/\/agora.xtec.cat\/ceip-mogent\/wp-json\/wp\/v2\/types\/page"}],"author":[{"embeddable":true,"href":"https:\/\/agora.xtec.cat\/ceip-mogent\/wp-json\/wp\/v2\/users\/1"}],"replies":[{"embeddable":true,"href":"https:\/\/agora.xtec.cat\/ceip-mogent\/wp-json\/wp\/v2\/comments?post=2638"}],"version-history":[{"count":4,"href":"https:\/\/agora.xtec.cat\/ceip-mogent\/wp-json\/wp\/v2\/pages\/2638\/revisions"}],"predecessor-version":[{"id":3207,"href":"https:\/\/agora.xtec.cat\/ceip-mogent\/wp-json\/wp\/v2\/pages\/2638\/revisions\/3207"}],"up":[{"embeddable":true,"href":"https:\/\/agora.xtec.cat\/ceip-mogent\/wp-json\/wp\/v2\/pages\/1278"}],"wp:attachment":[{"href":"https:\/\/agora.xtec.cat\/ceip-mogent\/wp-json\/wp\/v2\/media?parent=2638"}],"curies":[{"name":"wp","href":"https:\/\/api.w.org\/{rel}","templated":true}]}}