{"id":2306,"date":"2020-05-29T15:18:53","date_gmt":"2020-05-29T13:18:53","guid":{"rendered":"https:\/\/agora.xtec.cat\/ceip-mogent\/?page_id=2306"},"modified":"2020-05-29T15:18:53","modified_gmt":"2020-05-29T13:18:53","slug":"preinscripcio-2020-2021","status":"publish","type":"page","link":"https:\/\/agora.xtec.cat\/ceip-mogent\/preinscripcio-2020-2021\/","title":{"rendered":"Preinscripci\u00f3 2020-2021"},"content":{"rendered":"<table>\n<tbody>\n<tr>\n<td><strong>GENERAL<\/strong><\/p>\n<p>Mantindrem actualitzada aquesta not\u00edcia amb les novetats de cada dia.<\/p>\n<p>Donada la crisi sanit\u00e0ria provocada pel COVID19, el proc\u00e9s de preinscripci\u00f3 es va haver de postposar i vam haver d&#8217;anul\u00b7lar la jornada de portes obertes. Us demanem disculpes per les mol\u00e8sties ocasionades.El per\u00edode de preinscripci\u00f3 ser\u00e0 del 13 al 22 de maig per a <strong>nous alumnes<\/strong> de P3 a 6\u00e8 i per a la <strong>ESO<\/strong>. Podeu consultar <strong><a href=\"http:\/\/queestudiar.gencat.cat\/ca\/preinscripcio\/estudis\/obligatoris\/calendari\/\">aqu\u00ed la resta del calendari.<\/a><\/strong><\/p>\n<p>Podeu consultar les vacants ofertades a: <a href=\"http:\/\/mapaescolar.gencat.cat\/\">http:\/\/mapaescolar.gencat.cat\/<\/a><\/p>\n<p>Us preguem que feu les vostres preinscripcions <strong>telem\u00e0ticament<\/strong> per garantir el m\u00e0xim de seguretat possible per a tothom. Nosaltres us atendrem amb rapidesa tots els dubtes si ens escriviu a8059792@xtec.cat o b\u00e9 si ens truqueu per tel\u00e8fon 935799815 <em>[encara no operatiu]<\/em><\/td>\n<\/tr>\n<\/tbody>\n<\/table>\n<table>\n<tbody>\n<tr>\n<td><strong>PREINSCRIPCI\u00d3 TELEM\u00c0TICA\u00a0\u00a0\u00a0<\/strong><br \/>\n<strong>\u00a0<\/strong><br \/>\n<strong><br \/>\n<\/strong>Podeu consultar-nos qualsevol dubte sobre com omplir la sol\u00b7licitud:Per mail: a8059792@xtec.catPer zoom:\u00a0 <a href=\"https:\/\/agora.xtec.cat\/ceip-mogent\/suport-directe-a-traves-de-zoom\/\"><strong>SUPORT EN DIRECTE A TRAV\u00c9S DE ZOOM<\/strong><\/a>Per tel\u00e8fon: <em>[per ara no operatiu]<\/em><\/p>\n<p>Un cop omplerta, nom\u00e9s ens haureu d&#8217;enviar al correu de l&#8217;escola a8059792@xtec.cat el resguard de la vostra sol\u00b7licitud i els documents en fotografia o en PDF que us detallem a continuaci\u00f3, del 13 al 22 de maig. Rebreu un correu de l&#8217;escola en quant ho revisem, confirmant la rebuda correcta o indicant-vos les coses que falten.<\/p>\n<p><strong><a href=\"http:\/\/ensenyament.gencat.cat\/ca\/tramits\/tramits-temes\/20483_preinscripcio_escolar?moda=1\">ACC\u00c9S A LA SOL\u00b7LICITUD ONLINE<\/a><\/strong><\/p>\n<p>Necessites saber els codis dels centres? <strong><a href=\"https:\/\/agora.xtec.cat\/ceip-mogent\/wp-content\/uploads\/usu40\/2020\/05\/Captura-de-pantalla-2020-05-12-a-las-13.01.52.png\">Aqu\u00ed els trobar\u00e0s.<\/a><\/strong><\/p>\n<p>Documentaci\u00f3 necess\u00e0ria per a la preinscripci\u00f3:<br \/>\nFoto o PDF del llibre de fam\u00edlia<br \/>\nFoto o PDF del DNI o NIE del pare o mare (i l&#8217;empadronament si al DNI no consta una adre\u00e7a de Montorn\u00e8s)<br \/>\nFoto o PDF de la Tarja Sanit\u00e0ria del nen o la nena.<br \/>\nFoto o PDF d&#8217;altres documents acreditatius a efectes del barem que voleu presentar. Aqu\u00ed teniu informaci\u00f3 sobre els <a href=\"http:\/\/queestudiar.gencat.cat\/ca\/preinscripcio\/estudis\/obligatoris\/documentacio\/\"><strong>punts del barem.<\/strong><\/a><br \/>\nAqu\u00ed podreu fer un<strong> <a href=\"http:\/\/ensenyament.gencat.cat\/ca\/actualitat\/preinscripcio\/preinscripcio\/#bloc3\">seguiment del barem, accedir al llistat o b\u00e9 fer reclamacions<\/a><\/strong> quan es publiqui.<br \/>\nA la web de l&#8217;escola anirem penjant els llistats oficials anonimitzats.<\/td>\n<\/tr>\n<\/tbody>\n<\/table>\n<table>\n<tbody>\n<tr>\n<td><strong>PREINSCRIPCI\u00d3 PRESENCIAL<\/strong><\/p>\n<p>Del 19 al 22 de maig. Est\u00e0 <strong>totalment desaconsellada<\/strong>. Nom\u00e9s s&#8217;atendran amb cita pr\u00e8via casos excepcionals.<\/p>\n<p>Podeu demanar cita pr\u00e8via amb aquest <a href=\"https:\/\/forms.gle\/GiLj3vLAiNGJ5B6DA\"><strong>FORMULARI<\/strong><\/a>. Ens posarem r\u00e0pidament en contacte amb tu per confirmar la teva hora i donar-vos instruccions.<br \/>\nL&#8217;horari d&#8217;atenci\u00f3 al p\u00fablic ser\u00e0:<br \/>\nDimarts dia 19 de 10:00 a 13:00<br \/>\nDijous dia 21 de 16:00 a 18:00.<br \/>\n<strong>NO US PODREM ATENDRE SENSE CITA PR\u00c8VIA<\/strong>.<\/p>\n<p>Aquells casos que obligat\u00f2riament hagin de fer la sol\u00b7licitud presencial s&#8217;hauran d&#8217;ajustar a les normes sanit\u00e0ries que us especifiquem en<a href=\"https:\/\/agora.xtec.cat\/ceip-mogent\/wp-content\/uploads\/usu40\/2020\/05\/Normes-higie\u0300niques-preins.pdf\"><strong> aquest enlla\u00e7.<\/strong><\/a><\/td>\n<\/tr>\n<\/tbody>\n<\/table>\n<table>\n<tbody>\n<tr>\n<td><strong>MATRICULACI\u00d3<\/strong><\/p>\n<p>Un cop es publiquin els llistats d&#8217;admesos, us convocarem per formalitzar la matr\u00edcula, del 13 al 17 de juliol <em>[encara pendents d&#8217;instruccions]\u00a0 <\/em><\/p>\n<p>Podeu trobar tota la informaci\u00f3 del Departament en quant a <strong><a href=\"http:\/\/ensenyament.gencat.cat\/ca\/actualitat\/preinscripcio\/matriculacio\/\">matriculaci\u00f3 i llistes d&#8217;espera en aquest enlla\u00e7.\u00a0<\/a><\/strong><\/td>\n<\/tr>\n<\/tbody>\n<\/table>\n","protected":false},"excerpt":{"rendered":"<p>GENERAL Mantindrem actualitzada aquesta not\u00edcia amb les novetats de cada dia. Donada la crisi sanit\u00e0ria provocada pel COVID19, el proc\u00e9s de preinscripci\u00f3 es va haver de postposar i vam haver d&#8217;anul\u00b7lar la jornada de portes obertes. Us demanem disculpes per les mol\u00e8sties ocasionades.El per\u00edode de preinscripci\u00f3 ser\u00e0 del 13 al 22 de maig per a [&hellip;]<\/p>\n","protected":false},"author":1,"featured_media":0,"parent":0,"menu_order":0,"comment_status":"closed","ping_status":"closed","template":"","meta":{"_bbp_topic_count":0,"_bbp_reply_count":0,"_bbp_total_topic_count":0,"_bbp_total_reply_count":0,"_bbp_voice_count":0,"_bbp_anonymous_reply_count":0,"_bbp_topic_count_hidden":0,"_bbp_reply_count_hidden":0,"_bbp_forum_subforum_count":0,"site-sidebar-layout":"default","site-content-layout":"","ast-site-content-layout":"","site-content-style":"default","site-sidebar-style":"default","ast-global-header-display":"","ast-banner-title-visibility":"","ast-main-header-display":"","ast-hfb-above-header-display":"","ast-hfb-below-header-display":"","ast-hfb-mobile-header-display":"","site-post-title":"","ast-breadcrumbs-content":"","ast-featured-img":"","footer-sml-layout":"","theme-transparent-header-meta":"","adv-header-id-meta":"","stick-header-meta":"","header-above-stick-meta":"","header-main-stick-meta":"","header-below-stick-meta":"","astra-migrate-meta-layouts":"default","ast-page-background-enabled":"default","ast-page-background-meta":{"desktop":{"background-color":"var(--ast-global-color-4)","background-image":"","background-repeat":"repeat","background-position":"center center","background-size":"auto","background-attachment":"scroll","background-type":"","background-media":"","overlay-type":"","overlay-color":"","overlay-opacity":"","overlay-gradient":""},"tablet":{"background-color":"","background-image":"","background-repeat":"repeat","background-position":"center center","background-size":"auto","background-attachment":"scroll","background-type":"","background-media":"","overlay-type":"","overlay-color":"","overlay-opacity":"","overlay-gradient":""},"mobile":{"background-color":"","background-image":"","background-repeat":"repeat","background-position":"center center","background-size":"auto","background-attachment":"scroll","background-type":"","background-media":"","overlay-type":"","overlay-color":"","overlay-opacity":"","overlay-gradient":""}},"ast-content-background-meta":{"desktop":{"background-color":"var(--ast-global-color-5)","background-image":"","background-repeat":"repeat","background-position":"center center","background-size":"auto","background-attachment":"scroll","background-type":"","background-media":"","overlay-type":"","overlay-color":"","overlay-opacity":"","overlay-gradient":""},"tablet":{"background-color":"var(--ast-global-color-5)","background-image":"","background-repeat":"repeat","background-position":"center center","background-size":"auto","background-attachment":"scroll","background-type":"","background-media":"","overlay-type":"","overlay-color":"","overlay-opacity":"","overlay-gradient":""},"mobile":{"background-color":"var(--ast-global-color-5)","background-image":"","background-repeat":"repeat","background-position":"center center","background-size":"auto","background-attachment":"scroll","background-type":"","background-media":"","overlay-type":"","overlay-color":"","overlay-opacity":"","overlay-gradient":""}},"footnotes":""},"class_list":["post-2306","page","type-page","status-publish","hentry"],"post_mailing_queue_ids":[],"_links":{"self":[{"href":"https:\/\/agora.xtec.cat\/ceip-mogent\/wp-json\/wp\/v2\/pages\/2306","targetHints":{"allow":["GET"]}}],"collection":[{"href":"https:\/\/agora.xtec.cat\/ceip-mogent\/wp-json\/wp\/v2\/pages"}],"about":[{"href":"https:\/\/agora.xtec.cat\/ceip-mogent\/wp-json\/wp\/v2\/types\/page"}],"author":[{"embeddable":true,"href":"https:\/\/agora.xtec.cat\/ceip-mogent\/wp-json\/wp\/v2\/users\/1"}],"replies":[{"embeddable":true,"href":"https:\/\/agora.xtec.cat\/ceip-mogent\/wp-json\/wp\/v2\/comments?post=2306"}],"version-history":[{"count":1,"href":"https:\/\/agora.xtec.cat\/ceip-mogent\/wp-json\/wp\/v2\/pages\/2306\/revisions"}],"predecessor-version":[{"id":2307,"href":"https:\/\/agora.xtec.cat\/ceip-mogent\/wp-json\/wp\/v2\/pages\/2306\/revisions\/2307"}],"wp:attachment":[{"href":"https:\/\/agora.xtec.cat\/ceip-mogent\/wp-json\/wp\/v2\/media?parent=2306"}],"curies":[{"name":"wp","href":"https:\/\/api.w.org\/{rel}","templated":true}]}}

Preinscripció 2020-2021

<table>
<tbody>
<tr>
<td><strong>GENERAL</strong></p>
<p>Mantindrem actualitzada aquesta notícia amb les novetats de cada dia.</p>
<p>Donada la crisi sanitària provocada pel COVID19, el procés de preinscripció es va haver de postposar i vam haver d&#8217;anul·lar la jornada de portes obertes. Us demanem disculpes per les molèsties ocasionades.El període de preinscripció serà del 13 al 22 de maig per a <strong>nous alumnes</strong> de P3 a 6è i per a la <strong>ESO</strong>. Podeu consultar <strong><a href="http://queestudiar.gencat.cat/ca/preinscripcio/estudis/obligatoris/calendari/">aquí la resta del calendari.</a></strong></p>
<p>Podeu consultar les vacants ofertades a: <a href="http://mapaescolar.gencat.cat/">http://mapaescolar.gencat.cat/</a></p>
<p>Us preguem que feu les vostres preinscripcions <strong>telemàticament</strong> per garantir el màxim de seguretat possible per a tothom. Nosaltres us atendrem amb rapidesa tots els dubtes si ens escriviu a8059792@xtec.cat o bé si ens truqueu per telèfon 935799815 <em>[encara no operatiu]</em></td>
</tr>
</tbody>
</table>
<table>
<tbody>
<tr>
<td><strong>PREINSCRIPCIÓ TELEMÀTICA   </strong><br />
<strong> </strong><br />
<strong><br />
</strong>Podeu consultar-nos qualsevol dubte sobre com omplir la sol·licitud:Per mail: a8059792@xtec.catPer zoom:  <a href="https://agora.xtec.cat/ceip-mogent/suport-directe-a-traves-de-zoom/"><strong>SUPORT EN DIRECTE A TRAVÉS DE ZOOM</strong></a>Per telèfon: <em>[per ara no operatiu]</em></p>
<p>Un cop omplerta, només ens haureu d&#8217;enviar al correu de l&#8217;escola a8059792@xtec.cat el resguard de la vostra sol·licitud i els documents en fotografia o en PDF que us detallem a continuació, del 13 al 22 de maig. Rebreu un correu de l&#8217;escola en quant ho revisem, confirmant la rebuda correcta o indicant-vos les coses que falten.</p>
<p><strong><a href="http://ensenyament.gencat.cat/ca/tramits/tramits-temes/20483_preinscripcio_escolar?moda=1">ACCÉS A LA SOL·LICITUD ONLINE</a></strong></p>
<p>Necessites saber els codis dels centres? <strong><a href="https://agora.xtec.cat/ceip-mogent/wp-content/uploads/usu40/2020/05/Captura-de-pantalla-2020-05-12-a-las-13.01.52.png">Aquí els trobaràs.</a></strong></p>
<p>Documentació necessària per a la preinscripció:<br />
Foto o PDF del llibre de família<br />
Foto o PDF del DNI o NIE del pare o mare (i l&#8217;empadronament si al DNI no consta una adreça de Montornès)<br />
Foto o PDF de la Tarja Sanitària del nen o la nena.<br />
Foto o PDF d&#8217;altres documents acreditatius a efectes del barem que voleu presentar. Aquí teniu informació sobre els <a href="http://queestudiar.gencat.cat/ca/preinscripcio/estudis/obligatoris/documentacio/"><strong>punts del barem.</strong></a><br />
Aquí podreu fer un<strong> <a href="http://ensenyament.gencat.cat/ca/actualitat/preinscripcio/preinscripcio/#bloc3">seguiment del barem, accedir al llistat o bé fer reclamacions</a></strong> quan es publiqui.<br />
A la web de l&#8217;escola anirem penjant els llistats oficials anonimitzats.</td>
</tr>
</tbody>
</table>
<table>
<tbody>
<tr>
<td><strong>PREINSCRIPCIÓ PRESENCIAL</strong></p>
<p>Del 19 al 22 de maig. Està <strong>totalment desaconsellada</strong>. Només s&#8217;atendran amb cita prèvia casos excepcionals.</p>
<p>Podeu demanar cita prèvia amb aquest <a href="https://forms.gle/GiLj3vLAiNGJ5B6DA"><strong>FORMULARI</strong></a>. Ens posarem ràpidament en contacte amb tu per confirmar la teva hora i donar-vos instruccions.<br />
L&#8217;horari d&#8217;atenció al públic serà:<br />
Dimarts dia 19 de 10:00 a 13:00<br />
Dijous dia 21 de 16:00 a 18:00.<br />
<strong>NO US PODREM ATENDRE SENSE CITA PRÈVIA</strong>.</p>
<p>Aquells casos que obligatòriament hagin de fer la sol·licitud presencial s&#8217;hauran d&#8217;ajustar a les normes sanitàries que us especifiquem en<a href="https://agora.xtec.cat/ceip-mogent/wp-content/uploads/usu40/2020/05/Normes-higièniques-preins.pdf"><strong> aquest enllaç.</strong></a></td>
</tr>
</tbody>
</table>
<table>
<tbody>
<tr>
<td><strong>MATRICULACIÓ</strong></p>
<p>Un cop es publiquin els llistats d&#8217;admesos, us convocarem per formalitzar la matrícula, del 13 al 17 de juliol <em>[encara pendents d&#8217;instruccions]  </em></p>
<p>Podeu trobar tota la informació del Departament en quant a <strong><a href="http://ensenyament.gencat.cat/ca/actualitat/preinscripcio/matriculacio/">matriculació i llistes d&#8217;espera en aquest enllaç. </a></strong></td>
</tr>
</tbody>
</table>

<p>GENERAL Mantindrem actualitzada aquesta notícia amb les novetats de cada dia. Donada la crisi sanitària provocada pel COVID19, el procés de preinscripció es va haver de postposar i vam haver d&#8217;anul·lar la jornada de portes obertes. Us demanem disculpes per les molèsties ocasionades.El període de preinscripció serà del 13 al 22 de maig per a [&hellip;]</p>
