{"id":2225,"date":"2020-05-12T13:09:04","date_gmt":"2020-05-12T11:09:04","guid":{"rendered":"https:\/\/agora.xtec.cat\/ceip-mogent\/?page_id=2225"},"modified":"2020-05-15T17:14:31","modified_gmt":"2020-05-15T15:14:31","slug":"suport-directe-a-traves-de-zoom","status":"publish","type":"page","link":"https:\/\/agora.xtec.cat\/ceip-mogent\/suport-directe-a-traves-de-zoom\/","title":{"rendered":"SUPORT DIRECTE A TRAV\u00c9S DE ZOOM"},"content":{"rendered":"<p>Hem obert una l\u00ednia directa a trav\u00e9s de zoom per atendre els vostres dubtes relacionats amb el full de preinscripci\u00f3 i la seva documentaci\u00f3, introdu\u00efnt la <strong>ID<\/strong>: 722 471 9387\u00a0 i la <strong>contrassenya<\/strong>: p3mogent<\/p>\n<p>No cal demanar hora. Podeu entrar en aquest horari d&#8217;atenci\u00f3:<\/p>\n<p>Dimecres 13 de maig de 16:00 a 17:00<br \/>\nDijous 14 de maig de de 22:00 a 23:00<br \/>\nDivendres 15 de maig de 17:00 a 18:00<br \/>\nDimecres 20 de maig de 17:00 a 18:00<\/p>\n<p>Per consultes sobre el funcionament de l&#8217;escola, si us plau escriviu a a8059792@xtec.cat.<\/p>\n<p><a href=\"https:\/\/agora.xtec.cat\/ceip-mogent\/instruccions-per-accedir-a-zoom\/\">INSTRUCCIONS PER ENTRAR A ZOOM<\/a><\/p>\n<p>&nbsp;<\/p>\n<p>&nbsp;<\/p>\n","protected":false},"excerpt":{"rendered":"<p>Hem obert una l\u00ednia directa a trav\u00e9s de zoom per atendre els vostres dubtes relacionats amb el full de preinscripci\u00f3 i la seva documentaci\u00f3, introdu\u00efnt la ID: 722 471 9387\u00a0 i la contrassenya: p3mogent No cal demanar hora. Podeu entrar en aquest horari d&#8217;atenci\u00f3: Dimecres 13 de maig de 16:00 a 17:00 Dijous 14 de [&hellip;]<\/p>\n","protected":false},"author":1,"featured_media":0,"parent":0,"menu_order":0,"comment_status":"closed","ping_status":"closed","template":"","meta":{"_bbp_topic_count":0,"_bbp_reply_count":0,"_bbp_total_topic_count":0,"_bbp_total_reply_count":0,"_bbp_voice_count":0,"_bbp_anonymous_reply_count":0,"_bbp_topic_count_hidden":0,"_bbp_reply_count_hidden":0,"_bbp_forum_subforum_count":0,"site-sidebar-layout":"default","site-content-layout":"","ast-site-content-layout":"","site-content-style":"default","site-sidebar-style":"default","ast-global-header-display":"","ast-banner-title-visibility":"","ast-main-header-display":"","ast-hfb-above-header-display":"","ast-hfb-below-header-display":"","ast-hfb-mobile-header-display":"","site-post-title":"","ast-breadcrumbs-content":"","ast-featured-img":"","footer-sml-layout":"","theme-transparent-header-meta":"","adv-header-id-meta":"","stick-header-meta":"","header-above-stick-meta":"","header-main-stick-meta":"","header-below-stick-meta":"","astra-migrate-meta-layouts":"default","ast-page-background-enabled":"default","ast-page-background-meta":{"desktop":{"background-color":"var(--ast-global-color-4)","background-image":"","background-repeat":"repeat","background-position":"center center","background-size":"auto","background-attachment":"scroll","background-type":"","background-media":"","overlay-type":"","overlay-color":"","overlay-opacity":"","overlay-gradient":""},"tablet":{"background-color":"","background-image":"","background-repeat":"repeat","background-position":"center center","background-size":"auto","background-attachment":"scroll","background-type":"","background-media":"","overlay-type":"","overlay-color":"","overlay-opacity":"","overlay-gradient":""},"mobile":{"background-color":"","background-image":"","background-repeat":"repeat","background-position":"center center","background-size":"auto","background-attachment":"scroll","background-type":"","background-media":"","overlay-type":"","overlay-color":"","overlay-opacity":"","overlay-gradient":""}},"ast-content-background-meta":{"desktop":{"background-color":"var(--ast-global-color-5)","background-image":"","background-repeat":"repeat","background-position":"center center","background-size":"auto","background-attachment":"scroll","background-type":"","background-media":"","overlay-type":"","overlay-color":"","overlay-opacity":"","overlay-gradient":""},"tablet":{"background-color":"var(--ast-global-color-5)","background-image":"","background-repeat":"repeat","background-position":"center center","background-size":"auto","background-attachment":"scroll","background-type":"","background-media":"","overlay-type":"","overlay-color":"","overlay-opacity":"","overlay-gradient":""},"mobile":{"background-color":"var(--ast-global-color-5)","background-image":"","background-repeat":"repeat","background-position":"center center","background-size":"auto","background-attachment":"scroll","background-type":"","background-media":"","overlay-type":"","overlay-color":"","overlay-opacity":"","overlay-gradient":""}},"footnotes":""},"class_list":["post-2225","page","type-page","status-publish","hentry"],"post_mailing_queue_ids":[],"_links":{"self":[{"href":"https:\/\/agora.xtec.cat\/ceip-mogent\/wp-json\/wp\/v2\/pages\/2225","targetHints":{"allow":["GET"]}}],"collection":[{"href":"https:\/\/agora.xtec.cat\/ceip-mogent\/wp-json\/wp\/v2\/pages"}],"about":[{"href":"https:\/\/agora.xtec.cat\/ceip-mogent\/wp-json\/wp\/v2\/types\/page"}],"author":[{"embeddable":true,"href":"https:\/\/agora.xtec.cat\/ceip-mogent\/wp-json\/wp\/v2\/users\/1"}],"replies":[{"embeddable":true,"href":"https:\/\/agora.xtec.cat\/ceip-mogent\/wp-json\/wp\/v2\/comments?post=2225"}],"version-history":[{"count":4,"href":"https:\/\/agora.xtec.cat\/ceip-mogent\/wp-json\/wp\/v2\/pages\/2225\/revisions"}],"predecessor-version":[{"id":2279,"href":"https:\/\/agora.xtec.cat\/ceip-mogent\/wp-json\/wp\/v2\/pages\/2225\/revisions\/2279"}],"wp:attachment":[{"href":"https:\/\/agora.xtec.cat\/ceip-mogent\/wp-json\/wp\/v2\/media?parent=2225"}],"curies":[{"name":"wp","href":"https:\/\/api.w.org\/{rel}","templated":true}]}}