{"id":7615,"date":"2025-09-09T19:28:11","date_gmt":"2025-09-09T17:28:11","guid":{"rendered":"https:\/\/agora.xtec.cat\/ceip-mitja-costa\/?page_id=7615"},"modified":"2025-10-21T18:14:24","modified_gmt":"2025-10-21T16:14:24","slug":"programa-pcmat","status":"publish","type":"page","link":"https:\/\/agora.xtec.cat\/ceip-mitja-costa\/projectes\/projectes-de-larea-steam\/programa-pcmat\/","title":{"rendered":"Programa PCMAT"},"content":{"rendered":"<p data-start=\"148\" data-end=\"485\">Aquest curs 2025-2026 posem en marxa el <strong data-start=\"188\" data-end=\"228\">Programa temporal de mentories PCMAT<\/strong>, una iniciativa que forma part del desplegament del programa estatal <em data-start=\"298\" data-end=\"320\">\u201cC\u00f3digo Escuela 4.0\u201d<\/em>, impulsat pel Ministeri d\u2019Educaci\u00f3, Formaci\u00f3 Professional i Esports i coordinat pel Departament d\u2019Educaci\u00f3 i Formaci\u00f3 Professional de la Generalitat de Catalunya.<\/p>\n<p data-start=\"487\" data-end=\"714\">El programa est\u00e0 destinat a l\u2019alumnat de <strong data-start=\"528\" data-end=\"558\">cicle superior de prim\u00e0ria<\/strong> i t\u00e9 com a objectiu <strong data-start=\"579\" data-end=\"617\">millorar la compet\u00e8ncia matem\u00e0tica<\/strong> mitjan\u00e7ant el treball del <strong data-start=\"644\" data-end=\"711\">pensament computacional, la programaci\u00f3 i la rob\u00f2tica educativa<\/strong>.<\/p>\n<p data-start=\"716\" data-end=\"961\">A m\u00e9s, el PCMAT ofereix un <strong data-start=\"743\" data-end=\"800\">acompanyament intensiu i personalitzat al professorat<\/strong>, amb recursos i formaci\u00f3 per introduir metodologies innovadores i fer que les matem\u00e0tiques esdevinguin m\u00e9s properes, pr\u00e0ctiques i motivadores per a l\u2019alumnat.<\/p>\n<p data-start=\"963\" data-end=\"1191\">Amb aquesta iniciativa, l\u2019escola aposta per <strong data-start=\"1007\" data-end=\"1048\">una educaci\u00f3 de qualitat i innovadora<\/strong>, que prepara els nostres infants per afrontar els reptes del futur desenvolupant habilitats digitals, creatives i de resoluci\u00f3 de problemes.<\/p>\n<p><iframe loading=\"lazy\" title=\"YouTube video player\" src=\"https:\/\/www.youtube.com\/embed\/X2eVHeLl5ig?si=jS6AGkzFKFdVoqxg\" width=\"560\" height=\"315\" frameborder=\"0\" allowfullscreen=\"allowfullscreen\"><\/iframe><\/p>\n<p data-start=\"963\" data-end=\"1191\">\n","protected":false},"excerpt":{"rendered":"<p>Aquest curs 2025-2026 posem en marxa el Programa temporal de mentories PCMAT, una iniciativa que forma part del desplegament del programa estatal \u201cC\u00f3digo Escuela 4.0\u201d, impulsat pel Ministeri d\u2019Educaci\u00f3, Formaci\u00f3 Professional i Esports i coordinat pel Departament d\u2019Educaci\u00f3 i Formaci\u00f3 Professional de la Generalitat de Catalunya. El programa est\u00e0 destinat a l\u2019alumnat de cicle superior [&hellip;]<\/p>\n","protected":false},"author":33,"featured_media":0,"parent":7783,"menu_order":5,"comment_status":"closed","ping_status":"closed","template":"","meta":{"_bbp_topic_count":0,"_bbp_reply_count":0,"_bbp_total_topic_count":0,"_bbp_total_reply_count":0,"_bbp_voice_count":0,"_bbp_anonymous_reply_count":0,"_bbp_topic_count_hidden":0,"_bbp_reply_count_hidden":0,"_bbp_forum_subforum_count":0,"site-sidebar-layout":"default","site-content-layout":"","ast-site-content-layout":"default","site-content-style":"default","site-sidebar-style":"default","ast-global-header-display":"","ast-banner-title-visibility":"","ast-main-header-display":"","ast-hfb-above-header-display":"","ast-hfb-below-header-display":"","ast-hfb-mobile-header-display":"","site-post-title":"","ast-breadcrumbs-content":"","ast-featured-img":"","footer-sml-layout":"","theme-transparent-header-meta":"default","adv-header-id-meta":"","stick-header-meta":"","header-above-stick-meta":"","header-main-stick-meta":"","header-below-stick-meta":"","astra-migrate-meta-layouts":"set","ast-page-background-enabled":"default","ast-page-background-meta":{"desktop":{"background-color":"var(--ast-global-color-4)","background-image":"","background-repeat":"repeat","background-position":"center center","background-size":"auto","background-attachment":"scroll","background-type":"","background-media":"","overlay-type":"","overlay-color":"","overlay-opacity":"","overlay-gradient":""},"tablet":{"background-color":"","background-image":"","background-repeat":"repeat","background-position":"center center","background-size":"auto","background-attachment":"scroll","background-type":"","background-media":"","overlay-type":"","overlay-color":"","overlay-opacity":"","overlay-gradient":""},"mobile":{"background-color":"","background-image":"","background-repeat":"repeat","background-position":"center center","background-size":"auto","background-attachment":"scroll","background-type":"","background-media":"","overlay-type":"","overlay-color":"","overlay-opacity":"","overlay-gradient":""}},"ast-content-background-meta":{"desktop":{"background-color":"var(--ast-global-color-5)","background-image":"","background-repeat":"repeat","background-position":"center center","background-size":"auto","background-attachment":"scroll","background-type":"","background-media":"","overlay-type":"","overlay-color":"","overlay-opacity":"","overlay-gradient":""},"tablet":{"background-color":"var(--ast-global-color-5)","background-image":"","background-repeat":"repeat","background-position":"center center","background-size":"auto","background-attachment":"scroll","background-type":"","background-media":"","overlay-type":"","overlay-color":"","overlay-opacity":"","overlay-gradient":""},"mobile":{"background-color":"var(--ast-global-color-5)","background-image":"","background-repeat":"repeat","background-position":"center center","background-size":"auto","background-attachment":"scroll","background-type":"","background-media":"","overlay-type":"","overlay-color":"","overlay-opacity":"","overlay-gradient":""}},"footnotes":""},"class_list":["post-7615","page","type-page","status-publish","hentry"],"post_mailing_queue_ids":[],"_links":{"self":[{"href":"https:\/\/agora.xtec.cat\/ceip-mitja-costa\/wp-json\/wp\/v2\/pages\/7615","targetHints":{"allow":["GET"]}}],"collection":[{"href":"https:\/\/agora.xtec.cat\/ceip-mitja-costa\/wp-json\/wp\/v2\/pages"}],"about":[{"href":"https:\/\/agora.xtec.cat\/ceip-mitja-costa\/wp-json\/wp\/v2\/types\/page"}],"author":[{"embeddable":true,"href":"https:\/\/agora.xtec.cat\/ceip-mitja-costa\/wp-json\/wp\/v2\/users\/33"}],"replies":[{"embeddable":true,"href":"https:\/\/agora.xtec.cat\/ceip-mitja-costa\/wp-json\/wp\/v2\/comments?post=7615"}],"version-history":[{"count":1,"href":"https:\/\/agora.xtec.cat\/ceip-mitja-costa\/wp-json\/wp\/v2\/pages\/7615\/revisions"}],"predecessor-version":[{"id":7617,"href":"https:\/\/agora.xtec.cat\/ceip-mitja-costa\/wp-json\/wp\/v2\/pages\/7615\/revisions\/7617"}],"up":[{"embeddable":true,"href":"https:\/\/agora.xtec.cat\/ceip-mitja-costa\/wp-json\/wp\/v2\/pages\/7783"}],"wp:attachment":[{"href":"https:\/\/agora.xtec.cat\/ceip-mitja-costa\/wp-json\/wp\/v2\/media?parent=7615"}],"curies":[{"name":"wp","href":"https:\/\/api.w.org\/{rel}","templated":true}]}}