{"id":3016,"date":"2019-10-16T16:17:30","date_gmt":"2019-10-16T14:17:30","guid":{"rendered":"http:\/\/agora.xtec.cat\/ceip-mitja-costa\/?page_id=3016"},"modified":"2025-10-21T19:24:44","modified_gmt":"2025-10-21T17:24:44","slug":"temps-de-creacio","status":"publish","type":"page","link":"https:\/\/agora.xtec.cat\/ceip-mitja-costa\/projectes\/temps-de-creacio\/","title":{"rendered":"Temps de creaci\u00f3"},"content":{"rendered":"<p style=\"text-align: justify;\" data-start=\"110\" data-end=\"321\">El Temps de Creaci\u00f3 \u00e9s un espai setmanal dedicat a desenvolupar la creativitat, la imaginaci\u00f3 i les habilitats de comunicaci\u00f3 dels alumnes de prim\u00e0ria a trav\u00e9s de diferents tallers art\u00edstics i tecnol\u00f2gics.<\/p>\n<p style=\"text-align: justify;\" data-start=\"110\" data-end=\"321\"><img loading=\"lazy\" decoding=\"async\" class=\"size-full wp-image-7805 alignright\" src=\"https:\/\/agora.xtec.cat\/ceip-mitja-costa\/wp-content\/uploads\/usu1458\/2025\/10\/IMG_0026.jpeg\" alt=\"\" width=\"300\" height=\"204\" \/><\/p>\n<p style=\"text-align: justify;\" data-start=\"323\" data-end=\"646\">Els alumnes es divideixen en petits grups i cada grup participa en un taller espec\u00edfic que pot ser d\u2019expressi\u00f3 escrita, expressi\u00f3 oral, m\u00fasica i moviment o rob\u00f2tica. Cada taller dura dues tardes, i despr\u00e9s els grups roten, de manera que al llarg del trimestre tots els alumnes passen per tots els tallers.<\/p>\n<p style=\"text-align: justify;\" data-start=\"648\" data-end=\"876\">Aquesta metodologia permet que cada infant experimenti diferents formes d\u2019expressi\u00f3, treballi en equip i desenvolupi tant la creativitat com la capacitat de comunicaci\u00f3 i resoluci\u00f3 de problemes en un ambient l\u00fadic i motivador.<\/p>\n","protected":false},"excerpt":{"rendered":"<p>El Temps de Creaci\u00f3 \u00e9s un espai setmanal dedicat a desenvolupar la creativitat, la imaginaci\u00f3 i les habilitats de comunicaci\u00f3 dels alumnes de prim\u00e0ria a trav\u00e9s de diferents tallers art\u00edstics i tecnol\u00f2gics. Els alumnes es divideixen en petits grups i cada grup participa en un taller espec\u00edfic que pot ser d\u2019expressi\u00f3 escrita, expressi\u00f3 oral, m\u00fasica [&hellip;]<\/p>\n","protected":false},"author":6,"featured_media":0,"parent":3012,"menu_order":40,"comment_status":"closed","ping_status":"closed","template":"","meta":{"_bbp_topic_count":0,"_bbp_reply_count":0,"_bbp_total_topic_count":0,"_bbp_total_reply_count":0,"_bbp_voice_count":0,"_bbp_anonymous_reply_count":0,"_bbp_topic_count_hidden":0,"_bbp_reply_count_hidden":0,"_bbp_forum_subforum_count":0,"site-sidebar-layout":"default","site-content-layout":"","ast-site-content-layout":"default","site-content-style":"default","site-sidebar-style":"default","ast-global-header-display":"","ast-banner-title-visibility":"","ast-main-header-display":"","ast-hfb-above-header-display":"","ast-hfb-below-header-display":"","ast-hfb-mobile-header-display":"","site-post-title":"","ast-breadcrumbs-content":"","ast-featured-img":"","footer-sml-layout":"","theme-transparent-header-meta":"default","adv-header-id-meta":"","stick-header-meta":"","header-above-stick-meta":"","header-main-stick-meta":"","header-below-stick-meta":"","astra-migrate-meta-layouts":"set","ast-page-background-enabled":"default","ast-page-background-meta":{"desktop":{"background-color":"var(--ast-global-color-4)","background-image":"","background-repeat":"repeat","background-position":"center center","background-size":"auto","background-attachment":"scroll","background-type":"","background-media":"","overlay-type":"","overlay-color":"","overlay-opacity":"","overlay-gradient":""},"tablet":{"background-color":"","background-image":"","background-repeat":"repeat","background-position":"center center","background-size":"auto","background-attachment":"scroll","background-type":"","background-media":"","overlay-type":"","overlay-color":"","overlay-opacity":"","overlay-gradient":""},"mobile":{"background-color":"","background-image":"","background-repeat":"repeat","background-position":"center center","background-size":"auto","background-attachment":"scroll","background-type":"","background-media":"","overlay-type":"","overlay-color":"","overlay-opacity":"","overlay-gradient":""}},"ast-content-background-meta":{"desktop":{"background-color":"var(--ast-global-color-5)","background-image":"","background-repeat":"repeat","background-position":"center center","background-size":"auto","background-attachment":"scroll","background-type":"","background-media":"","overlay-type":"","overlay-color":"","overlay-opacity":"","overlay-gradient":""},"tablet":{"background-color":"var(--ast-global-color-5)","background-image":"","background-repeat":"repeat","background-position":"center center","background-size":"auto","background-attachment":"scroll","background-type":"","background-media":"","overlay-type":"","overlay-color":"","overlay-opacity":"","overlay-gradient":""},"mobile":{"background-color":"var(--ast-global-color-5)","background-image":"","background-repeat":"repeat","background-position":"center center","background-size":"auto","background-attachment":"scroll","background-type":"","background-media":"","overlay-type":"","overlay-color":"","overlay-opacity":"","overlay-gradient":""}},"footnotes":""},"class_list":["post-3016","page","type-page","status-publish","hentry"],"post_mailing_queue_ids":[],"_links":{"self":[{"href":"https:\/\/agora.xtec.cat\/ceip-mitja-costa\/wp-json\/wp\/v2\/pages\/3016","targetHints":{"allow":["GET"]}}],"collection":[{"href":"https:\/\/agora.xtec.cat\/ceip-mitja-costa\/wp-json\/wp\/v2\/pages"}],"about":[{"href":"https:\/\/agora.xtec.cat\/ceip-mitja-costa\/wp-json\/wp\/v2\/types\/page"}],"author":[{"embeddable":true,"href":"https:\/\/agora.xtec.cat\/ceip-mitja-costa\/wp-json\/wp\/v2\/users\/6"}],"replies":[{"embeddable":true,"href":"https:\/\/agora.xtec.cat\/ceip-mitja-costa\/wp-json\/wp\/v2\/comments?post=3016"}],"version-history":[{"count":4,"href":"https:\/\/agora.xtec.cat\/ceip-mitja-costa\/wp-json\/wp\/v2\/pages\/3016\/revisions"}],"predecessor-version":[{"id":7807,"href":"https:\/\/agora.xtec.cat\/ceip-mitja-costa\/wp-json\/wp\/v2\/pages\/3016\/revisions\/7807"}],"up":[{"embeddable":true,"href":"https:\/\/agora.xtec.cat\/ceip-mitja-costa\/wp-json\/wp\/v2\/pages\/3012"}],"wp:attachment":[{"href":"https:\/\/agora.xtec.cat\/ceip-mitja-costa\/wp-json\/wp\/v2\/media?parent=3016"}],"curies":[{"name":"wp","href":"https:\/\/api.w.org\/{rel}","templated":true}]}}