{"id":555,"date":"2017-10-29T16:02:04","date_gmt":"2017-10-29T15:02:04","guid":{"rendered":"http:\/\/agora.xtec.cat\/ceip-miquelmartipol-viladecans\/?page_id=555"},"modified":"2025-10-15T12:06:21","modified_gmt":"2025-10-15T10:06:21","slug":"delegatses-aula","status":"publish","type":"page","link":"https:\/\/agora.xtec.cat\/ceip-miquelmartipol-viladecans\/organitzacio\/delegatses-aula\/","title":{"rendered":"Fam\u00edlies delegades"},"content":{"rendered":"<h4 style=\"text-align: justify;\">Fam\u00edlies Delegades Curs 2025-2026<\/h4>\n<p><span style=\"font-family: arial, helvetica, sans-serif; font-size: 10pt;\"><strong>COM PODEN PARTICIPAR, LES FAM\u00cdLIES, EN EL FUNCIONAMENT DEL CENTRE<\/strong><span style=\"font-family: arial, helvetica, sans-serif;\">?\u00a0<\/span><\/span><\/p>\n<p style=\"text-align: left;\"><span style=\"font-family: arial, helvetica, sans-serif; font-size: 10pt;\"><strong>Normativa de refer\u00e8ncia (Llei 12\/2009 d&#8217;educaci\u00f3, article 26)<\/strong><\/span><\/p>\n<p><span style=\"font-family: arial, helvetica, sans-serif; font-size: 10pt;\">\u00a0<span style=\"color: #000000;\">Les fam\u00edlies hi poden participar de diferents maneres: com a delegats\/ades de pares i mares de la classe, com a representants dels pares i mares en el consell escolar, com a membres de l\u2019associaci\u00f3 de mares i pares (AMPA) i de totes aquelles altres maneres que el centre pugui proposar.\u00a0<\/span><\/span><\/p>\n<p><strong><span style=\"font-family: arial, helvetica, sans-serif; font-size: 10pt;\"><span style=\"color: #000000;\">Qu\u00e8 s\u00f3n els\/les delegats\/ades de classe i per a qu\u00e8 serveix aquesta figura?<\/span><\/span><\/strong><\/p>\n<p><span style=\"font-family: arial, helvetica, sans-serif; font-size: 10pt;\"><span style=\"color: #000000;\">Els delegats\/des de classe s\u00f3n els representants dels pares i mares de cada grup classe que fan d&#8217;enlla\u00e7 entre l&#8217;escola i les fam\u00edlies. Recullen les inquietuds, iniciatives i suggeriments dels pares i mares del curs i els canalitzen cap al tutor\/a, l&#8217;equip directiu o l&#8217;AMPA, segons convingui. <\/span><\/span><\/p>\n<p><span style=\"font-family: arial, helvetica, sans-serif; font-size: 10pt;\"><span style=\"color: #000000;\">De la mateixa manera que els alumnes poden escollir, entre els companys\/es de classe, els seus delegats\/ades per a que els representin, els pares i mares poden escollir delegats\/es de la classe a la qual pertany el seu\/seva fill\/a. Els pares i mares delegats\/es s&#8217;ofereixen volunt\u00e0riament per desenvolupar aquesta tasca i\/o s\u00f3n escollits per la resta de pares i mares de la classe. La funci\u00f3 dels pares i mares delegats\/es de curs \u00e9s facilitar la comunicaci\u00f3 entre les fam\u00edlies del grup classe amb el centre educatiu. <\/span><\/span><\/p>\n<p><span style=\"font-family: arial, helvetica, sans-serif; font-size: 10pt;\"><span style=\"color: #000000;\"><strong>Qui s\u00f3n? <\/strong><\/span><\/span><\/p>\n<p><span style=\"font-family: arial, helvetica, sans-serif; font-size: 10pt;\"><span style=\"color: #000000;\">Pare, mare o tutor\/a legal d&#8217;un alumne del centre que s&#8217;ofereix de forma volunt\u00e0ria a exercir aquest paper.<\/span><\/span><\/p>\n<p><span style=\"font-family: arial, helvetica, sans-serif; font-size: 10pt;\"><span style=\"color: #000000;\"><strong> Funcions principals: \u00a0<\/strong><\/span><\/span><\/p>\n<p><span style=\"font-family: arial, helvetica, sans-serif; font-size: 10pt;\"><span style=\"color: #000000;\"><strong>S<\/strong><\/span><\/span><span style=\"font-family: arial, helvetica, sans-serif; font-size: 10pt;\"><span style=\"color: #000000;\"><strong>ervir d&#8217;enlla\u00e7 entre tutor\/es, mestres i pares\/mares:<\/strong><\/span><\/span><\/p>\n<ul>\n<li><span style=\"font-family: arial, helvetica, sans-serif; font-size: 10pt;\"><span style=\"color: #000000;\"> Informar sobre aspectes de funcionament de l&#8217;escola a la resta de fam\u00edlies i explicar les novetats. <\/span><\/span><\/li>\n<li><span style=\"font-family: arial, helvetica, sans-serif; font-size: 10pt;\"><span style=\"color: #000000;\">Trasp\u00e0s de dubtes i\/o suggeriments de les fam\u00edlies al \/ a la\u00a0 mestre\/a tutor\/a. <\/span><\/span><\/li>\n<li><span style=\"font-family: arial, helvetica, sans-serif; font-size: 10pt;\"><span style=\"color: #000000;\">Col\u00b7laborar amb l&#8217;AMPA, si s&#8217;escau.<\/span><\/span><\/li>\n<li><span style=\"font-family: arial, helvetica, sans-serif; font-size: 10pt;\"><span style=\"color: #000000;\"> Impulsar les activitats adre\u00e7ades a les fam\u00edlies que es fan a l&#8217;escola.\u00a0<\/span><\/span><\/li>\n<\/ul>\n<p><strong><span style=\"font-family: arial, helvetica, sans-serif; font-size: 10pt;\"><span style=\"color: #000000;\">Objectius: <\/span><\/span><\/strong><\/p>\n<ul>\n<li><span style=\"font-family: arial, helvetica, sans-serif; font-size: 10pt;\"><span style=\"color: #000000;\">Augmentar el nivell de participaci\u00f3 dels pares a l&#8217;escola i afavorir la comunicaci\u00f3 amb els tutors\/es per aix\u00ed trobar vies de col\u00b7laboraci\u00f3 a la vida escolar dels nostres fills\/es. <\/span><\/span><\/li>\n<li><span style=\"font-family: arial, helvetica, sans-serif; font-size: 10pt;\"><span style=\"color: #000000;\">Afavorir la transmissi\u00f3 d&#8217;informaci\u00f3 que es genera en el s\u00ed de comunitat educativa. <\/span><\/span><\/li>\n<li><span style=\"font-family: arial, helvetica, sans-serif; font-size: 10pt;\"><span style=\"color: #000000;\">Potenciar el coneixement, la relaci\u00f3 i la comunicaci\u00f3 entre les fam\u00edlies amb l&#8217;objectiu d&#8217;afavorir el coneixement mutu i les relacions en el s\u00ed de la comunitat educativa.<strong>\u00a0<\/strong><\/span><\/span><\/li>\n<\/ul>\n<p><span style=\"font-family: arial, helvetica, sans-serif; font-size: 10pt;\"><span style=\"color: #000000;\"><strong>Com es gestionen?<\/strong><\/span><\/span><\/p>\n<p><span style=\"font-family: arial, helvetica, sans-serif; font-size: 10pt;\"><span style=\"color: #000000;\">L&#8217;interlocutor del delegat\/ada a l&#8217;escola \u00e9s el tutor\/a. \u00c9s ell a qui ha d&#8217;adre\u00e7ar-se en primer lloc per a fer qualsevol proposta o per a exposar-li alguna preocupaci\u00f3 de la majoria de pares\/mares del grup en relaci\u00f3 al normal funcionament de la vida escolar. En cas de no rebre la resposta adequada o de persistir una situaci\u00f3 conflictiva el\/la delegat\/da ho posar\u00e0 en coneixement de la Direcci\u00f3 de l&#8217;escola.\u00a0<\/span><\/span><\/p>\n<p>&nbsp;<\/p>\n<h5><span style=\"color: #339966;\"><strong>\u00a0<\/strong><\/span><\/h5>\n<h3><\/h3>\n","protected":false},"excerpt":{"rendered":"<p>Fam\u00edlies Delegades Curs 2025-2026<br \/>\nCOM PODEN PARTICIPAR, LES FAM\u00cdLIES, EN EL FUNCIONAMENT DEL CENTRE?\u00a0<br \/>\nNormativa de refer\u00e8ncia (Llei 12\/2009 d&#8217;educaci\u00f3, article 26)<br \/>\n\u00a0Les fam\u00edlies hi poden participar de diferents maneres: com a delegats\/ades de pares i mares de la classe, com a representants dels pares i mares en&hellip;  <a href=\"https:\/\/agora.xtec.cat\/ceip-miquelmartipol-viladecans\/organitzacio\/delegatses-aula\/\" title=\"Read Fam\u00edlies delegades\">Llegeix m\u00e9s\u00bb<\/a><\/p>\n","protected":false},"author":1,"featured_media":0,"parent":551,"menu_order":0,"comment_status":"closed","ping_status":"closed","template":"page-templates\/side-menu.php","meta":{"_bbp_topic_count":0,"_bbp_reply_count":0,"_bbp_total_topic_count":0,"_bbp_total_reply_count":0,"_bbp_voice_count":0,"_bbp_anonymous_reply_count":0,"_bbp_topic_count_hidden":0,"_bbp_reply_count_hidden":0,"_bbp_forum_subforum_count":0,"footnotes":""},"class_list":["post-555","page","type-page","status-publish","hentry"],"post_mailing_queue_ids":[],"_links":{"self":[{"href":"https:\/\/agora.xtec.cat\/ceip-miquelmartipol-viladecans\/wp-json\/wp\/v2\/pages\/555","targetHints":{"allow":["GET"]}}],"collection":[{"href":"https:\/\/agora.xtec.cat\/ceip-miquelmartipol-viladecans\/wp-json\/wp\/v2\/pages"}],"about":[{"href":"https:\/\/agora.xtec.cat\/ceip-miquelmartipol-viladecans\/wp-json\/wp\/v2\/types\/page"}],"author":[{"embeddable":true,"href":"https:\/\/agora.xtec.cat\/ceip-miquelmartipol-viladecans\/wp-json\/wp\/v2\/users\/1"}],"replies":[{"embeddable":true,"href":"https:\/\/agora.xtec.cat\/ceip-miquelmartipol-viladecans\/wp-json\/wp\/v2\/comments?post=555"}],"version-history":[{"count":7,"href":"https:\/\/agora.xtec.cat\/ceip-miquelmartipol-viladecans\/wp-json\/wp\/v2\/pages\/555\/revisions"}],"predecessor-version":[{"id":10683,"href":"https:\/\/agora.xtec.cat\/ceip-miquelmartipol-viladecans\/wp-json\/wp\/v2\/pages\/555\/revisions\/10683"}],"up":[{"embeddable":true,"href":"https:\/\/agora.xtec.cat\/ceip-miquelmartipol-viladecans\/wp-json\/wp\/v2\/pages\/551"}],"wp:attachment":[{"href":"https:\/\/agora.xtec.cat\/ceip-miquelmartipol-viladecans\/wp-json\/wp\/v2\/media?parent=555"}],"curies":[{"name":"wp","href":"https:\/\/api.w.org\/{rel}","templated":true}]}}