{"id":5290,"date":"2020-03-01T22:12:26","date_gmt":"2020-03-01T21:12:26","guid":{"rendered":"http:\/\/agora.xtec.cat\/ceip-miquelmartipol-viladecans\/?page_id=5290"},"modified":"2020-03-25T18:47:33","modified_gmt":"2020-03-25T17:47:33","slug":"criteris-avaluacio-cicle-superior","status":"publish","type":"page","link":"https:\/\/agora.xtec.cat\/ceip-miquelmartipol-viladecans\/criteris-avaluacio-cicle-superior\/","title":{"rendered":"Criteris d&#8217;avaluaci\u00f3 Cicle Superior"},"content":{"rendered":"<p><strong>CICLE SUPERIOR 5\u00e8<\/strong><\/p>\n<p><strong><em>Activitat f\u00edsica<\/em><\/strong><\/p>\n<ul>\n<li>Con\u00e8ixer i realitzar les activitats de salts, velocitat i llan\u00e7aments pr\u00f2pies de l\u2019atletisme<\/li>\n<li>Orientar-se en l\u2019espai mitjan\u00e7ant pl\u00e0nols i mapes utilitzant les nocions topol\u00f2giques b\u00e0siques<\/li>\n<li>Llan\u00e7ar, botar, xutar, colpejar i rebre una pilota en situaci\u00f3 real de joc<\/li>\n<li>Utilitzar diferents girs, equilibris i maneig d\u2019objectes en una petita representaci\u00f3 en petit grup<\/li>\n<li>Con\u00e8ixer els principals m\u00fasculs del nostre cos<\/li>\n<\/ul>\n<p><strong><em>H\u00e0bits saludables<\/em><\/strong><\/p>\n<ul>\n<li>Realitzar els h\u00e0bits higi\u00e8nics despr\u00e9s de la pr\u00e0ctica<\/li>\n<li>Portar la roba per fer activitat f\u00edsica i els estris de dutxa<\/li>\n<li>Controlar la postura corporal per evitar lesions en diferents activitats<\/li>\n<li>Entendre els beneficis d\u2019una bona alimentaci\u00f3 i els seus efectes en la salut<\/li>\n<li>Fer bon \u00fas dels vestidors i dels propis estris de dutxa per mantenir una bona higiene<\/li>\n<\/ul>\n<p><strong><em>Expressi\u00f3 i comunicaci\u00f3 corporal<\/em><\/strong><\/p>\n<ul>\n<li>Utilitzar els moviments de la cara i el cos per representar<\/li>\n<li>Participar en la realitzaci\u00f3 i escenificaci\u00f3 d\u2019 una coreografia en petit grup<\/li>\n<li>Representar personatges en una obra teatral<\/li>\n<\/ul>\n<p><strong><em>Joc motor i temps de lleure<\/em><\/strong><\/p>\n<ul>\n<li>Participar i gaudir dels jocs<\/li>\n<li>Cooperar i esfor\u00e7ar-se en les activitats f\u00edsiques proposades<\/li>\n<li>Mostrar actituds de respecte envers les normes i els companys\/es<\/li>\n<\/ul>\n<p>&nbsp;<\/p>\n<p><strong>CICLE SUPERIOR 6\u00e8<\/strong><\/p>\n<p><strong><em>Activitat f\u00edsica<\/em><\/strong><\/p>\n<ul>\n<li>Con\u00e8ixer i realitzar les activitats de salts, velocitat i llan\u00e7aments pr\u00f2pies de l\u2019atletisme<\/li>\n<li>Orientar-se en l\u2019espai mitjan\u00e7ant pl\u00e0nols i mapes utilitzant les nocions topol\u00f2giques b\u00e0siques<\/li>\n<li>Llan\u00e7ar, botar, xutar, colpejar i rebre una pilota en situaci\u00f3 real de joc<\/li>\n<li>Utilitzar diferents girs, equilibris i maneig d\u2019objectes en una petita representaci\u00f3 en petit grup<\/li>\n<li>Con\u00e8ixer els principals ossos, m\u00fasculs i articulacions del nostre cos<\/li>\n<\/ul>\n<p><strong><em>H\u00e0bits saludables<\/em><\/strong><\/p>\n<ul>\n<li>Realitzar els h\u00e0bits higi\u00e8nics despr\u00e9s de la pr\u00e0ctica<\/li>\n<li>Portar la roba per fer activitat f\u00edsica i els estris de dutxa<\/li>\n<li>Controlar la postura corporal per evitar lesions en l\u2019escalfament i els estiraments<\/li>\n<li>Entendre els beneficis d\u2019una bona alimentaci\u00f3 i els seus efectes en la salut<\/li>\n<li>Fer bon \u00fas dels vestidors i dels propis estris de dutxa per mantenir una bona higiene<\/li>\n<\/ul>\n<p><strong><em>Expressi\u00f3 i comunicaci\u00f3 corporal<\/em><\/strong><\/p>\n<ul>\n<li>Utilitzar els moviments de la cara i el cos per representar<\/li>\n<li>Participar en la realitzaci\u00f3 i escenificaci\u00f3 d\u2019 una coreografia en petit grup<\/li>\n<li>Representar personatges en una obra teatral<\/li>\n<\/ul>\n<p><strong><em>Joc motor i temps de lleure<\/em><\/strong><\/p>\n<ul>\n<li>Participar i gaudir dels jocs<\/li>\n<li>Cooperar i esfor\u00e7ar-se en les activitats f\u00edsiques proposades<\/li>\n<li>Mostrar actituds de respecte envers les normes i els companys\/es<\/li>\n<\/ul>\n","protected":false},"excerpt":{"rendered":"<p>CICLE SUPERIOR 5\u00e8<br \/>\nActivitat f\u00edsica<\/p>\n<ul>\n<li>Con\u00e8ixer i realitzar les activitats de salts, velocitat i llan\u00e7aments pr\u00f2pies de l\u2019atletisme<\/li>\n<li>Orientar-se en l\u2019espai mitjan\u00e7ant pl\u00e0nols i mapes utilitzant les nocions topol\u00f2giques b\u00e0siques<\/li>\n<li>Llan\u00e7ar, botar, xutar, colpejar i rebre una pilota en situaci\u00f3 real de joc<\/li>\n<li>Utilitzar diferents girs, equilibris i maneig d\u2019objectes&hellip;  <a href=\"https:\/\/agora.xtec.cat\/ceip-miquelmartipol-viladecans\/criteris-avaluacio-cicle-superior\/\" title=\"Read Criteris d&#8217;avaluaci\u00f3 Cicle Superior\">Llegeix m\u00e9s\u00bb<\/a><br \/>\n","protected":false},"author":1,"featured_media":0,"parent":0,"menu_order":0,"comment_status":"closed","ping_status":"closed","template":"","meta":{"_bbp_topic_count":0,"_bbp_reply_count":0,"_bbp_total_topic_count":0,"_bbp_total_reply_count":0,"_bbp_voice_count":0,"_bbp_anonymous_reply_count":0,"_bbp_topic_count_hidden":0,"_bbp_reply_count_hidden":0,"_bbp_forum_subforum_count":0,"footnotes":""},"class_list":["post-5290","page","type-page","status-publish","hentry"],"post_mailing_queue_ids":[],"_links":{"self":[{"href":"https:\/\/agora.xtec.cat\/ceip-miquelmartipol-viladecans\/wp-json\/wp\/v2\/pages\/5290","targetHints":{"allow":["GET"]}}],"collection":[{"href":"https:\/\/agora.xtec.cat\/ceip-miquelmartipol-viladecans\/wp-json\/wp\/v2\/pages"}],"about":[{"href":"https:\/\/agora.xtec.cat\/ceip-miquelmartipol-viladecans\/wp-json\/wp\/v2\/types\/page"}],"author":[{"embeddable":true,"href":"https:\/\/agora.xtec.cat\/ceip-miquelmartipol-viladecans\/wp-json\/wp\/v2\/users\/1"}],"replies":[{"embeddable":true,"href":"https:\/\/agora.xtec.cat\/ceip-miquelmartipol-viladecans\/wp-json\/wp\/v2\/comments?post=5290"}],"version-history":[{"count":2,"href":"https:\/\/agora.xtec.cat\/ceip-miquelmartipol-viladecans\/wp-json\/wp\/v2\/pages\/5290\/revisions"}],"predecessor-version":[{"id":5553,"href":"https:\/\/agora.xtec.cat\/ceip-miquelmartipol-viladecans\/wp-json\/wp\/v2\/pages\/5290\/revisions\/5553"}],"wp:attachment":[{"href":"https:\/\/agora.xtec.cat\/ceip-miquelmartipol-viladecans\/wp-json\/wp\/v2\/media?parent=5290"}],"curies":[{"name":"wp","href":"https:\/\/api.w.org\/{rel}","templated":true}]}}