{"id":508,"date":"2016-12-29T12:53:21","date_gmt":"2016-12-29T11:53:21","guid":{"rendered":"http:\/\/agora.xtec.cat\/ceip-miquelmartipol-viladecans\/?page_id=508"},"modified":"2025-02-16T18:54:17","modified_gmt":"2025-02-16T17:54:17","slug":"qui-som","status":"publish","type":"page","link":"https:\/\/agora.xtec.cat\/ceip-miquelmartipol-viladecans\/lescola\/trets-didentitat\/qui-som\/","title":{"rendered":"Qui som?"},"content":{"rendered":"<p style=\"text-align: justify;\">S<span style=\"color: #000000;\">om una escola oberta i per a tothom. Mirem l\u2019escola des de la seva globalitat, per aix\u00f2 distribu\u00efm\u00a0 els recursos, tant materials com humans, des de l\u2019equitat. Es busca l\u2019equilibri entre el que es t\u00e9 i el que es necessita, cadasc\u00fa des del lloc que ocupa.<\/span><\/p>\n<p style=\"text-align: justify;\"><span style=\"color: #000000;\">El valor que aporta el recurs de suport a l\u2019educaci\u00f3 especial del centre ens ajuda a consolidar mecanismes d\u2019atenci\u00f3 a la diversitat per assegurar-nos l\u2019\u00e8xit educatiu de tothom.<\/span><\/p>\n<p style=\"text-align: justify;\"><strong style=\"font-family: inherit; font-size: 1em;\"><span style=\"color: #000000;\"><em>&#8220;La inclusi\u00f3 \u00e9s un proc\u00e9s sense fi que cerca maneres m\u00e9s eficaces de respondre a la diversitat present en l&#8217;alumnat<\/em><\/span><\/strong><\/p>\n<p style=\"text-align: justify;\"><span style=\"color: #000000;\">L<\/span><span style=\"color: #000000;\">es tasques d&#8217;atenci\u00f3 a la diversitat es desenvolupen dins l&#8217;entorn habitual dels grups de refer\u00e8ncia, incorporant els recursos i materials facilitadors de l&#8217;aprenentatge.<\/span><\/p>\n<p style=\"text-align: justify;\"><span style=\"color: #000000;\">Entenem l\u2019educaci\u00f3 inclusiva emmarcada en una societat digital, que implica necess\u00e0riament tenir en compte la inclusi\u00f3 digital. <\/span><\/p>\n<p style=\"text-align: justify;\"><span style=\"color: #000000;\">Treballem al voltant de dos \u00e0mbits:<\/span><\/p>\n<ul style=\"text-align: justify;\">\n<li><span style=\"color: #000000;\">Accessibilitat als recursos educatius digitals.\u00a0<\/span><\/li>\n<li><span style=\"color: #000000;\">\u00das d&#8217;eines digitals al servei de l\u2019escola inclusiva.<\/span><\/li>\n<\/ul>\n<p style=\"text-align: justify;\"><span style=\"color: #000000;\">La detecci\u00f3 de les necessitats dels\/ de les nostres alumnes \u00e9s un constant. La figura del tutor\/a \u00e9s present al llarg de la jornada escolar i durant un temps considerable d\u2019atenci\u00f3 al propi grup classe, la qual cosa permet con\u00e8ixer als alumnes i fer un seguiment prou acurat del seu proc\u00e9s d\u2019aprenentatge, obert, flexible i personalitzat.<\/span><\/p>\n<p style=\"text-align: justify;\"><span style=\"color: #000000;\">La nostra l\u00ednia pedag\u00f2gica est\u00e0 fonamentada en una estructuraci\u00f3 cooperativa de l\u2019aprenentatge &#8211; on el protagonista \u00e9s el\/ la nen\/a &#8211; que permet al nostre alumnat, aprendre m\u00e9s coses i aprendre-les millor. El\/la mestre\/a \u00e9s la persona que guia, orienta, supervisa i recondueix tot aquest proc\u00e9s.<\/span><\/p>\n<p style=\"text-align: justify;\"><span style=\"color: #000000;\">Els nous entorns d&#8217;aprenentatge que hem dissenyat i estem implementant a la nostra escola, estan centrats en tres dimensions:<\/span><\/p>\n<ul style=\"text-align: justify;\">\n<li><span style=\"color: #000000;\">Ambiental: centrada en el benestar de l&#8217;alumnat.<\/span><\/li>\n<li style=\"text-align: justify;\"><span style=\"color: #000000;\">Pedag\u00f2gica:\u00a0centrada en els principis d\u2019aprenentatge basats en la recerca cient\u00edfica.<\/span><\/li>\n<li style=\"text-align: justify;\"><span style=\"color: #000000;\">Digital: centrada en l\u2019aprenentatge i la pres\u00e8ncia\u00a0 transparent i ubiqua de les eines i entorns digitals.<\/span><\/li>\n<\/ul>\n<p style=\"text-align: justify;\"><span style=\"color: #000000;\">La metodologia emprada , l&#8217;organitzaci\u00f3\u00a0dels grups d&#8217;alumnes, la visi\u00f3 que tenim de l&#8217;avaluaci\u00f3 com a proc\u00e9s de millora i la participaci\u00f3 activa de la comunitat educativa ens garanteixen l&#8217;\u00e8xit educatiu.<\/span><\/p>\n<hr \/>\n<p><strong><span style=\"color: #000000;\"><img loading=\"lazy\" decoding=\"async\" class=\"alignleft\" src=\"https:\/\/agora.xtec.cat\/ceipelvinyet\/wp-content\/uploads\/usu1255\/2019\/04\/projecte.png\" width=\"57\" height=\"57\" \/><\/span><\/strong><strong><span style=\"color: #000000;\"><br \/>\n<\/span><\/strong><span style=\"color: #000000;\"><img loading=\"lazy\" decoding=\"async\" class=\"wp-image-4136 alignleft\" src=\"https:\/\/agora.xtec.cat\/ceip-miquelmartipol-viladecans\/wp-content\/uploads\/usu1500\/2019\/03\/Educaci\u00f3.gif\" alt=\"\" width=\"135\" height=\"50\" \/><span style=\"font-family: inherit; font-size: 1em;\">CERTIFICACI\u00d3 DEL NOSTRE PROJECTE D&#8217;INNOVACI\u00d3 <\/span><\/span><\/p>\n<p><strong><span style=\"color: #000000;\"><em>L&#8217;aprenentatge cooperatiu dins l&#8217;escola inclusiva<\/em><\/span><\/strong><\/p>\n<hr \/>\n<p><img loading=\"lazy\" decoding=\"async\" class=\"alignnone wp-image-9291\" src=\"https:\/\/agora.xtec.cat\/ceip-miquelmartipol-viladecans\/wp-content\/uploads\/usu1500\/2023\/07\/Captura-de-pantalla-2023-07-27-172548.png\" alt=\"\" width=\"420\" height=\"105\" srcset=\"https:\/\/agora.xtec.cat\/ceip-miquelmartipol-viladecans\/wp-content\/uploads\/usu1500\/2023\/07\/Captura-de-pantalla-2023-07-27-172548.png 484w, https:\/\/agora.xtec.cat\/ceip-miquelmartipol-viladecans\/wp-content\/uploads\/usu1500\/2023\/07\/Captura-de-pantalla-2023-07-27-172548-300x75.png 300w\" sizes=\"auto, (max-width: 420px) 100vw, 420px\" \/><\/p>\n<p><strong><span style=\"color: #000000;\"><img loading=\"lazy\" decoding=\"async\" class=\"alignleft\" src=\"https:\/\/agora.xtec.cat\/ceipelvinyet\/wp-content\/uploads\/usu1255\/2019\/04\/projecte.png\" width=\"57\" height=\"57\" \/><\/span><\/strong><strong><span style=\"color: #000000;\"><br \/>\n<\/span><\/strong><span style=\"color: #000000;\"><img loading=\"lazy\" decoding=\"async\" class=\"wp-image-4136 alignleft\" src=\"https:\/\/agora.xtec.cat\/ceip-miquelmartipol-viladecans\/wp-content\/uploads\/usu1500\/2019\/03\/Educaci\u00f3.gif\" alt=\"\" width=\"135\" height=\"50\" \/><span style=\"font-family: inherit; font-size: 1em;\">CERTIFICACI\u00d3 DEL NOSTRE PROJECTE D&#8217;INNOVACI\u00d3 <\/span><\/span><\/p>\n<p><strong><span style=\"color: #000000;\"><em>Projecte d&#8217;innovaci\u00f3 Steam.Cat<\/em><\/span><\/strong><\/p>\n<hr \/>\n<p><span style=\"color: #000000;\">Som centre formador d&#8217;estudiants en Pr\u00e0ctiques de la Universitat de Barcelona.<\/span><\/p>\n<hr \/>\n<p style=\"text-align: justify;\"><strong><span style=\"color: #000000;\">PARTICIPACI\u00d3 EN:<\/span><\/strong><\/p>\n<p style=\"text-align: justify;\"><img loading=\"lazy\" decoding=\"async\" class=\"alignleft\" style=\"text-align: start;\" src=\"https:\/\/agora.xtec.cat\/ceip-miquelmartipol-viladecans\/wp-content\/uploads\/usu1500\/2019\/08\/l-DDhy66_400x400-300x300.png\" alt=\"\" width=\"134\" height=\"134\" \/><img loading=\"lazy\" decoding=\"async\" class=\"alignleft\" style=\"color: #000000;\" src=\"https:\/\/agora.xtec.cat\/ceip-miquelmartipol-viladecans\/wp-content\/uploads\/usu1500\/2021\/09\/STEAMcat-391x280-1.jpg\" width=\"159\" height=\"114\" \/><a href=\"https:\/\/agora.xtec.cat\/ceip-miquelmartipol-viladecans\/wp-content\/uploads\/usu1500\/2025\/02\/Nou-logo-cb.jpg\"><img loading=\"lazy\" decoding=\"async\" class=\"wp-image-10330 alignleft\" src=\"https:\/\/agora.xtec.cat\/ceip-miquelmartipol-viladecans\/wp-content\/uploads\/usu1500\/2025\/02\/Nou-logo-cb-300x106.jpg\" alt=\"\" width=\"224\" height=\"79\" srcset=\"https:\/\/agora.xtec.cat\/ceip-miquelmartipol-viladecans\/wp-content\/uploads\/usu1500\/2025\/02\/Nou-logo-cb-300x106.jpg 300w, https:\/\/agora.xtec.cat\/ceip-miquelmartipol-viladecans\/wp-content\/uploads\/usu1500\/2025\/02\/Nou-logo-cb-1024x363.jpg 1024w, https:\/\/agora.xtec.cat\/ceip-miquelmartipol-viladecans\/wp-content\/uploads\/usu1500\/2025\/02\/Nou-logo-cb-768x272.jpg 768w, https:\/\/agora.xtec.cat\/ceip-miquelmartipol-viladecans\/wp-content\/uploads\/usu1500\/2025\/02\/Nou-logo-cb-1536x544.jpg 1536w, https:\/\/agora.xtec.cat\/ceip-miquelmartipol-viladecans\/wp-content\/uploads\/usu1500\/2025\/02\/Nou-logo-cb.jpg 2048w\" sizes=\"auto, (max-width: 224px) 100vw, 224px\" \/><\/a><a href=\"https:\/\/agora.xtec.cat\/ceip-miquelmartipol-viladecans\/wp-content\/uploads\/usu1500\/2025\/02\/baixa-1.png\"><img loading=\"lazy\" decoding=\"async\" class=\"wp-image-10331 alignleft\" src=\"https:\/\/agora.xtec.cat\/ceip-miquelmartipol-viladecans\/wp-content\/uploads\/usu1500\/2025\/02\/baixa-1.png\" alt=\"\" width=\"154\" height=\"143\" \/><\/a><\/p>\n<p>&nbsp;<\/p>\n<p>&nbsp;<\/p>\n<p>&nbsp;<\/p>\n<hr \/>\n<p>&nbsp;<\/p>\n<p style=\"text-align: left;\"><span style=\"color: #000000;\"><strong>M\u00e9s informaci\u00f3 del Projecte Educatiu del nostre centre<\/strong><\/span> <a href=\"https:\/\/agora.xtec.cat\/ceip-miquelmartipol-viladecans\/wp-content\/uploads\/usu1500\/2020\/01\/PEC-Escola-Miquel-Marti-i-Pol-08062848.pdf\" target=\"_blank\" rel=\"noopener noreferrer\"><strong><span style=\"color: #0000ff;\">aqu\u00ed<\/span><\/strong><\/a><\/p>\n<p style=\"text-align: justify;\"><span style=\"color: #000000;\"><strong>\u00a0 \u00a0 \u00a0 \u00a0\u00a0 \u00a0 \u00a0 \u00a0 \u00a0 \u00a0 \u00a0 \u00a0 \u00a0 \u00a0 \u00a0 \u00a0 \u00a0 \u00a0 \u00a0 \u00a0 \u00a0 \u00a0 \u00a0 \u00a0 \u00a0 \u00a0 \u00a0 \u00a0 \u00a0 \u00a0 \u00a0 \u00a0 \u00a0 \u00a0 \u00a0 \u00a0 \u00a0 \u00a0 \u00a0 \u00a0 \u00a0 \u00a0 \u00a0 \u00a0 \u00a0 \u00a0 \u00a0 \u00a0 \u00a0 \u00a0 \u00a0<\/strong><\/span><\/p>\n<p>&nbsp;<\/p>\n<p>&nbsp;<\/p>\n<p style=\"text-align: left;\">\n","protected":false},"excerpt":{"rendered":"<p>Som una escola oberta i per a tothom. Mirem l\u2019escola des de la seva globalitat, per aix\u00f2 distribu\u00efm\u00a0 els recursos, tant materials com humans, des de l\u2019equitat. Es busca l\u2019equilibri entre el que es t\u00e9 i el que es necessita, cadasc\u00fa des del lloc que&hellip;  <a href=\"https:\/\/agora.xtec.cat\/ceip-miquelmartipol-viladecans\/lescola\/trets-didentitat\/qui-som\/\" title=\"Read Qui som?\">Llegeix m\u00e9s\u00bb<\/a><\/p>\n","protected":false},"author":1,"featured_media":0,"parent":503,"menu_order":1,"comment_status":"closed","ping_status":"closed","template":"page-templates\/side-menu.php","meta":{"_bbp_topic_count":0,"_bbp_reply_count":0,"_bbp_total_topic_count":0,"_bbp_total_reply_count":0,"_bbp_voice_count":0,"_bbp_anonymous_reply_count":0,"_bbp_topic_count_hidden":0,"_bbp_reply_count_hidden":0,"_bbp_forum_subforum_count":0,"footnotes":""},"class_list":["post-508","page","type-page","status-publish","hentry"],"post_mailing_queue_ids":[],"_links":{"self":[{"href":"https:\/\/agora.xtec.cat\/ceip-miquelmartipol-viladecans\/wp-json\/wp\/v2\/pages\/508","targetHints":{"allow":["GET"]}}],"collection":[{"href":"https:\/\/agora.xtec.cat\/ceip-miquelmartipol-viladecans\/wp-json\/wp\/v2\/pages"}],"about":[{"href":"https:\/\/agora.xtec.cat\/ceip-miquelmartipol-viladecans\/wp-json\/wp\/v2\/types\/page"}],"author":[{"embeddable":true,"href":"https:\/\/agora.xtec.cat\/ceip-miquelmartipol-viladecans\/wp-json\/wp\/v2\/users\/1"}],"replies":[{"embeddable":true,"href":"https:\/\/agora.xtec.cat\/ceip-miquelmartipol-viladecans\/wp-json\/wp\/v2\/comments?post=508"}],"version-history":[{"count":7,"href":"https:\/\/agora.xtec.cat\/ceip-miquelmartipol-viladecans\/wp-json\/wp\/v2\/pages\/508\/revisions"}],"predecessor-version":[{"id":10333,"href":"https:\/\/agora.xtec.cat\/ceip-miquelmartipol-viladecans\/wp-json\/wp\/v2\/pages\/508\/revisions\/10333"}],"up":[{"embeddable":true,"href":"https:\/\/agora.xtec.cat\/ceip-miquelmartipol-viladecans\/wp-json\/wp\/v2\/pages\/503"}],"wp:attachment":[{"href":"https:\/\/agora.xtec.cat\/ceip-miquelmartipol-viladecans\/wp-json\/wp\/v2\/media?parent=508"}],"curies":[{"name":"wp","href":"https:\/\/api.w.org\/{rel}","templated":true}]}}