{"id":501,"date":"2016-12-29T12:23:49","date_gmt":"2016-12-29T11:23:49","guid":{"rendered":"http:\/\/agora.xtec.cat\/ceip-miquelmartipol-viladecans\/?page_id=501"},"modified":"2019-06-05T11:50:51","modified_gmt":"2019-06-05T09:50:51","slug":"lescola","status":"publish","type":"page","link":"https:\/\/agora.xtec.cat\/ceip-miquelmartipol-viladecans\/lescola\/","title":{"rendered":"L&#8217;ESCOLA"},"content":{"rendered":"<p style=\"text-align: justify;\"><span style=\"color: #000000;\">La nostra escola es troba situada a la ciutat de Viladecans (Baix Llobregat), al barri de Campreci\u00f3s. La proximitat a la Serra de Montbaig, el parc de la Torre Roja i el passeig central de la carretera de Sant Climent, fa que la zona gaudeixi de prop la natura.\u00a0<\/span><\/p>\n<p style=\"text-align: justify;\"><span style=\"color: #000000;\">Neix el setembre del curs 2004\/2005 i, inicialment es va ubicar en m\u00f2duls prefabricats que van augmentant a mida que creixia el nombre de grups. L\u2019edifici de l\u2019escola es comen\u00e7a a construir l\u2019any 2009, i a la primavera de l\u2019any 2010 es fa el trasllat i s\u2019estrena la nova escola.<\/span><\/p>\n<p style=\"text-align: justify;\"><span style=\"color: #000000;\">L\u2019escola Miquel Mart\u00ed i Pol com a escola p\u00fablica, es declara laica i aconfessional, tot i respectar la llibertat ideol\u00f2gica i religiosa de totes i tots els membres de la comunitat.\u00a0<\/span><span style=\"color: #000000;\">La llengua vehicular \u00e9s la llengua catalana. <\/span><\/p>\n<p style=\"text-align: justify;\"><span style=\"color: #000000;\">\u00a0 \u00a0 \u00a0 \u00a0 \u00a0 \u00a0 \u00a0 \u00a0 \u00a0 \u00a0 \u00a0 \u00a0 \u00a0 \u00a0 \u00a0 \u00a0 \u00a0 \u00a0 \u00a0 \u00a0 \u00a0 \u00a0 <a href=\"https:\/\/drive.google.com\/file\/d\/1J1nvHh8fdLcZVRk8qQCyhWMKFYCPdMT4\/view?usp=sharing\" target=\"_blank\" rel=\"noopener noreferrer\"><img loading=\"lazy\" decoding=\"async\" class=\"alignnone wp-image-4454\" src=\"https:\/\/agora.xtec.cat\/ceip-miquelmartipol-viladecans\/wp-content\/uploads\/usu1500\/2019\/06\/2019-06-04_1856.png\" alt=\"\" width=\"240\" height=\"326\" srcset=\"https:\/\/agora.xtec.cat\/ceip-miquelmartipol-viladecans\/wp-content\/uploads\/usu1500\/2019\/06\/2019-06-04_1856.png 503w, https:\/\/agora.xtec.cat\/ceip-miquelmartipol-viladecans\/wp-content\/uploads\/usu1500\/2019\/06\/2019-06-04_1856-220x300.png 220w\" sizes=\"auto, (max-width: 240px) 100vw, 240px\" \/><\/a><img loading=\"lazy\" decoding=\"async\" class=\"wp-image-902 alignnone\" src=\"http:\/\/agora.xtec.cat\/ceip-miquelmartipol-viladecans\/wp-content\/uploads\/usu1500\/2017\/01\/2017-01-22_1259.png\" alt=\"2017-01-22_1259\" width=\"337\" height=\"199\" srcset=\"https:\/\/agora.xtec.cat\/ceip-miquelmartipol-viladecans\/wp-content\/uploads\/usu1500\/2017\/01\/2017-01-22_1259.png 422w, https:\/\/agora.xtec.cat\/ceip-miquelmartipol-viladecans\/wp-content\/uploads\/usu1500\/2017\/01\/2017-01-22_1259-300x178.png 300w\" sizes=\"auto, (max-width: 337px) 100vw, 337px\" \/><\/span><\/p>\n","protected":false},"excerpt":{"rendered":"<p>La nostra escola es troba situada a la ciutat de Viladecans (Baix Llobregat), al barri de Campreci\u00f3s. La proximitat a la Serra de Montbaig, el parc de la Torre Roja i el passeig central de la carretera de Sant Climent, fa que la zona gaudeixi&hellip;  <a href=\"https:\/\/agora.xtec.cat\/ceip-miquelmartipol-viladecans\/lescola\/\" title=\"Read L&#8217;ESCOLA\">Llegeix m\u00e9s\u00bb<\/a><\/p>\n","protected":false},"author":1,"featured_media":0,"parent":0,"menu_order":1,"comment_status":"closed","ping_status":"closed","template":"page-templates\/side-menu.php","meta":{"_bbp_topic_count":0,"_bbp_reply_count":0,"_bbp_total_topic_count":0,"_bbp_total_reply_count":0,"_bbp_voice_count":0,"_bbp_anonymous_reply_count":0,"_bbp_topic_count_hidden":0,"_bbp_reply_count_hidden":0,"_bbp_forum_subforum_count":0,"footnotes":""},"class_list":["post-501","page","type-page","status-publish","hentry"],"post_mailing_queue_ids":[],"_links":{"self":[{"href":"https:\/\/agora.xtec.cat\/ceip-miquelmartipol-viladecans\/wp-json\/wp\/v2\/pages\/501","targetHints":{"allow":["GET"]}}],"collection":[{"href":"https:\/\/agora.xtec.cat\/ceip-miquelmartipol-viladecans\/wp-json\/wp\/v2\/pages"}],"about":[{"href":"https:\/\/agora.xtec.cat\/ceip-miquelmartipol-viladecans\/wp-json\/wp\/v2\/types\/page"}],"author":[{"embeddable":true,"href":"https:\/\/agora.xtec.cat\/ceip-miquelmartipol-viladecans\/wp-json\/wp\/v2\/users\/1"}],"replies":[{"embeddable":true,"href":"https:\/\/agora.xtec.cat\/ceip-miquelmartipol-viladecans\/wp-json\/wp\/v2\/comments?post=501"}],"version-history":[{"count":3,"href":"https:\/\/agora.xtec.cat\/ceip-miquelmartipol-viladecans\/wp-json\/wp\/v2\/pages\/501\/revisions"}],"predecessor-version":[{"id":4456,"href":"https:\/\/agora.xtec.cat\/ceip-miquelmartipol-viladecans\/wp-json\/wp\/v2\/pages\/501\/revisions\/4456"}],"wp:attachment":[{"href":"https:\/\/agora.xtec.cat\/ceip-miquelmartipol-viladecans\/wp-json\/wp\/v2\/media?parent=501"}],"curies":[{"name":"wp","href":"https:\/\/api.w.org\/{rel}","templated":true}]}}