{"id":64,"date":"2014-09-18T12:39:08","date_gmt":"2014-09-18T11:39:08","guid":{"rendered":"http:\/\/agora.xtec.cat\/ceip-miguelhernandez\/?page_id=64"},"modified":"2024-10-23T16:19:29","modified_gmt":"2024-10-23T14:19:29","slug":"projecte-educatiu","status":"publish","type":"page","link":"https:\/\/agora.xtec.cat\/ceip-miguelhernandez\/projecte-educatiu\/","title":{"rendered":"PROJECTE EDUCATIU"},"content":{"rendered":"<p>L\u2019horari del despatx d\u2019atenci\u00f3 a les fam\u00edlies \u00e9s el seg\u00fcent:<\/p>\n<p>\u2013 de dilluns a divendres de 9h fins les 12h.<\/p>\n<p><strong>Ideari<\/strong><br \/>\nL\u2019escola Miguel Hern\u00e1ndez \u00e9s un centre p\u00fablic d\u2019ensenyament infantil i prim\u00e0ria i per tant es situa en el marc d\u2019escola gratu\u00efta, igualit\u00e0ria, coeducativa, lliure i coherent amb la societat. . Fomenta la conviv\u00e8ncia, la toler\u00e0ncia, el respecte a la diversitat, a les normes socials i vetlla per una educaci\u00f3 no sexista El respecte, la just\u00edcia, la participaci\u00f3 democr\u00e0tica, la solidaritat , s\u00f3n la base per aconseguir la formaci\u00f3 humana integral de l\u2019alumnat per tal que s\u2019incorpori a la societat d\u2019una manera totalment satisfact\u00f2ria .<br \/>\nA trav\u00e9s dels \u00f2rgans corresponents, t\u00e9 la voluntat de formar una l\u00ednia metodol\u00f2gica homog\u00e8nia i coherent, basada en una pedagogia activa, i de fomentar el coneixement del medi i el respecte a l\u2019entorn.<\/p>\n<p><strong>Nivell educatius<\/strong><\/p>\n<ul>\n<li>Educaci\u00f3 Infantil (3 a 5 anys). Nivells: I-3; I-4; I-5.<\/li>\n<li>Educaci\u00f3 Prim\u00e0ria (6 a 11\/12 anys) Nivells:<br \/>\nComunitat de petits; Comunitat de mitjans; Comunitat de grans.<\/li>\n<\/ul>\n<p>&nbsp;<\/p>\n<p><strong>Instal\u00b7lacions<\/strong><\/p>\n<ul>\n<li>Menjador<\/li>\n<li>Aula de psicomotricitat i gimn\u00e0stica<\/li>\n<li>Patis per a la pr\u00e0ctica d\u2019esports<\/li>\n<li>Aula d\u2019inform\u00e0tica<\/li>\n<li>Aula d\u2019educaci\u00f3 especial<\/li>\n<li>Aula d\u2019acollida<\/li>\n<\/ul>\n<ul>\n<li>Sala d\u2019audiovisuals<\/li>\n<li>Laboratori<\/li>\n<li>Hort escolar<\/li>\n<li>Petit teatre<\/li>\n<li>Aula de Psicomotricitat<\/li>\n<\/ul>\n<p><strong>Serveis<\/strong><\/p>\n<ul>\n<li>Ensenyament de llengua estrangera (angl\u00e8s) a partir dels 3 anys.<\/li>\n<li>Sortides al llarg del curs escolar de tipus cultural o d\u2019esbarjo.<\/li>\n<li>Professorat especialitzat: educaci\u00f3 especial, educaci\u00f3 f\u00edsica, m\u00fasica, angl\u00e8s i aula d\u2019acollida.<\/li>\n<li>Associaci\u00f3 de mares i pares: AMPA<\/li>\n<li>Programa de salut infantiL<\/li>\n<li>Taller de catal\u00e0 per pares.<\/li>\n<\/ul>\n<p><strong>Horari de classes<\/strong><\/p>\n<ul>\n<li>Les classes a Ed. Infantil i prim\u00e0ria s\u2019imparteixen en l\u2019horari de 9 a 13 hores i de 15 a 17 hores.<\/li>\n<\/ul>\n<p><strong>AMPA<\/strong><\/p>\n<ul>\n<li>L\u2019escola disposa d\u2019una Associaci\u00f3 de Pares i Mares que a m\u00e9s de col\u00b7laborar amb el centre, s\u2019encarrega de les activitats extraescolars.<\/li>\n<li>Horari: Dimecres i dijous de 16\u201930 a 18 hores.<\/li>\n<\/ul>\n<p>&nbsp;<\/p>\n<p>&nbsp;<\/p>\n<p>&nbsp;<\/p>\n","protected":false},"excerpt":{"rendered":"<p>L\u2019horari del despatx d\u2019atenci\u00f3 a les fam\u00edlies \u00e9s el seg\u00fcent:<br \/>\n\u2013 de dilluns a divendres de 9h fins les 12h.<br \/>\nIdeari<br \/>\nL\u2019escola Miguel Hern\u00e1ndez \u00e9s un centre p\u00fablic d\u2019ensenyament infantil i prim\u00e0ria i per tant es situa en el marc d\u2019escola gratu\u00efta, igualit\u00e0ria, coeducativa, lliure i coherent amb&hellip;  <a href=\"https:\/\/agora.xtec.cat\/ceip-miguelhernandez\/projecte-educatiu\/\" title=\"Read PROJECTE EDUCATIU\">Llegeix m\u00e9s\u00bb<\/a><\/p>\n","protected":false},"author":1,"featured_media":0,"parent":0,"menu_order":0,"comment_status":"closed","ping_status":"closed","template":"page-templates\/side-menu.php","meta":{"_bbp_topic_count":0,"_bbp_reply_count":0,"_bbp_total_topic_count":0,"_bbp_total_reply_count":0,"_bbp_voice_count":0,"_bbp_anonymous_reply_count":0,"_bbp_topic_count_hidden":0,"_bbp_reply_count_hidden":0,"_bbp_forum_subforum_count":0,"footnotes":""},"class_list":["post-64","page","type-page","status-publish","hentry"],"post_mailing_queue_ids":[],"_links":{"self":[{"href":"https:\/\/agora.xtec.cat\/ceip-miguelhernandez\/wp-json\/wp\/v2\/pages\/64","targetHints":{"allow":["GET"]}}],"collection":[{"href":"https:\/\/agora.xtec.cat\/ceip-miguelhernandez\/wp-json\/wp\/v2\/pages"}],"about":[{"href":"https:\/\/agora.xtec.cat\/ceip-miguelhernandez\/wp-json\/wp\/v2\/types\/page"}],"author":[{"embeddable":true,"href":"https:\/\/agora.xtec.cat\/ceip-miguelhernandez\/wp-json\/wp\/v2\/users\/1"}],"replies":[{"embeddable":true,"href":"https:\/\/agora.xtec.cat\/ceip-miguelhernandez\/wp-json\/wp\/v2\/comments?post=64"}],"version-history":[{"count":5,"href":"https:\/\/agora.xtec.cat\/ceip-miguelhernandez\/wp-json\/wp\/v2\/pages\/64\/revisions"}],"predecessor-version":[{"id":4901,"href":"https:\/\/agora.xtec.cat\/ceip-miguelhernandez\/wp-json\/wp\/v2\/pages\/64\/revisions\/4901"}],"wp:attachment":[{"href":"https:\/\/agora.xtec.cat\/ceip-miguelhernandez\/wp-json\/wp\/v2\/media?parent=64"}],"curies":[{"name":"wp","href":"https:\/\/api.w.org\/{rel}","templated":true}]}}