{"id":38,"date":"2014-09-18T12:34:08","date_gmt":"2014-09-18T11:34:08","guid":{"rendered":"http:\/\/agora.xtec.cat\/ceip-menendezpidal-hospitalet\/?page_id=38"},"modified":"2022-01-08T13:25:36","modified_gmt":"2022-01-08T12:25:36","slug":"salut","status":"publish","type":"page","link":"https:\/\/agora.xtec.cat\/ceip-menendezpidal-hospitalet\/lescola\/salut\/","title":{"rendered":"Salut"},"content":{"rendered":"<p><span style=\"color: #000080;\"><strong>ADMINISTRACI\u00d3 DE MEDICAMENTS<\/strong><\/span><\/p>\n<p style=\"text-align: justify;\"><span style=\"color: #000080;\">Per poder administrar medicaments als alumnes, sempre que sigui imprescindible fer-ho en horari lectiu, cal que els pares, mares o tutors legals apportin un informe m\u00e8dic on consti el nom de l&#8217;alumne, el nom del medicament que ha de prendre i la pauta d&#8217;administraci\u00f3. Aix\u00ed mateix, els pares, mares o tutors legals han d&#8217;aportar una autoritzaci\u00f3 on es demani, al director o directora del centre educatiu, l&#8217;administraci\u00f3 al fill o filla del medicament prescrit d&#8217;acord amb les pautes que constin en l&#8217;informe esmentat i se n&#8217;autoritzi l&#8217;administraci\u00f3 als profesionals del centre.<\/span><\/p>\n<p><a href=\"https:\/\/agora.xtec.cat\/ceip-menendezpidal-hospitalet\/wp-content\/uploads\/usu750\/2018\/10\/Autoritzaci\u00f3-administrar-Medicaci\u00f3.pdf\" target=\"_blank\" rel=\"noopener\">Autoritzaci\u00f3 per administrar medicaments<\/a><\/p>\n<p><span style=\"color: #800000;\"><strong>VACUNACIONS<\/strong><\/span><\/p>\n<p style=\"text-align: justify;\"><span style=\"color: #800000;\">L&#8217;administraci\u00f3 de les vacunes que es fa en els centres educatius est\u00e0 regulada pel <a style=\"color: #800000;\" href=\"http:\/\/portaljuridic.gencat.cat\/ca\/pjur_ocults\/pjur_resultats_fitxa\/?action=fitxa&amp;mode=single&amp;documentId=87742&amp;language=ca_ES\" target=\"_blank\" rel=\"noopener\">Decret 155\/1993<\/a>, d&#8217;1 de juny, d&#8217;actualitzaci\u00f3 del Programa de salut escolar. A l&#8217;<a style=\"color: #800000;\" href=\"http:\/\/portaljuridic.gencat.cat\/ca\/pjur_ocults\/pjur_resultats_fitxa\/?action=fitxa&amp;mode=single&amp;documentId=87742&amp;language=ca_ES#fragment-1163076\" target=\"_blank\" rel=\"noopener\">article 5<\/a> s&#8217;especifica que l&#8217;execuci\u00f3 del Programa de salut escolar als centres educatius (entre altres l&#8217;administraci\u00f3 de les vacunes en els centres educatius) correspon als ajuntaments. A l&#8217;<a style=\"color: #800000;\" href=\"http:\/\/portaljuridic.gencat.cat\/ca\/pjur_ocults\/pjur_resultats_fitxa\/?action=fitxa&amp;mode=single&amp;documentId=87742&amp;language=ca_ES#fragment-1143596\" target=\"_blank\" rel=\"noopener\">article 10<\/a> s&#8217;especifica quines s\u00f3n les vacunes que en cada cas s&#8217;han d&#8217;administrar.<\/span><\/p>\n<p style=\"text-align: justify;\"><span style=\"color: #800000;\">En el Calendari de vacunacions del Departament de Salut, hi ha actualitzades les vacunes que s&#8217;administren a cada edat.<\/span><\/p>\n<p><span style=\"color: #008000;\"><strong>POLLS<\/strong><\/span><\/p>\n<p style=\"text-align: justify;\"><span style=\"color: #008000;\"><strong><em><u>Qu\u00e8 s\u00f3n els polls?<\/u><\/em><\/strong><\/span><\/p>\n<p style=\"text-align: justify;\"><span style=\"color: #008000;\">El poll \u00e9s un <strong>insecte<\/strong> que viu entre els cabells. \u00c9s un <strong>par\u00e0sit<\/strong> que s\u2019alimenta de la sang que xucla en picar les persones. Viu entre 16 i 30 dies i les femelles poden posar entre 100 i 300 <strong>ous anomenats ll\u00e9menes<\/strong> que queden fortament adherides a la base del cabell.<\/span><\/p>\n<p style=\"text-align: justify;\"><span style=\"color: #008000;\"><strong><em><u>Com es pot saber si es tenen polls?<\/u><\/em><\/strong><\/span><\/p>\n<p style=\"text-align: justify;\"><span style=\"color: #008000;\">El s\u00edmptoma principal \u00e9s <strong>la picor persistent<\/strong>, ocasionada per la irritaci\u00f3 de la saliva que l\u2019insecte diposita a la petita ferida de la picada i que pot infectar-se al gratar-se.<\/span><\/p>\n<p style=\"text-align: justify;\"><span style=\"color: #008000;\"><strong>Les zones on m\u00e9s f\u00e0cilment podem detectar els polls i les ll\u00e9menes s\u00f3n el clatell i darrera les orelles.<\/strong><\/span><\/p>\n<p style=\"text-align: justify;\"><span style=\"color: #008000;\"><strong><em><u>Com es transmeten?<\/u><\/em><\/strong><\/span><\/p>\n<p style=\"text-align: justify;\"><span style=\"color: #008000;\"><strong>Els polls no salten ni volen, sin\u00f3 que passen d\u2019un cap a l\u2019altre per contacte dels cabells<\/strong>. Aix\u00f2 pot passar en situacions d\u2019estreta conviv\u00e8ncia, com \u00e9s el cas de la llar, escoles i guarderies. Tamb\u00e9 s\u2019encomanen per intercanvi\u00a0 de pintes, raspalls, diademes, gorres, bufandes, mocadors, etc<\/span><\/p>\n<p style=\"text-align: justify;\"><span style=\"color: #008000;\"><strong><em><u>Qu\u00e8 es pot fer per prevenir?<\/u><\/em><\/strong><\/span><\/p>\n<ul>\n<li style=\"text-align: justify;\"><span style=\"color: #008000;\"><strong>Raspallar els cabells cada dia<\/strong>, mantenint netes i desinfectades pintes i raspalls.<\/span><\/li>\n<li style=\"text-align: justify;\"><span style=\"color: #008000;\"><strong>Revisar els cabells dels nens\/es<\/strong> 2-3 cops per setmana.<\/span><\/li>\n<li style=\"text-align: justify;\"><span style=\"color: #008000;\">Portar els <strong>cabells recollits<\/strong> (cues, trenes&#8230;)<\/span><\/li>\n<li style=\"text-align: justify;\"><span style=\"color: #008000;\">No utilitzar pintes, raspalls, diademes, gorres i mocadors d\u2019altres persones.<\/span><\/li>\n<li style=\"text-align: justify;\"><span style=\"color: #008000;\">Rentar els cabells, com a m\u00ednim, 2-3 cops per setmana<\/span><\/li>\n<li style=\"text-align: justify;\"><span style=\"color: #008000;\"><strong>Comunicar r\u00e0pidament a l\u2019escola<\/strong>, amics i familiars que es tenen polls per extremar les mesures preventives. <strong>No s\u2019ha de tenir vergonya<\/strong>, ja que els polls afecten a totes les classes socials i les infeccions no estan provocades per falta d\u2019higiene.<\/span><\/li>\n<\/ul>\n<p style=\"text-align: justify;\"><span style=\"color: #008000;\"><strong>\u00a0<\/strong><strong><em><u>Com eliminar els polls?<\/u><\/em><\/strong><\/span><\/p>\n<ul>\n<li style=\"text-align: justify;\"><span style=\"color: #008000;\">Aplicar el m\u00e9s aviat possible un <strong>preparat insecticida<\/strong> comercialitzat, seguint les instruccions del producte. Aquest s\u2019haur\u00e0 de <strong>repetir diverses vegades<\/strong> per tal de matar els polls que van sortint dels ous.<\/span><\/li>\n<li style=\"text-align: justify;\"><span style=\"color: #008000;\">Per tal <strong>d\u2019eliminar les ll\u00e9menes, esbandir el cabell amb una barreja d\u2019aigua i vinagre<\/strong> (una part de vinagre per dues d\u2019aigua) <strong>i despr\u00e9s passar una llemenera<\/strong>, pinta amb les pues met\u00e0l\u00b7liques llargues i fines, que es pot comprar a les farm\u00e0cies, traient d\u2019ella els ous que van sortint en cada passada, tenint la precauci\u00f3 de posar-lo tot en una bossa de pl\u00e0stic ben tancada per evitar possibles contagis abans de llen\u00e7ar-la.<\/span><\/li>\n<li style=\"text-align: justify;\"><span style=\"color: #008000;\">Donat que els polls poden viure 24 hores fora del cap, <strong>rentar amb aigua molt calenta la roba del nen, llen\u00e7ols, <\/strong>etc. Es recomana canviar la funda del coix\u00ed a diari mentre se segueix el tractament complet.<\/span><\/li>\n<li style=\"text-align: justify;\"><span style=\"color: #008000;\">Tamb\u00e9 \u00e9s aconsellable <strong>guardar pelutxos i joguines de roba<\/strong> que no es poden rentar <strong>en una bossa ben tancada durant 3 setmanes<\/strong> per assegurar-se que els ous (que poden viure fins a 14 dies) moren per manca d\u2019aliment.<\/span><\/li>\n<\/ul>\n<table style=\"border-collapse: collapse; width: 99.6514%; height: 182px;\" border=\"1\">\n<tbody>\n<tr style=\"border-style: ridge; border-color: #042608; height: 179px;\">\n<td style=\"width: 100%; height: 179px;\">\n<p style=\"padding-left: 30px;\"><span style=\"color: #003300;\"><em><b style=\"color: #003300;\">\u00c9s important que sapigueu que en el cas que el vostre fill o filla tingui polls, no l&#8217;heu de portar a l&#8217;escola fins que hagin <\/b><span style=\"color: #003300;\"><b>desaparegut<\/b><\/span><b style=\"color: #003300;\">\u00a0totalment per evitar el contagi als seus companys\/es.<\/b><\/em><\/span><\/p>\n<p style=\"padding-left: 30px;\"><span style=\"color: #003300;\"><strong><em>La transmissi\u00f3 \u00e9s possible mentre hi hagi ous vius en la persona infestada i fins que s&#8217;hagin eliminat totes les ll\u00e9menes.<\/em><\/strong><\/span><\/p>\n<p style=\"padding-left: 30px;\"><span style=\"color: #003300;\"><strong><em>No s&#8217;han d&#8217;administrar productes insecticides &#8220;per prevenir&#8221; en persones que no tinguin polls.<\/em><\/strong><\/span><\/p>\n<\/td>\n<\/tr>\n<\/tbody>\n<\/table>\n","protected":false},"excerpt":{"rendered":"<p>ADMINISTRACI\u00d3 DE MEDICAMENTS Per poder administrar medicaments als alumnes, sempre que sigui imprescindible fer-ho en horari lectiu, cal que els pares, mares o tutors legals apportin un informe m\u00e8dic on consti el nom de l&#8217;alumne, el nom del medicament que ha de prendre i la pauta d&#8217;administraci\u00f3. Aix\u00ed mateix, els pares, mares o tutors legals [&hellip;]<\/p>\n","protected":false},"author":1,"featured_media":0,"parent":22,"menu_order":80,"comment_status":"closed","ping_status":"closed","template":"page-templates\/side-menu.php","meta":{"_bbp_topic_count":0,"_bbp_reply_count":0,"_bbp_total_topic_count":0,"_bbp_total_reply_count":0,"_bbp_voice_count":0,"_bbp_anonymous_reply_count":0,"_bbp_topic_count_hidden":0,"_bbp_reply_count_hidden":0,"_bbp_forum_subforum_count":0,"site-sidebar-layout":"default","site-content-layout":"","ast-site-content-layout":"","site-content-style":"default","site-sidebar-style":"default","ast-global-header-display":"","ast-banner-title-visibility":"","ast-main-header-display":"","ast-hfb-above-header-display":"","ast-hfb-below-header-display":"","ast-hfb-mobile-header-display":"","site-post-title":"","ast-breadcrumbs-content":"","ast-featured-img":"","footer-sml-layout":"","theme-transparent-header-meta":"","adv-header-id-meta":"","stick-header-meta":"","header-above-stick-meta":"","header-main-stick-meta":"","header-below-stick-meta":"","astra-migrate-meta-layouts":"default","ast-page-background-enabled":"default","ast-page-background-meta":{"desktop":{"background-color":"var(--ast-global-color-4)","background-image":"","background-repeat":"repeat","background-position":"center center","background-size":"auto","background-attachment":"scroll","background-type":"","background-media":"","overlay-type":"","overlay-color":"","overlay-opacity":"","overlay-gradient":""},"tablet":{"background-color":"","background-image":"","background-repeat":"repeat","background-position":"center center","background-size":"auto","background-attachment":"scroll","background-type":"","background-media":"","overlay-type":"","overlay-color":"","overlay-opacity":"","overlay-gradient":""},"mobile":{"background-color":"","background-image":"","background-repeat":"repeat","background-position":"center center","background-size":"auto","background-attachment":"scroll","background-type":"","background-media":"","overlay-type":"","overlay-color":"","overlay-opacity":"","overlay-gradient":""}},"ast-content-background-meta":{"desktop":{"background-color":"var(--ast-global-color-5)","background-image":"","background-repeat":"repeat","background-position":"center center","background-size":"auto","background-attachment":"scroll","background-type":"","background-media":"","overlay-type":"","overlay-color":"","overlay-opacity":"","overlay-gradient":""},"tablet":{"background-color":"var(--ast-global-color-5)","background-image":"","background-repeat":"repeat","background-position":"center center","background-size":"auto","background-attachment":"scroll","background-type":"","background-media":"","overlay-type":"","overlay-color":"","overlay-opacity":"","overlay-gradient":""},"mobile":{"background-color":"var(--ast-global-color-5)","background-image":"","background-repeat":"repeat","background-position":"center center","background-size":"auto","background-attachment":"scroll","background-type":"","background-media":"","overlay-type":"","overlay-color":"","overlay-opacity":"","overlay-gradient":""}},"footnotes":""},"class_list":["post-38","page","type-page","status-publish","hentry"],"post_mailing_queue_ids":[],"_links":{"self":[{"href":"https:\/\/agora.xtec.cat\/ceip-menendezpidal-hospitalet\/wp-json\/wp\/v2\/pages\/38","targetHints":{"allow":["GET"]}}],"collection":[{"href":"https:\/\/agora.xtec.cat\/ceip-menendezpidal-hospitalet\/wp-json\/wp\/v2\/pages"}],"about":[{"href":"https:\/\/agora.xtec.cat\/ceip-menendezpidal-hospitalet\/wp-json\/wp\/v2\/types\/page"}],"author":[{"embeddable":true,"href":"https:\/\/agora.xtec.cat\/ceip-menendezpidal-hospitalet\/wp-json\/wp\/v2\/users\/1"}],"replies":[{"embeddable":true,"href":"https:\/\/agora.xtec.cat\/ceip-menendezpidal-hospitalet\/wp-json\/wp\/v2\/comments?post=38"}],"version-history":[{"count":3,"href":"https:\/\/agora.xtec.cat\/ceip-menendezpidal-hospitalet\/wp-json\/wp\/v2\/pages\/38\/revisions"}],"predecessor-version":[{"id":19555,"href":"https:\/\/agora.xtec.cat\/ceip-menendezpidal-hospitalet\/wp-json\/wp\/v2\/pages\/38\/revisions\/19555"}],"up":[{"embeddable":true,"href":"https:\/\/agora.xtec.cat\/ceip-menendezpidal-hospitalet\/wp-json\/wp\/v2\/pages\/22"}],"wp:attachment":[{"href":"https:\/\/agora.xtec.cat\/ceip-menendezpidal-hospitalet\/wp-json\/wp\/v2\/media?parent=38"}],"curies":[{"name":"wp","href":"https:\/\/api.w.org\/{rel}","templated":true}]}}