{"id":12570,"date":"2025-06-02T13:23:14","date_gmt":"2025-06-02T11:23:14","guid":{"rendered":"https:\/\/agora.xtec.cat\/ceip-mediterrani-ampolla\/?page_id=12570"},"modified":"2025-06-09T12:01:35","modified_gmt":"2025-06-09T10:01:35","slug":"activitats","status":"publish","type":"page","link":"https:\/\/agora.xtec.cat\/ceip-mediterrani-ampolla\/biblioteca\/activitats\/","title":{"rendered":"Activitats"},"content":{"rendered":"<p><b>Contacontes: <\/b><span style=\"font-weight: 400;\">Perqu\u00e8 els\/les mestres, fam\u00edlies o convidats especials tinguin l\u2019oportunitat d\u2019explicar contes als infants.<\/span><\/p>\n<p><b>Lectures compartides: <\/b><span style=\"font-weight: 400;\">On els padrins lectors comparteixen moments de lectura amb els m\u00e9s petits.<\/span><\/p>\n<p><b>El dia dels avis i les \u00e0vies: <\/b><span style=\"font-weight: 400;\">Una jornada on els avis i \u00e0vies s\u00f3n els protagonistes i venen a l\u2019escola per compartir hist\u00f2ries o explicar contes.<\/span><\/p>\n<p><b>Trobades amb\u00a0 autors\/es i il\u00b7lustradors\/es: <\/b><span style=\"font-weight: 400;\">Aquestes trobades permeten als infants descobrir el proc\u00e9s de creaci\u00f3 d\u2019un llibre, con\u00e8ixer de prop qui hi ha darrere de les hist\u00f2ries que llegeixen i fer preguntes directament als seus creadors.<\/span><\/p>\n<p><b>Certamen Nacional Infantil i Juvenil de lectura en veu alta: <\/b><span style=\"font-weight: 400;\">Perqu\u00e8 els alumnes del cicle superior puguin participar en el certamen nacional infantil i juvenil de lectura en veu alta que es celebra tots els anys a les Terres de l\u2019Ebre.\u00a0\u00a0<\/span><\/p>\n<p><b>Concurs Literari Infantil: <\/b><span style=\"font-weight: 400;\">Es tracta d\u2019un concurs organitzat per l\u2019ajuntament de l\u2019Ampolla, adre\u00e7at als alumnes de 5\u00e8 i 6\u00e8 de l\u2019Escola Mediterrani, que t\u00e9 com a objectiu fomentar l\u2019expressi\u00f3 escrita, la creativitat i el gust per la lectura entre els m\u00e9s joves.<\/span><\/p>\n<p><b>Pr\u00e9stec: <\/b><span style=\"font-weight: 400;\">La biblioteca ofereix servei de pr\u00e9stec perqu\u00e8 els infants puguin gaudir dels llibres tamb\u00e9 a casa, fomentant l\u2019autonomia i la responsabilitat a l\u2019hora d\u2019escollir i cuidar els llibres.<\/span><\/p>\n","protected":false},"excerpt":{"rendered":"<p>Contacontes: Perqu\u00e8 els\/les mestres, fam\u00edlies o convidats especials tinguin l\u2019oportunitat d\u2019explicar contes als infants. Lectures compartides: On els padrins lectors comparteixen moments de lectura amb els m\u00e9s petits. El dia dels avis i les \u00e0vies: Una jornada on els avis i \u00e0vies s\u00f3n els protagonistes i venen a l\u2019escola per compartir hist\u00f2ries o explicar contes. [&hellip;]<\/p>\n","protected":false},"author":1,"featured_media":0,"parent":12567,"menu_order":30,"comment_status":"closed","ping_status":"closed","template":"page-templates\/side-menu.php","meta":{"_bbp_topic_count":0,"_bbp_reply_count":0,"_bbp_total_topic_count":0,"_bbp_total_reply_count":0,"_bbp_voice_count":0,"_bbp_anonymous_reply_count":0,"_bbp_topic_count_hidden":0,"_bbp_reply_count_hidden":0,"_bbp_forum_subforum_count":0,"site-sidebar-layout":"default","site-content-layout":"","ast-site-content-layout":"","site-content-style":"default","site-sidebar-style":"default","ast-global-header-display":"","ast-banner-title-visibility":"","ast-main-header-display":"","ast-hfb-above-header-display":"","ast-hfb-below-header-display":"","ast-hfb-mobile-header-display":"","site-post-title":"","ast-breadcrumbs-content":"","ast-featured-img":"","footer-sml-layout":"","theme-transparent-header-meta":"","adv-header-id-meta":"","stick-header-meta":"","header-above-stick-meta":"","header-main-stick-meta":"","header-below-stick-meta":"","astra-migrate-meta-layouts":"default","ast-page-background-enabled":"default","ast-page-background-meta":{"desktop":{"background-color":"var(--ast-global-color-4)","background-image":"","background-repeat":"repeat","background-position":"center center","background-size":"auto","background-attachment":"scroll","background-type":"","background-media":"","overlay-type":"","overlay-color":"","overlay-opacity":"","overlay-gradient":""},"tablet":{"background-color":"","background-image":"","background-repeat":"repeat","background-position":"center center","background-size":"auto","background-attachment":"scroll","background-type":"","background-media":"","overlay-type":"","overlay-color":"","overlay-opacity":"","overlay-gradient":""},"mobile":{"background-color":"","background-image":"","background-repeat":"repeat","background-position":"center center","background-size":"auto","background-attachment":"scroll","background-type":"","background-media":"","overlay-type":"","overlay-color":"","overlay-opacity":"","overlay-gradient":""}},"ast-content-background-meta":{"desktop":{"background-color":"var(--ast-global-color-5)","background-image":"","background-repeat":"repeat","background-position":"center center","background-size":"auto","background-attachment":"scroll","background-type":"","background-media":"","overlay-type":"","overlay-color":"","overlay-opacity":"","overlay-gradient":""},"tablet":{"background-color":"var(--ast-global-color-5)","background-image":"","background-repeat":"repeat","background-position":"center center","background-size":"auto","background-attachment":"scroll","background-type":"","background-media":"","overlay-type":"","overlay-color":"","overlay-opacity":"","overlay-gradient":""},"mobile":{"background-color":"var(--ast-global-color-5)","background-image":"","background-repeat":"repeat","background-position":"center center","background-size":"auto","background-attachment":"scroll","background-type":"","background-media":"","overlay-type":"","overlay-color":"","overlay-opacity":"","overlay-gradient":""}},"footnotes":""},"class_list":["post-12570","page","type-page","status-publish","hentry"],"post_mailing_queue_ids":[],"_links":{"self":[{"href":"https:\/\/agora.xtec.cat\/ceip-mediterrani-ampolla\/wp-json\/wp\/v2\/pages\/12570","targetHints":{"allow":["GET"]}}],"collection":[{"href":"https:\/\/agora.xtec.cat\/ceip-mediterrani-ampolla\/wp-json\/wp\/v2\/pages"}],"about":[{"href":"https:\/\/agora.xtec.cat\/ceip-mediterrani-ampolla\/wp-json\/wp\/v2\/types\/page"}],"author":[{"embeddable":true,"href":"https:\/\/agora.xtec.cat\/ceip-mediterrani-ampolla\/wp-json\/wp\/v2\/users\/1"}],"replies":[{"embeddable":true,"href":"https:\/\/agora.xtec.cat\/ceip-mediterrani-ampolla\/wp-json\/wp\/v2\/comments?post=12570"}],"version-history":[{"count":3,"href":"https:\/\/agora.xtec.cat\/ceip-mediterrani-ampolla\/wp-json\/wp\/v2\/pages\/12570\/revisions"}],"predecessor-version":[{"id":12598,"href":"https:\/\/agora.xtec.cat\/ceip-mediterrani-ampolla\/wp-json\/wp\/v2\/pages\/12570\/revisions\/12598"}],"up":[{"embeddable":true,"href":"https:\/\/agora.xtec.cat\/ceip-mediterrani-ampolla\/wp-json\/wp\/v2\/pages\/12567"}],"wp:attachment":[{"href":"https:\/\/agora.xtec.cat\/ceip-mediterrani-ampolla\/wp-json\/wp\/v2\/media?parent=12570"}],"curies":[{"name":"wp","href":"https:\/\/api.w.org\/{rel}","templated":true}]}}