{"id":8082,"date":"2024-02-27T12:16:21","date_gmt":"2024-02-27T11:16:21","guid":{"rendered":"https:\/\/agora.xtec.cat\/ceip-mdpatrocini-cardona\/?page_id=8082"},"modified":"2024-03-07T11:26:23","modified_gmt":"2024-03-07T10:26:23","slug":"50e-aniversari","status":"publish","type":"page","link":"https:\/\/agora.xtec.cat\/ceip-mdpatrocini-cardona\/50e-aniversari\/","title":{"rendered":"50\u00e8 aniversari"},"content":{"rendered":"<p style=\"text-align: justify;\"><a href=\"https:\/\/agora.xtec.cat\/ceip-mdpatrocini-cardona\/wp-content\/uploads\/usu474\/2024\/03\/concurs_qr_50_patrocini-1.jpg\"><img loading=\"lazy\" decoding=\"async\" class=\"wp-image-8127 alignleft\" src=\"https:\/\/agora.xtec.cat\/ceip-mdpatrocini-cardona\/wp-content\/uploads\/usu474\/2024\/03\/concurs_qr_50_patrocini-1.jpg\" alt=\"\" width=\"358\" height=\"485\" srcset=\"https:\/\/agora.xtec.cat\/ceip-mdpatrocini-cardona\/wp-content\/uploads\/usu474\/2024\/03\/concurs_qr_50_patrocini-1.jpg 532w, https:\/\/agora.xtec.cat\/ceip-mdpatrocini-cardona\/wp-content\/uploads\/usu474\/2024\/03\/concurs_qr_50_patrocini-1-221x300.jpg 221w\" sizes=\"auto, (max-width: 358px) 100vw, 358px\" \/><\/a>Benvolgudes fam\u00edlies,<br \/>\nCom potser ja sabeu, el proper curs 2024-2025 la nostra escola celebrar\u00e0 el seu <strong>50\u00e8 aniversari<\/strong>, una data molt especial que volem compartir amb tots vosaltres (fam\u00edlies, infants, antics alumnes i mestres, docents, amics de l&#8217;escola&#8230;).<br \/>\n\u00c9s per aquest motiu, que al llarg d\u2019aquest curs i del proper, s\u2019estan preparant tot un seguit d\u2019actes i activitats per poder celebrar com es mereix aquest aniversari.<br \/>\nPer aix\u00f2 us demanem que si teniu alguna idea, record, an\u00e8cdota o fotografia, ens les feu arribar a la seg\u00fcent adre\u00e7a: <a href=\"mailto:50patrocini@gmail.com\">50patrocini@gmail.com<\/a> ja que hi ha una comissi\u00f3 encarregada en organitzar els diferents actes juntament amb els docents i els infants de l\u2019escola.<\/p>\n<p>Tamb\u00e9 s&#8217;ha preparat\u00a0 un <strong>concurs<\/strong> per crear el disseny\u00a0 del logotip dels\u00a0 50 anys d&#8217;escola , podeu accedir a les bases del mateix mitjan\u00e7ant el codi QR que apareix en el cartell.<\/p>\n<p>Us animem a participar-hi i que en feu difusi\u00f3 si teniu coneguts a qui els pugui interessar, ja us anirem informant.<\/p>\n","protected":false},"excerpt":{"rendered":"<p>Benvolgudes fam\u00edlies, Com potser ja sabeu, el proper curs 2024-2025 la nostra escola celebrar\u00e0 el seu 50\u00e8 aniversari, una data molt especial que volem compartir amb tots vosaltres (fam\u00edlies, infants, antics alumnes i mestres, docents, amics de l&#8217;escola&#8230;). \u00c9s per aquest motiu, que al llarg d\u2019aquest curs i del proper, s\u2019estan preparant tot un seguit [&hellip;]<\/p>\n","protected":false},"author":24,"featured_media":0,"parent":0,"menu_order":0,"comment_status":"closed","ping_status":"closed","template":"","meta":{"_bbp_topic_count":0,"_bbp_reply_count":0,"_bbp_total_topic_count":0,"_bbp_total_reply_count":0,"_bbp_voice_count":0,"_bbp_anonymous_reply_count":0,"_bbp_topic_count_hidden":0,"_bbp_reply_count_hidden":0,"_bbp_forum_subforum_count":0,"site-sidebar-layout":"default","site-content-layout":"","ast-site-content-layout":"","site-content-style":"default","site-sidebar-style":"default","ast-global-header-display":"","ast-banner-title-visibility":"","ast-main-header-display":"","ast-hfb-above-header-display":"","ast-hfb-below-header-display":"","ast-hfb-mobile-header-display":"","site-post-title":"","ast-breadcrumbs-content":"","ast-featured-img":"","footer-sml-layout":"","theme-transparent-header-meta":"","adv-header-id-meta":"","stick-header-meta":"","header-above-stick-meta":"","header-main-stick-meta":"","header-below-stick-meta":"","astra-migrate-meta-layouts":"default","ast-page-background-enabled":"default","ast-page-background-meta":{"desktop":{"background-color":"var(--ast-global-color-5)","background-image":"","background-repeat":"repeat","background-position":"center center","background-size":"auto","background-attachment":"scroll","background-type":"","background-media":"","overlay-type":"","overlay-color":"","overlay-opacity":"","overlay-gradient":""},"tablet":{"background-color":"","background-image":"","background-repeat":"repeat","background-position":"center center","background-size":"auto","background-attachment":"scroll","background-type":"","background-media":"","overlay-type":"","overlay-color":"","overlay-opacity":"","overlay-gradient":""},"mobile":{"background-color":"","background-image":"","background-repeat":"repeat","background-position":"center center","background-size":"auto","background-attachment":"scroll","background-type":"","background-media":"","overlay-type":"","overlay-color":"","overlay-opacity":"","overlay-gradient":""}},"ast-content-background-meta":{"desktop":{"background-color":"var(--ast-global-color-4)","background-image":"","background-repeat":"repeat","background-position":"center center","background-size":"auto","background-attachment":"scroll","background-type":"","background-media":"","overlay-type":"","overlay-color":"","overlay-opacity":"","overlay-gradient":""},"tablet":{"background-color":"var(--ast-global-color-4)","background-image":"","background-repeat":"repeat","background-position":"center center","background-size":"auto","background-attachment":"scroll","background-type":"","background-media":"","overlay-type":"","overlay-color":"","overlay-opacity":"","overlay-gradient":""},"mobile":{"background-color":"var(--ast-global-color-4)","background-image":"","background-repeat":"repeat","background-position":"center center","background-size":"auto","background-attachment":"scroll","background-type":"","background-media":"","overlay-type":"","overlay-color":"","overlay-opacity":"","overlay-gradient":""}},"footnotes":""},"class_list":["post-8082","page","type-page","status-publish","hentry"],"post_mailing_queue_ids":[],"_links":{"self":[{"href":"https:\/\/agora.xtec.cat\/ceip-mdpatrocini-cardona\/wp-json\/wp\/v2\/pages\/8082","targetHints":{"allow":["GET"]}}],"collection":[{"href":"https:\/\/agora.xtec.cat\/ceip-mdpatrocini-cardona\/wp-json\/wp\/v2\/pages"}],"about":[{"href":"https:\/\/agora.xtec.cat\/ceip-mdpatrocini-cardona\/wp-json\/wp\/v2\/types\/page"}],"author":[{"embeddable":true,"href":"https:\/\/agora.xtec.cat\/ceip-mdpatrocini-cardona\/wp-json\/wp\/v2\/users\/24"}],"replies":[{"embeddable":true,"href":"https:\/\/agora.xtec.cat\/ceip-mdpatrocini-cardona\/wp-json\/wp\/v2\/comments?post=8082"}],"version-history":[{"count":6,"href":"https:\/\/agora.xtec.cat\/ceip-mdpatrocini-cardona\/wp-json\/wp\/v2\/pages\/8082\/revisions"}],"predecessor-version":[{"id":8134,"href":"https:\/\/agora.xtec.cat\/ceip-mdpatrocini-cardona\/wp-json\/wp\/v2\/pages\/8082\/revisions\/8134"}],"wp:attachment":[{"href":"https:\/\/agora.xtec.cat\/ceip-mdpatrocini-cardona\/wp-json\/wp\/v2\/media?parent=8082"}],"curies":[{"name":"wp","href":"https:\/\/api.w.org\/{rel}","templated":true}]}}

50è aniversari

<p style="text-align: justify;"><a href="https://agora.xtec.cat/ceip-mdpatrocini-cardona/wp-content/uploads/usu474/2024/03/concurs_qr_50_patrocini-1.jpg"><img loading="lazy" decoding="async" class="wp-image-8127 alignleft" src="https://agora.xtec.cat/ceip-mdpatrocini-cardona/wp-content/uploads/usu474/2024/03/concurs_qr_50_patrocini-1.jpg" alt="" width="358" height="485" srcset="https://agora.xtec.cat/ceip-mdpatrocini-cardona/wp-content/uploads/usu474/2024/03/concurs_qr_50_patrocini-1.jpg 532w, https://agora.xtec.cat/ceip-mdpatrocini-cardona/wp-content/uploads/usu474/2024/03/concurs_qr_50_patrocini-1-221x300.jpg 221w" sizes="auto, (max-width: 358px) 100vw, 358px" /></a>Benvolgudes famílies,<br />
Com potser ja sabeu, el proper curs 2024-2025 la nostra escola celebrarà el seu <strong>50è aniversari</strong>, una data molt especial que volem compartir amb tots vosaltres (famílies, infants, antics alumnes i mestres, docents, amics de l&#8217;escola&#8230;).<br />
És per aquest motiu, que al llarg d’aquest curs i del proper, s’estan preparant tot un seguit d’actes i activitats per poder celebrar com es mereix aquest aniversari.<br />
Per això us demanem que si teniu alguna idea, record, anècdota o fotografia, ens les feu arribar a la següent adreça: <a href="mailto:50patrocini@gmail.com">50patrocini@gmail.com</a> ja que hi ha una comissió encarregada en organitzar els diferents actes juntament amb els docents i els infants de l’escola.</p>
<p>També s&#8217;ha preparat  un <strong>concurs</strong> per crear el disseny  del logotip dels  50 anys d&#8217;escola , podeu accedir a les bases del mateix mitjançant el codi QR que apareix en el cartell.</p>
<p>Us animem a participar-hi i que en feu difusió si teniu coneguts a qui els pugui interessar, ja us anirem informant.</p>

<p>Benvolgudes famílies, Com potser ja sabeu, el proper curs 2024-2025 la nostra escola celebrarà el seu 50è aniversari, una data molt especial que volem compartir amb tots vosaltres (famílies, infants, antics alumnes i mestres, docents, amics de l&#8217;escola&#8230;). És per aquest motiu, que al llarg d’aquest curs i del proper, s’estan preparant tot un seguit [&hellip;]</p>
