{"id":6731,"date":"2022-10-18T10:49:39","date_gmt":"2022-10-18T08:49:39","guid":{"rendered":"https:\/\/agora.xtec.cat\/ceip-mdpatrocini-cardona\/?page_id=6731"},"modified":"2025-10-14T16:35:06","modified_gmt":"2025-10-14T14:35:06","slug":"colla-de-grans-informacions","status":"publish","type":"page","link":"https:\/\/agora.xtec.cat\/ceip-mdpatrocini-cardona\/colla-de-grans-informacions\/","title":{"rendered":"Colla de grans. Informacions."},"content":{"rendered":"<table style=\"background-color: #a7e1fa; border-color: #08c9ff; border-style: solid; width: 99.7756%; height: 447px;\">\n<tbody>\n<tr style=\"height: 437px;\">\n<td style=\"text-align: center; width: 30.934%; height: 437px;\">\n<h3><strong>QUART<\/strong><\/h3>\n<p><a href=\"https:\/\/agora.xtec.cat\/ceip-mdpatrocini-cardona\/wp-content\/uploads\/usu474\/2025\/10\/IMG_3054-1.jpg\"><img loading=\"lazy\" decoding=\"async\" class=\"alignright wp-image-8881 size-full\" src=\"https:\/\/agora.xtec.cat\/ceip-mdpatrocini-cardona\/wp-content\/uploads\/usu474\/2025\/10\/IMG_3054-1.jpg\" alt=\"\" width=\"640\" height=\"480\" srcset=\"https:\/\/agora.xtec.cat\/ceip-mdpatrocini-cardona\/wp-content\/uploads\/usu474\/2025\/10\/IMG_3054-1.jpg 640w, https:\/\/agora.xtec.cat\/ceip-mdpatrocini-cardona\/wp-content\/uploads\/usu474\/2025\/10\/IMG_3054-1-300x225.jpg 300w, https:\/\/agora.xtec.cat\/ceip-mdpatrocini-cardona\/wp-content\/uploads\/usu474\/2025\/10\/IMG_3054-1-200x150.jpg 200w\" sizes=\"auto, (max-width: 640px) 100vw, 640px\" \/><\/a><\/td>\n<td style=\"text-align: center; width: 36.1208%; height: 437px;\">\n<h3><strong>CINQU\u00c8\u00a0<\/strong><\/h3>\n<p><img loading=\"lazy\" decoding=\"async\" class=\"alignright size-full wp-image-8863\" src=\"https:\/\/agora.xtec.cat\/ceip-mdpatrocini-cardona\/wp-content\/uploads\/usu474\/2025\/10\/5e-e1759501704132.jpg\" alt=\"\" width=\"480\" height=\"337\" srcset=\"https:\/\/agora.xtec.cat\/ceip-mdpatrocini-cardona\/wp-content\/uploads\/usu474\/2025\/10\/5e-e1759501704132.jpg 480w, https:\/\/agora.xtec.cat\/ceip-mdpatrocini-cardona\/wp-content\/uploads\/usu474\/2025\/10\/5e-e1759501704132-300x211.jpg 300w\" sizes=\"auto, (max-width: 480px) 100vw, 480px\" \/><\/td>\n<td style=\"text-align: center; width: 31.9507%; height: 437px;\">\n<h3><strong>SIS\u00c8<\/strong><\/h3>\n<p><img loading=\"lazy\" decoding=\"async\" class=\"alignright size-full wp-image-8833\" src=\"https:\/\/agora.xtec.cat\/ceip-mdpatrocini-cardona\/wp-content\/uploads\/usu474\/2025\/10\/foto-6e.jpg\" alt=\"\" width=\"640\" height=\"480\" srcset=\"https:\/\/agora.xtec.cat\/ceip-mdpatrocini-cardona\/wp-content\/uploads\/usu474\/2025\/10\/foto-6e.jpg 640w, https:\/\/agora.xtec.cat\/ceip-mdpatrocini-cardona\/wp-content\/uploads\/usu474\/2025\/10\/foto-6e-300x225.jpg 300w, https:\/\/agora.xtec.cat\/ceip-mdpatrocini-cardona\/wp-content\/uploads\/usu474\/2025\/10\/foto-6e-200x150.jpg 200w\" sizes=\"auto, (max-width: 640px) 100vw, 640px\" \/><\/td>\n<\/tr>\n<tr style=\"height: 10px;\">\n<td style=\"width: 30.934%; height: 10px;\"><strong>Contacte amb les tutores: <\/strong><\/p>\n<p><strong>Ariadna Fern\u00e1ndez Perarnau<\/strong><\/p>\n<p><a href=\"mailto:ariadna.fernandez@patrocini.cat\">ariadna.fernandez@patrocini.cat<\/a><\/td>\n<td style=\"width: 36.1208%; height: 10px;\"><strong>Contacte amb el tutor:<\/strong><\/p>\n<p><strong>Axel Camarero D\u00edez<\/strong><\/p>\n<p><a href=\"mailto:axel.camarero@patrocini.cat\">axel.camarero@patrocini.cat<\/a><\/td>\n<td style=\"width: 31.9507%; height: 10px;\">\n<p style=\"text-align: left;\"><strong>Contacte amb el tutor:\u00a0<\/strong><\/p>\n<p><strong>Marc Culebras Pons<\/strong><\/p>\n<p><a href=\"mailto:marc.culebras@patrocini.cat\">marc.culebras<\/a><a href=\"mailto:marc.culebras@patrocini.cat\">@patrocini.cat<\/a><\/td>\n<\/tr>\n<\/tbody>\n<\/table>\n<p>&nbsp;<\/p>\n<table style=\"height: 88px; width: 22.4799%; border-collapse: collapse; border-color: #08c9ff; background-color: #a7fafa; border-style: solid;\">\n<tbody>\n<tr style=\"height: 56px;\">\n<td style=\"width: 100%; height: 56px;\"><strong>INFORMACIONS, SORTIDES, CONTACTES<\/strong><\/td>\n<\/tr>\n<tr style=\"height: 32px;\">\n<td style=\"width: 100%; height: 32px;\"><a href=\"https:\/\/agora.xtec.cat\/ceip-mdpatrocini-cardona\/wp-content\/uploads\/usu474\/2025\/10\/Colla-de-Grans-curs-25-26.docx.pdf\">Colla de Grans curs 25-26.docx<\/a><\/td>\n<\/tr>\n<\/tbody>\n<\/table>\n<p>&nbsp;<\/p>\n","protected":false},"excerpt":{"rendered":"<p>QUART CINQU\u00c8\u00a0 SIS\u00c8 Contacte amb les tutores: Ariadna Fern\u00e1ndez Perarnau ariadna.fernandez@patrocini.cat Contacte amb el tutor: Axel Camarero D\u00edez axel.camarero@patrocini.cat Contacte amb el tutor:\u00a0 Marc Culebras Pons marc.culebras@patrocini.cat &nbsp; INFORMACIONS, SORTIDES, CONTACTES Colla de Grans curs 25-26.docx &nbsp;<\/p>\n","protected":false},"author":1,"featured_media":0,"parent":0,"menu_order":0,"comment_status":"closed","ping_status":"closed","template":"","meta":{"_bbp_topic_count":0,"_bbp_reply_count":0,"_bbp_total_topic_count":0,"_bbp_total_reply_count":0,"_bbp_voice_count":0,"_bbp_anonymous_reply_count":0,"_bbp_topic_count_hidden":0,"_bbp_reply_count_hidden":0,"_bbp_forum_subforum_count":0,"site-sidebar-layout":"default","site-content-layout":"","ast-site-content-layout":"","site-content-style":"default","site-sidebar-style":"default","ast-global-header-display":"","ast-banner-title-visibility":"","ast-main-header-display":"","ast-hfb-above-header-display":"","ast-hfb-below-header-display":"","ast-hfb-mobile-header-display":"","site-post-title":"","ast-breadcrumbs-content":"","ast-featured-img":"","footer-sml-layout":"","theme-transparent-header-meta":"","adv-header-id-meta":"","stick-header-meta":"","header-above-stick-meta":"","header-main-stick-meta":"","header-below-stick-meta":"","astra-migrate-meta-layouts":"default","ast-page-background-enabled":"default","ast-page-background-meta":{"desktop":{"background-color":"var(--ast-global-color-5)","background-image":"","background-repeat":"repeat","background-position":"center center","background-size":"auto","background-attachment":"scroll","background-type":"","background-media":"","overlay-type":"","overlay-color":"","overlay-opacity":"","overlay-gradient":""},"tablet":{"background-color":"","background-image":"","background-repeat":"repeat","background-position":"center center","background-size":"auto","background-attachment":"scroll","background-type":"","background-media":"","overlay-type":"","overlay-color":"","overlay-opacity":"","overlay-gradient":""},"mobile":{"background-color":"","background-image":"","background-repeat":"repeat","background-position":"center center","background-size":"auto","background-attachment":"scroll","background-type":"","background-media":"","overlay-type":"","overlay-color":"","overlay-opacity":"","overlay-gradient":""}},"ast-content-background-meta":{"desktop":{"background-color":"var(--ast-global-color-4)","background-image":"","background-repeat":"repeat","background-position":"center center","background-size":"auto","background-attachment":"scroll","background-type":"","background-media":"","overlay-type":"","overlay-color":"","overlay-opacity":"","overlay-gradient":""},"tablet":{"background-color":"var(--ast-global-color-4)","background-image":"","background-repeat":"repeat","background-position":"center center","background-size":"auto","background-attachment":"scroll","background-type":"","background-media":"","overlay-type":"","overlay-color":"","overlay-opacity":"","overlay-gradient":""},"mobile":{"background-color":"var(--ast-global-color-4)","background-image":"","background-repeat":"repeat","background-position":"center center","background-size":"auto","background-attachment":"scroll","background-type":"","background-media":"","overlay-type":"","overlay-color":"","overlay-opacity":"","overlay-gradient":""}},"footnotes":""},"class_list":["post-6731","page","type-page","status-publish","hentry"],"post_mailing_queue_ids":[],"_links":{"self":[{"href":"https:\/\/agora.xtec.cat\/ceip-mdpatrocini-cardona\/wp-json\/wp\/v2\/pages\/6731","targetHints":{"allow":["GET"]}}],"collection":[{"href":"https:\/\/agora.xtec.cat\/ceip-mdpatrocini-cardona\/wp-json\/wp\/v2\/pages"}],"about":[{"href":"https:\/\/agora.xtec.cat\/ceip-mdpatrocini-cardona\/wp-json\/wp\/v2\/types\/page"}],"author":[{"embeddable":true,"href":"https:\/\/agora.xtec.cat\/ceip-mdpatrocini-cardona\/wp-json\/wp\/v2\/users\/1"}],"replies":[{"embeddable":true,"href":"https:\/\/agora.xtec.cat\/ceip-mdpatrocini-cardona\/wp-json\/wp\/v2\/comments?post=6731"}],"version-history":[{"count":9,"href":"https:\/\/agora.xtec.cat\/ceip-mdpatrocini-cardona\/wp-json\/wp\/v2\/pages\/6731\/revisions"}],"predecessor-version":[{"id":8883,"href":"https:\/\/agora.xtec.cat\/ceip-mdpatrocini-cardona\/wp-json\/wp\/v2\/pages\/6731\/revisions\/8883"}],"wp:attachment":[{"href":"https:\/\/agora.xtec.cat\/ceip-mdpatrocini-cardona\/wp-json\/wp\/v2\/media?parent=6731"}],"curies":[{"name":"wp","href":"https:\/\/api.w.org\/{rel}","templated":true}]}}