{"id":8909,"date":"2022-10-25T20:41:01","date_gmt":"2022-10-25T18:41:01","guid":{"rendered":"https:\/\/agora.xtec.cat\/ceip-mcinto-verdaguer\/?page_id=8909"},"modified":"2023-01-24T16:16:38","modified_gmt":"2023-01-24T15:16:38","slug":"2022-2023","status":"publish","type":"page","link":"https:\/\/agora.xtec.cat\/ceip-mcinto-verdaguer\/fotos-i-videos\/videos\/2022-2023\/","title":{"rendered":"2022-23"},"content":{"rendered":"<h3>Concert de Nadal i d&#8217;hivern<\/h3>\n<p><a href=\"https:\/\/youtu.be\/7kTdB-1XkRU\" target=\"_blank\" rel=\"noopener\">EI3<\/a><br \/>\n<a href=\"https:\/\/youtu.be\/JhEaahpUJp4\" target=\"_blank\" rel=\"noopener\">EI3 + 6\u00e8<\/a><br \/>\n<a href=\"https:\/\/youtu.be\/rhGryqScKvg\" target=\"_blank\" rel=\"noopener\">EI4<\/a><br \/>\n<a href=\"https:\/\/youtu.be\/KXN_mxWW_LM\" target=\"_blank\" rel=\"noopener\">EI5<\/a><br \/>\n<a href=\"https:\/\/youtu.be\/jcFcmAE5mC8\" target=\"_blank\" rel=\"noopener\">1r<\/a><br \/>\n<a href=\"https:\/\/youtu.be\/Z_ds8ZpqZdU\" target=\"_blank\" rel=\"noopener\">2n<\/a><br \/>\n<a href=\"https:\/\/youtu.be\/NMz_AxTNPPA\" target=\"_blank\" rel=\"noopener\">3r: Els pastorets<\/a><br \/>\n<a href=\"https:\/\/youtu.be\/EhaLo_lGLh4\" target=\"_blank\" rel=\"noopener\">4t<\/a><br \/>\n<a href=\"https:\/\/youtu.be\/xMCi707OpSg\" target=\"_blank\" rel=\"noopener\">5\u00e8<\/a><br \/>\n<a href=\"https:\/\/youtu.be\/ILIN0XT5VOY\" target=\"_blank\" rel=\"noopener\">6\u00e8<\/a><\/p>\n<h3>Castanyada<\/h3>\n<p style=\"padding-left: 40px;\"><a href=\"https:\/\/youtu.be\/2gwatFOqLvM\" target=\"_blank\" rel=\"noopener\">Castanyada 1r\u00a0<\/a><\/p>\n<p style=\"padding-left: 40px;\"><a href=\"https:\/\/youtu.be\/6IT7733ARQY\" target=\"_blank\" rel=\"noopener\">Castanyada 2n\u00a0<\/a><\/p>\n<p style=\"padding-left: 40px;\"><a href=\"https:\/\/youtu.be\/7-BAigDQZtc\" target=\"_blank\" rel=\"noopener\">Castanyada 3r\u00a0<\/a><\/p>\n<p style=\"padding-left: 40px;\"><a href=\"https:\/\/youtu.be\/ZcNCNkoTJig\" target=\"_blank\" rel=\"noopener\">Castanyada 4t<\/a><\/p>\n<p style=\"padding-left: 40px;\"><a href=\"https:\/\/youtu.be\/M7uga4duwuo\" target=\"_blank\" rel=\"noopener\">Castanyada 5\u00e8\u00a0<\/a><\/p>\n<p style=\"padding-left: 40px;\"><a href=\"https:\/\/youtu.be\/6rmnIZ_LLPk\" target=\"_blank\" rel=\"noopener\">Castanyada Ei-5<\/a><\/p>\n<p style=\"padding-left: 40px;\"><a href=\"https:\/\/youtu.be\/z2wDnrjG-N4\" target=\"_blank\" rel=\"noopener\">Castanyada Ei-4<\/a><\/p>\n<p style=\"padding-left: 40px;\"><a href=\"https:\/\/youtu.be\/W9CixKKfI5s\" target=\"_blank\" rel=\"noopener\">Castanyada Ei-3 + 6\u00e8<\/a><\/p>\n<p style=\"padding-left: 40px;\"><a href=\"https:\/\/youtu.be\/DpxbFwXHYqQ\" target=\"_blank\" rel=\"noopener\">Espectacle sencer<\/a><\/p>\n<p>&nbsp;<\/p>\n","protected":false},"excerpt":{"rendered":"<p>Concert de Nadal i d&#8217;hivern EI3 EI3 + 6\u00e8 EI4 EI5 1r 2n 3r: Els pastorets 4t 5\u00e8 6\u00e8 Castanyada Castanyada 1r\u00a0 Castanyada 2n\u00a0 Castanyada 3r\u00a0 Castanyada 4t Castanyada 5\u00e8\u00a0 Castanyada Ei-5 Castanyada Ei-4 Castanyada Ei-3 + 6\u00e8 Espectacle sencer &nbsp;<\/p>\n","protected":false},"author":1,"featured_media":0,"parent":323,"menu_order":0,"comment_status":"closed","ping_status":"closed","template":"","meta":{"_bbp_topic_count":0,"_bbp_reply_count":0,"_bbp_total_topic_count":0,"_bbp_total_reply_count":0,"_bbp_voice_count":0,"_bbp_anonymous_reply_count":0,"_bbp_topic_count_hidden":0,"_bbp_reply_count_hidden":0,"_bbp_forum_subforum_count":0,"site-sidebar-layout":"default","site-content-layout":"","ast-site-content-layout":"","site-content-style":"default","site-sidebar-style":"default","ast-global-header-display":"","ast-banner-title-visibility":"","ast-main-header-display":"","ast-hfb-above-header-display":"","ast-hfb-below-header-display":"","ast-hfb-mobile-header-display":"","site-post-title":"","ast-breadcrumbs-content":"","ast-featured-img":"","footer-sml-layout":"","theme-transparent-header-meta":"","adv-header-id-meta":"","stick-header-meta":"","header-above-stick-meta":"","header-main-stick-meta":"","header-below-stick-meta":"","astra-migrate-meta-layouts":"default","ast-page-background-enabled":"default","ast-page-background-meta":{"desktop":{"background-color":"var(--ast-global-color-4)","background-image":"","background-repeat":"repeat","background-position":"center center","background-size":"auto","background-attachment":"scroll","background-type":"","background-media":"","overlay-type":"","overlay-color":"","overlay-opacity":"","overlay-gradient":""},"tablet":{"background-color":"","background-image":"","background-repeat":"repeat","background-position":"center center","background-size":"auto","background-attachment":"scroll","background-type":"","background-media":"","overlay-type":"","overlay-color":"","overlay-opacity":"","overlay-gradient":""},"mobile":{"background-color":"","background-image":"","background-repeat":"repeat","background-position":"center center","background-size":"auto","background-attachment":"scroll","background-type":"","background-media":"","overlay-type":"","overlay-color":"","overlay-opacity":"","overlay-gradient":""}},"ast-content-background-meta":{"desktop":{"background-color":"var(--ast-global-color-5)","background-image":"","background-repeat":"repeat","background-position":"center center","background-size":"auto","background-attachment":"scroll","background-type":"","background-media":"","overlay-type":"","overlay-color":"","overlay-opacity":"","overlay-gradient":""},"tablet":{"background-color":"var(--ast-global-color-5)","background-image":"","background-repeat":"repeat","background-position":"center center","background-size":"auto","background-attachment":"scroll","background-type":"","background-media":"","overlay-type":"","overlay-color":"","overlay-opacity":"","overlay-gradient":""},"mobile":{"background-color":"var(--ast-global-color-5)","background-image":"","background-repeat":"repeat","background-position":"center center","background-size":"auto","background-attachment":"scroll","background-type":"","background-media":"","overlay-type":"","overlay-color":"","overlay-opacity":"","overlay-gradient":""}},"footnotes":""},"class_list":["post-8909","page","type-page","status-publish","hentry"],"post_mailing_queue_ids":[],"_links":{"self":[{"href":"https:\/\/agora.xtec.cat\/ceip-mcinto-verdaguer\/wp-json\/wp\/v2\/pages\/8909","targetHints":{"allow":["GET"]}}],"collection":[{"href":"https:\/\/agora.xtec.cat\/ceip-mcinto-verdaguer\/wp-json\/wp\/v2\/pages"}],"about":[{"href":"https:\/\/agora.xtec.cat\/ceip-mcinto-verdaguer\/wp-json\/wp\/v2\/types\/page"}],"author":[{"embeddable":true,"href":"https:\/\/agora.xtec.cat\/ceip-mcinto-verdaguer\/wp-json\/wp\/v2\/users\/1"}],"replies":[{"embeddable":true,"href":"https:\/\/agora.xtec.cat\/ceip-mcinto-verdaguer\/wp-json\/wp\/v2\/comments?post=8909"}],"version-history":[{"count":3,"href":"https:\/\/agora.xtec.cat\/ceip-mcinto-verdaguer\/wp-json\/wp\/v2\/pages\/8909\/revisions"}],"predecessor-version":[{"id":9256,"href":"https:\/\/agora.xtec.cat\/ceip-mcinto-verdaguer\/wp-json\/wp\/v2\/pages\/8909\/revisions\/9256"}],"up":[{"embeddable":true,"href":"https:\/\/agora.xtec.cat\/ceip-mcinto-verdaguer\/wp-json\/wp\/v2\/pages\/323"}],"wp:attachment":[{"href":"https:\/\/agora.xtec.cat\/ceip-mcinto-verdaguer\/wp-json\/wp\/v2\/media?parent=8909"}],"curies":[{"name":"wp","href":"https:\/\/api.w.org\/{rel}","templated":true}]}}