{"id":4035,"date":"2017-12-14T15:13:24","date_gmt":"2017-12-14T14:13:24","guid":{"rendered":"http:\/\/agora.xtec.cat\/ceip-mcinto-verdaguer\/?page_id=4035"},"modified":"2019-11-02T22:48:43","modified_gmt":"2019-11-02T21:48:43","slug":"fotos-2017-18","status":"publish","type":"page","link":"https:\/\/agora.xtec.cat\/ceip-mcinto-verdaguer\/fotos-i-videos\/fotos\/fotos-2017-18\/","title":{"rendered":"Fotos 2017-18"},"content":{"rendered":"<p><a href=\"https:\/\/photos.app.goo.gl\/g5PsllZel1QFCCph1\" target=\"_blank\" rel=\"noopener noreferrer\">Patrimoniem la domus<\/a> Alumnes de 5\u00e8 Mar\u00e7 2018<\/p>\n<p><a href=\"https:\/\/photos.app.goo.gl\/6kejdc3gjDrm7iIj2\" target=\"_blank\" rel=\"noopener noreferrer\">Visita de les fam\u00edlies<\/a> Alumnes de 1r Mar\u00e7 2018<\/p>\n<p><a href=\"https:\/\/photos.app.goo.gl\/uGxR44tzrgRT9lqh2\" target=\"_blank\" rel=\"noopener noreferrer\">Visita a Migrastudium<\/a> Alumnes de 6\u00e8 Febrer 2018<\/p>\n<p><a href=\"https:\/\/photos.app.goo.gl\/oJvwDzIPB18ZLck52\" target=\"_blank\" rel=\"noopener noreferrer\">Ruta de les fonts<\/a> Alumnes de 1r Febrer 2018<\/p>\n<p><a href=\"https:\/\/photos.app.goo.gl\/UWcESuuIPRtBBxN13\" target=\"_blank\" rel=\"noopener noreferrer\">Carnestoltes<\/a> Alumnes de cicle inicial Febrer 2018<\/p>\n<p><a href=\"https:\/\/photos.app.goo.gl\/BU1Wz5yuihuGVpw72\" target=\"_blank\" rel=\"noopener noreferrer\">Trobada de corals<\/a> Alumnes de 6\u00e8 Gener 2018<\/p>\n<p><a href=\"https:\/\/photos.app.goo.gl\/S8JbZiLTIiw3Z3CC2\" target=\"_blank\" rel=\"noopener noreferrer\">Pastorets<\/a> Alumnes de 3r Desembre 2017<\/p>\n<p><a href=\"https:\/\/photos.app.goo.gl\/UYt2ePY5iqjyGxrw2\" target=\"_blank\" rel=\"noopener noreferrer\">Concert de Nadal<\/a> Alumnes de 6\u00e8 Desembre 2017<\/p>\n<p><a href=\"https:\/\/photos.app.goo.gl\/bYTtq5E8RdZpVfMj2\" target=\"_blank\" rel=\"noopener noreferrer\">Concert de Nadal<\/a> Alumnes de 5\u00e8 Desembre 2017<\/p>\n<p><a href=\"https:\/\/photos.app.goo.gl\/4IH4i73AKngwvfku2\" target=\"_blank\" rel=\"noopener noreferrer\">Concert de Nadal<\/a> Alumnes de 4t Desembre 2017<\/p>\n<p><a href=\"https:\/\/photos.app.goo.gl\/kUeHC1dSXN0rrxz53\" target=\"_blank\" rel=\"noopener noreferrer\">Concert de Nadal<\/a> Alumnes de 2n Desembre 2017<\/p>\n<p><a href=\"https:\/\/photos.app.goo.gl\/kf6FA3hiOVDQU6sI2\" target=\"_blank\" rel=\"noopener noreferrer\">Concert de Nadal<\/a> Alumnes de 1r Desembre 2017<\/p>\n<p><a href=\"https:\/\/photos.app.goo.gl\/WBJFCIOV0maOvdXy1\" target=\"_blank\" rel=\"noopener noreferrer\">Concert de Nadal<\/a> Alumnes de P4 i P5 Desembre 2017<\/p>\n<p><a href=\"https:\/\/photos.app.goo.gl\/fJd0wYPVv7XKRY7c2\" target=\"_blank\" rel=\"noopener noreferrer\">Concert de Nadal<\/a> Alumnes de P5 Desembre 2017<\/p>\n<p><a href=\"https:\/\/photos.app.goo.gl\/qNXcSg8wqluOy4WU2\" target=\"_blank\" rel=\"noopener noreferrer\">Concert de Nadal<\/a> Alumnes de P4 Desembre 2017<\/p>\n<p><a href=\"https:\/\/photos.app.goo.gl\/KTkaSnjQWsU90SEt2\" target=\"_blank\" rel=\"noopener noreferrer\">Concert de Nadal <\/a>Alumnes de P3 Desembre 2017<\/p>\n<p><a href=\"https:\/\/photos.app.goo.gl\/8R20PRc12SJYjvpE3\" target=\"_blank\" rel=\"noopener noreferrer\">El bosc a la tardor<\/a> Alumnes de P4 Desembre 2017<\/p>\n<p><a href=\"https:\/\/photos.app.goo.gl\/DGImM9Il6MrYffxr2\" target=\"_blank\" rel=\"noopener noreferrer\">Apadrinament Lector<\/a> Alumnes de 2n i 6\u00e8 Desembre 2017<\/p>\n<p><a href=\"https:\/\/photos.app.goo.gl\/yZnBmVVdLGnGwh6y1\" target=\"_blank\" rel=\"noopener noreferrer\">Visita Museu Mar\u00edtim<\/a> Alumnes de 6\u00e8 Novembre 2017<\/p>\n<p><a href=\"https:\/\/photos.app.goo.gl\/2t9rfRMGGSmCNGtS2\" target=\"_blank\" rel=\"noopener noreferrer\">Teatre al Centre C\u00edvic El Sortidor<\/a> Alumnes de Cicle Inicial Novembre 2017<\/p>\n<p><a href=\"https:\/\/photos.app.goo.gl\/gbC9obqmgXCizZZr1\" target=\"_blank\" rel=\"noopener noreferrer\">Mines prehist\u00f2riques de Gav\u00e0<\/a> Alumnes de 5\u00e8 Novembre 2017<\/p>\n<p><a href=\"https:\/\/photos.app.goo.gl\/hPhSruHIBW0kX9Vk2\" target=\"_blank\" rel=\"noopener noreferrer\">Born Centre Cultural<\/a> Alumnes de 6\u00e8 Novembre 2017<\/p>\n<p><a href=\"https:\/\/photos.app.goo.gl\/gDOXnuGfXFD7wiwk1\" target=\"_blank\" rel=\"noopener noreferrer\">Teatre Halloween<\/a> Alumnes de Cicle Inicial Novembre 2017<\/p>\n<p><a href=\"https:\/\/photos.app.goo.gl\/qyvM8AGFbz1iTtYv2\" target=\"_blank\" rel=\"noopener noreferrer\">Festa de la castanyada<\/a> Comunitat educativa Octubre 2017<\/p>\n<p><a href=\"https:\/\/photos.app.goo.gl\/G6JzVxQ0fx3TpYfy1\" target=\"_blank\" rel=\"noopener noreferrer\">Fem panellets<\/a> Alumnes de 4t Octubre 2017<\/p>\n<p><a href=\"https:\/\/photos.app.goo.gl\/P8CG86akvYrZF3ke2\" target=\"_blank\" rel=\"noopener noreferrer\">Mengem panellets<\/a> Alumnes d&#8217;Educaci\u00f3 infantil Octubre 2017<\/p>\n<p><a href=\"https:\/\/photos.app.goo.gl\/IM9p6IMgmgdqG6yx2\" target=\"_blank\" rel=\"noopener noreferrer\">Passeig per Montju\u00efc<\/a> Alumnes de Cicle Inicial Octubre 2017<\/p>\n<p><a href=\"https:\/\/photos.app.goo.gl\/yq1blwy4GaknFHoQ2\" target=\"_blank\" rel=\"noopener noreferrer\">Col\u00f2nies<\/a> Alumnes 6\u00e8 Octubre 2017<\/p>\n<p><a href=\"https:\/\/photos.app.goo.gl\/XAmSg891POXopRGt1\" target=\"_blank\" rel=\"noopener noreferrer\">Col\u00f2nies<\/a> Alumnes de 5\u00e8 Octubre 2017<\/p>\n<p><a href=\"https:\/\/photos.app.goo.gl\/NIUOr7Ch5KkdJmW12\" target=\"_blank\" rel=\"noopener noreferrer\">Col\u00f2nies<\/a> Alumnes de 4t Octubre 2017<\/p>\n<p><a href=\"https:\/\/photos.app.goo.gl\/ss1o9or5WxfktPT12\" target=\"_blank\" rel=\"noopener noreferrer\">Col\u00f2nies<\/a><a href=\"https:\/\/goo.gl\/photos\/4ghsyqS3mCMVByom9\" target=\"_blank\" rel=\"noopener noreferrer\">\u00a0<\/a>Alumnes de 2n\u00a0 Octubre 2017<\/p>\n<p><a href=\"https:\/\/photos.app.goo.gl\/L4DWghN2dJ92KfOd2\" target=\"_blank\" rel=\"noopener noreferrer\">Sortida a Vil\u00b7la Joana<\/a> Alumnes de Cicle Mitj\u00e0\u00a0 Setembre 2017<\/p>\n<p><a href=\"https:\/\/photos.app.goo.gl\/DT1djQpsRl2TU5ul1\" target=\"_blank\" rel=\"noopener noreferrer\">Taller de castellers<\/a> Alumnes de Cicle Inicial\u00a0 Setembre 2017<\/p>\n","protected":false},"excerpt":{"rendered":"<p>Patrimoniem la domus Alumnes de 5\u00e8 Mar\u00e7 2018 Visita de les fam\u00edlies Alumnes de 1r Mar\u00e7 2018 Visita a Migrastudium Alumnes de 6\u00e8 Febrer 2018 Ruta de les fonts Alumnes de 1r Febrer 2018 Carnestoltes Alumnes de cicle inicial Febrer 2018 Trobada de corals Alumnes de 6\u00e8 Gener 2018 Pastorets Alumnes de 3r Desembre 2017 [&hellip;]<\/p>\n","protected":false},"author":11,"featured_media":0,"parent":321,"menu_order":5,"comment_status":"closed","ping_status":"closed","template":"","meta":{"_bbp_topic_count":0,"_bbp_reply_count":0,"_bbp_total_topic_count":0,"_bbp_total_reply_count":0,"_bbp_voice_count":0,"_bbp_anonymous_reply_count":0,"_bbp_topic_count_hidden":0,"_bbp_reply_count_hidden":0,"_bbp_forum_subforum_count":0,"site-sidebar-layout":"default","site-content-layout":"","ast-site-content-layout":"","site-content-style":"default","site-sidebar-style":"default","ast-global-header-display":"","ast-banner-title-visibility":"","ast-main-header-display":"","ast-hfb-above-header-display":"","ast-hfb-below-header-display":"","ast-hfb-mobile-header-display":"","site-post-title":"","ast-breadcrumbs-content":"","ast-featured-img":"","footer-sml-layout":"","theme-transparent-header-meta":"","adv-header-id-meta":"","stick-header-meta":"","header-above-stick-meta":"","header-main-stick-meta":"","header-below-stick-meta":"","astra-migrate-meta-layouts":"default","ast-page-background-enabled":"default","ast-page-background-meta":{"desktop":{"background-color":"var(--ast-global-color-4)","background-image":"","background-repeat":"repeat","background-position":"center center","background-size":"auto","background-attachment":"scroll","background-type":"","background-media":"","overlay-type":"","overlay-color":"","overlay-opacity":"","overlay-gradient":""},"tablet":{"background-color":"","background-image":"","background-repeat":"repeat","background-position":"center center","background-size":"auto","background-attachment":"scroll","background-type":"","background-media":"","overlay-type":"","overlay-color":"","overlay-opacity":"","overlay-gradient":""},"mobile":{"background-color":"","background-image":"","background-repeat":"repeat","background-position":"center center","background-size":"auto","background-attachment":"scroll","background-type":"","background-media":"","overlay-type":"","overlay-color":"","overlay-opacity":"","overlay-gradient":""}},"ast-content-background-meta":{"desktop":{"background-color":"var(--ast-global-color-5)","background-image":"","background-repeat":"repeat","background-position":"center center","background-size":"auto","background-attachment":"scroll","background-type":"","background-media":"","overlay-type":"","overlay-color":"","overlay-opacity":"","overlay-gradient":""},"tablet":{"background-color":"var(--ast-global-color-5)","background-image":"","background-repeat":"repeat","background-position":"center center","background-size":"auto","background-attachment":"scroll","background-type":"","background-media":"","overlay-type":"","overlay-color":"","overlay-opacity":"","overlay-gradient":""},"mobile":{"background-color":"var(--ast-global-color-5)","background-image":"","background-repeat":"repeat","background-position":"center center","background-size":"auto","background-attachment":"scroll","background-type":"","background-media":"","overlay-type":"","overlay-color":"","overlay-opacity":"","overlay-gradient":""}},"footnotes":""},"class_list":["post-4035","page","type-page","status-publish","hentry"],"post_mailing_queue_ids":[],"_links":{"self":[{"href":"https:\/\/agora.xtec.cat\/ceip-mcinto-verdaguer\/wp-json\/wp\/v2\/pages\/4035","targetHints":{"allow":["GET"]}}],"collection":[{"href":"https:\/\/agora.xtec.cat\/ceip-mcinto-verdaguer\/wp-json\/wp\/v2\/pages"}],"about":[{"href":"https:\/\/agora.xtec.cat\/ceip-mcinto-verdaguer\/wp-json\/wp\/v2\/types\/page"}],"author":[{"embeddable":true,"href":"https:\/\/agora.xtec.cat\/ceip-mcinto-verdaguer\/wp-json\/wp\/v2\/users\/11"}],"replies":[{"embeddable":true,"href":"https:\/\/agora.xtec.cat\/ceip-mcinto-verdaguer\/wp-json\/wp\/v2\/comments?post=4035"}],"version-history":[{"count":5,"href":"https:\/\/agora.xtec.cat\/ceip-mcinto-verdaguer\/wp-json\/wp\/v2\/pages\/4035\/revisions"}],"predecessor-version":[{"id":5198,"href":"https:\/\/agora.xtec.cat\/ceip-mcinto-verdaguer\/wp-json\/wp\/v2\/pages\/4035\/revisions\/5198"}],"up":[{"embeddable":true,"href":"https:\/\/agora.xtec.cat\/ceip-mcinto-verdaguer\/wp-json\/wp\/v2\/pages\/321"}],"wp:attachment":[{"href":"https:\/\/agora.xtec.cat\/ceip-mcinto-verdaguer\/wp-json\/wp\/v2\/media?parent=4035"}],"curies":[{"name":"wp","href":"https:\/\/api.w.org\/{rel}","templated":true}]}}