{"id":279,"date":"2015-03-09T11:28:37","date_gmt":"2015-03-09T10:28:37","guid":{"rendered":"http:\/\/agora.xtec.cat\/ceip-mcinto-verdaguer\/?page_id=279"},"modified":"2026-02-19T15:47:32","modified_gmt":"2026-02-19T14:47:32","slug":"equip-huma","status":"publish","type":"page","link":"https:\/\/agora.xtec.cat\/ceip-mcinto-verdaguer\/lescola\/equip-huma\/","title":{"rendered":"Equip hum\u00e0"},"content":{"rendered":"<h1 align=\"center\"><span style=\"font-size: large;\"><span style=\"font-family: arial, helvetica, sans-serif;\"><span style=\"font-size: medium;\"><strong>CURS 2025-26<\/strong><\/span><\/span><\/span><\/h1>\n<ul>\n<li><span style=\"font-size: large;\"><span style=\"font-family: arial, helvetica, sans-serif;\"><span style=\"font-size: medium;\"><span style=\"font-size: large;\"><strong>Equip directiu<\/strong><\/span><\/span><\/span><\/span><\/li>\n<\/ul>\n<p><span style=\"font-family: inherit; font-size: 1em;\">Trucar a l&#8217;escola per a demanar cita pr\u00e8via<\/span><\/p>\n<table style=\"width: 100%; height: 123px;\">\n<tbody>\n<tr style=\"height: 12px;\">\n<td style=\"height: 12px; text-align: center; width: 47.3097%; background-color: #f28918;\" colspan=\"2\"><b> C\u00e0rrec<\/b><\/td>\n<\/tr>\n<tr style=\"height: 56px;\">\n<td style=\"height: 30px; width: 21.8844%;\"><span style=\"font-weight: 400;\">Directora<\/span><\/td>\n<td style=\"height: 30px; width: 25.4253%;\"><b>Nat\u00e0lia Fuster<\/b><\/td>\n<\/tr>\n<tr style=\"height: 79px;\">\n<td style=\"height: 40px; width: 21.8844%;\"><span style=\"font-weight: 400;\">Cap d\u2019Estudis<\/span><\/td>\n<td style=\"height: 40px; width: 25.4253%;\"><b>Bego\u00f1a Sanabria<\/b><\/td>\n<\/tr>\n<tr style=\"height: 79px;\">\n<td style=\"height: 41px; width: 21.8844%;\"><span style=\"font-weight: 400;\">Secretari<\/span><\/td>\n<td style=\"height: 41px; width: 25.4253%;\"><b>Carles Castell\u00f3n<\/b><\/td>\n<\/tr>\n<\/tbody>\n<\/table>\n<p><span style=\"font-size: large;\"><span style=\"font-family: arial, helvetica, sans-serif;\"><span style=\"font-size: medium;\"><strong>C\u00e0rrecs de coordinaci\u00f3<\/strong><\/span><\/span><\/span><\/p>\n<table style=\"width: 100%; height: 475px;\">\n<tbody>\n<tr style=\"height: 33px;\">\n<td style=\"height: 33px; width: 46.9636%; text-align: center; background-color: #f28918;\" colspan=\"2\"><strong>C\u00e0rrec de coordinaci\u00f3<\/strong><\/td>\n<\/tr>\n<tr style=\"height: 56px;\">\n<td style=\"height: 38px; width: 21.3441%;\"><span style=\"font-weight: 400;\">Comunitat de Petits<\/span><\/td>\n<td style=\"height: 38px; width: 25.6195%;\"><strong>Merc\u00e8 Bautista\u00a0<\/strong><\/td>\n<\/tr>\n<tr style=\"height: 56px;\">\n<td style=\"height: 36px; width: 21.3441%;\"><span style=\"font-weight: 400;\">Comunitat de mitjans<\/span><\/td>\n<td style=\"height: 36px; width: 25.6195%;\"><strong>Elisabeth Giner<\/strong><\/td>\n<\/tr>\n<tr style=\"height: 56px;\">\n<td style=\"height: 37px; width: 21.3441%;\"><span style=\"font-weight: 400;\">Comunitat de grans<\/span><\/td>\n<td style=\"height: 37px; width: 25.6195%;\"><strong>Judith Grau<\/strong><\/td>\n<\/tr>\n<tr style=\"height: 28px;\">\n<td style=\"width: 21.3441%; height: 28px;\"><span style=\"font-weight: 400;\">Prevenci\u00f3 de riscos<\/span><\/td>\n<td style=\"width: 25.6195%; height: 28px;\"><strong>Mireia Franc\u00e8s<\/strong><\/td>\n<\/tr>\n<tr style=\"height: 56px;\">\n<td style=\"height: 30px; width: 21.3441%;\"><span style=\"font-weight: 400;\">Digital<\/span><\/td>\n<td style=\"height: 30px; width: 25.6195%;\"><strong>Carlos Arnau\u00a0<\/strong><\/td>\n<\/tr>\n<tr style=\"height: 56px;\">\n<td style=\"height: 35px; width: 21.3441%;\"><span style=\"font-weight: 400;\">LIC<\/span><\/td>\n<td style=\"height: 35px; width: 25.6195%;\"><strong>Nat\u00e0lia Juan<\/strong><\/td>\n<\/tr>\n<tr style=\"height: 56px;\">\n<td style=\"height: 39px; width: 21.3441%;\"><span style=\"font-weight: 400;\">Sostenibilitat<\/span><\/td>\n<td style=\"height: 39px; width: 25.6195%;\"><strong>Xavier Benito<\/strong><\/td>\n<\/tr>\n<tr style=\"height: 56px;\">\n<td style=\"height: 35px; width: 21.3441%;\"><span style=\"font-weight: 400;\">Biblioteca\u00a0<\/span><\/td>\n<td style=\"height: 35px; width: 25.6195%;\"><strong>Marta Borrell<\/strong><\/td>\n<\/tr>\n<tr style=\"height: 56px;\">\n<td style=\"height: 41px; width: 21.3441%;\"><span style=\"font-weight: 400;\">M\u00fasica<\/span><\/td>\n<td style=\"height: 41px; width: 25.6195%;\"><strong>Pau Benavent<\/strong><\/td>\n<\/tr>\n<tr style=\"height: 56px;\">\n<td style=\"height: 38px; width: 21.3441%;\"><span style=\"font-weight: 400;\">Angl\u00e8s \/ GEP<\/span><\/td>\n<td style=\"height: 38px; width: 25.6195%;\"><strong>Maria Cortasa<\/strong><\/td>\n<\/tr>\n<tr style=\"height: 79px;\">\n<td style=\"height: 47px; width: 21.3441%;\"><span style=\"font-weight: 400;\">Conviv\u00e8ncia COCOBE<\/span><\/td>\n<td style=\"height: 47px; width: 25.6195%;\"><strong>Xavier Benito<\/strong><\/td>\n<\/tr>\n<tr style=\"height: 56px;\">\n<td style=\"height: 38px; width: 21.3441%;\"><span style=\"font-weight: 400;\">R\u00e0dio<\/span><\/td>\n<td style=\"height: 38px; width: 25.6195%;\"><strong>Miquel Rullo<\/strong><\/td>\n<\/tr>\n<\/tbody>\n<\/table>\n<ul>\n<li><span style=\"font-size: large;\"><span style=\"font-family: arial, helvetica, sans-serif;\"><span style=\"font-size: medium;\"><strong>Tutors \/ tutores<\/strong><\/span><\/span><\/span><\/li>\n<\/ul>\n<table style=\"width: 100%;\">\n<tbody>\n<tr>\n<td style=\"width: 11.2011%; background-color: #f28918; text-align: center;\"><b>Curs<\/b><\/td>\n<td style=\"width: 18.2186%; background-color: #f28918; text-align: center;\"><b>Tutor\/a<\/b><\/td>\n<\/tr>\n<tr>\n<td style=\"width: 11.2011%;\"><span style=\"font-weight: 400;\">EI3-A<\/span><\/td>\n<td style=\"width: 18.2186%;\"><b>Nat\u00e0lia Juan\u00a0\u00a0<\/b><\/td>\n<\/tr>\n<tr>\n<td style=\"width: 11.2011%;\"><span style=\"font-weight: 400;\">EI3-B<\/span><\/td>\n<td style=\"width: 18.2186%;\"><strong>In\u00e9s Llige<\/strong><\/td>\n<\/tr>\n<tr>\n<td style=\"width: 11.2011%;\"><span style=\"font-weight: 400;\">EI4-A<\/span><\/td>\n<td style=\"width: 18.2186%;\"><b>Sandra Mar\u00edn<\/b><\/td>\n<\/tr>\n<tr>\n<td style=\"width: 11.2011%;\"><span style=\"font-weight: 400;\">EI4-B<\/span><\/td>\n<td style=\"width: 18.2186%;\"><strong>Alba Abella<\/strong><\/td>\n<\/tr>\n<tr>\n<td style=\"width: 11.2011%;\"><span style=\"font-weight: 400;\">EI5-A<\/span><\/td>\n<td style=\"width: 18.2186%;\"><b>N\u00faria Franch<\/b><\/td>\n<\/tr>\n<tr>\n<td style=\"width: 11.2011%;\"><span style=\"font-weight: 400;\">EI5-B<\/span><\/td>\n<td style=\"width: 18.2186%;\"><b>Merc\u00e8 Bautista<\/b><\/td>\n<\/tr>\n<tr>\n<td style=\"width: 11.2011%;\"><span style=\"font-weight: 400;\">1r A<\/span><\/td>\n<td style=\"width: 18.2186%;\"><b>Elisabeth Giner\u00a0<\/b><\/td>\n<\/tr>\n<tr>\n<td style=\"width: 11.2011%;\"><span style=\"font-weight: 400;\">1r B\u00a0<\/span><\/td>\n<td style=\"width: 18.2186%;\"><b>Sara Ruedas<\/b><\/td>\n<\/tr>\n<tr>\n<td style=\"width: 11.2011%;\"><span style=\"font-weight: 400;\">2n-A<\/span><\/td>\n<td style=\"width: 18.2186%;\"><b>Helena Soler<\/b><\/td>\n<\/tr>\n<tr>\n<td style=\"width: 11.2011%;\"><span style=\"font-weight: 400;\">2nB<\/span><\/td>\n<td style=\"width: 18.2186%;\"><b>Queralt Cunill<\/b><\/td>\n<\/tr>\n<tr>\n<td style=\"width: 11.2011%;\"><span style=\"font-weight: 400;\">3r-A<\/span><\/td>\n<td style=\"width: 18.2186%;\"><b>Gl\u00f2ria Retorta<\/b><\/td>\n<\/tr>\n<tr>\n<td style=\"width: 11.2011%;\"><span style=\"font-weight: 400;\">3r-B<\/span><\/td>\n<td style=\"width: 18.2186%;\"><b>Vict\u00f2ria Fraile\u00a0<\/b><\/td>\n<\/tr>\n<tr>\n<td style=\"width: 11.2011%;\"><span style=\"font-weight: 400;\">4t A<\/span><\/td>\n<td style=\"width: 18.2186%;\"><b>Miquel Rullo<\/b><\/td>\n<\/tr>\n<tr>\n<td style=\"width: 11.2011%;\"><span style=\"font-weight: 400;\">4t-B<\/span><\/td>\n<td style=\"width: 18.2186%;\"><b>Judith Grau\u00a0<\/b><\/td>\n<\/tr>\n<tr>\n<td style=\"width: 11.2011%;\"><span style=\"font-weight: 400;\">5\u00e8 A<\/span><\/td>\n<td style=\"width: 18.2186%;\"><strong>Mikel Queralt<\/strong><\/td>\n<\/tr>\n<tr>\n<td style=\"width: 11.2011%;\"><span style=\"font-weight: 400;\">5\u00e8\u00a0 B<\/span><\/td>\n<td style=\"width: 18.2186%;\"><b>B\u00e0rbara Pe\u00f1a<\/b><\/td>\n<\/tr>\n<tr>\n<td style=\"width: 11.2011%;\"><span style=\"font-weight: 400;\">6\u00e8 A<\/span><\/td>\n<td style=\"width: 18.2186%;\"><b>Gemma Ferrer<\/b><\/p>\n<p><b>Ana P\u00e9rez<\/b><\/td>\n<\/tr>\n<tr>\n<td style=\"width: 11.2011%;\"><span style=\"font-weight: 400;\">6\u00e8 B<\/span><\/td>\n<td style=\"width: 18.2186%;\"><b>Javier Lahoz<\/b><\/td>\n<\/tr>\n<\/tbody>\n<\/table>\n<ul>\n<li><span style=\"font-size: large;\"><span style=\"font-family: arial, helvetica, sans-serif;\"><span style=\"font-size: medium;\"><strong>Especialistes a l&#8217;educaci\u00f3 infantil<\/strong><\/span><\/span><\/span><\/li>\n<\/ul>\n<table style=\"width: 100%; height: 306px;\">\n<tbody>\n<tr style=\"height: 56px;\">\n<td style=\"width: 20.2429%; height: 56px; text-align: center; background-color: #f28918;\"><strong>Especialitat<\/strong><\/td>\n<td style=\"width: 27.5304%; height: 56px; text-align: center; background-color: #f28918;\"><b>Docent\u00a0<\/b><\/td>\n<\/tr>\n<tr style=\"height: 72px;\">\n<td style=\"width: 20.2429%; height: 45px;\"><span style=\"font-weight: 400;\">Psicomotricitat:\u00a0<\/span><\/td>\n<td style=\"width: 27.5304%; height: 45px;\"><b>J\u00falia Raurich<\/b><\/td>\n<\/tr>\n<tr style=\"height: 43px;\">\n<td style=\"width: 20.2429%; height: 22px;\"><span style=\"font-weight: 400;\">Angl\u00e8s:<\/span><\/td>\n<td style=\"width: 27.5304%; height: 22px;\"><b>Arantxa Cobo<\/b><\/td>\n<\/tr>\n<tr style=\"height: 72px;\">\n<td style=\"width: 20.2429%; height: 39px;\"><span style=\"font-weight: 400;\">M\u00fasica:\u00a0<\/span><\/td>\n<td style=\"width: 27.5304%; height: 39px;\"><b>Aurelia Novella\u00a0<\/b><\/td>\n<\/tr>\n<tr style=\"height: 56px;\">\n<td style=\"width: 20.2429%; height: 38px;\"><span style=\"font-weight: 400;\">Diversitat:<\/span><\/td>\n<td style=\"width: 27.5304%; height: 38px;\"><b>Alfonso Guti\u00e9rrez<\/b><\/td>\n<\/tr>\n<tr style=\"height: 41px;\">\n<td style=\"width: 20.2429%; height: 106px;\" rowspan=\"3\"><span style=\"font-weight: 400;\">Suport:\u00a0<\/span><\/td>\n<td style=\"width: 27.5304%; height: 34px;\"><b>Bego\u00f1a Sanabria<\/b><\/td>\n<\/tr>\n<tr style=\"height: 69px;\">\n<td style=\"width: 27.5304%; height: 35px;\"><b>Marta Borrell<\/b><\/td>\n<\/tr>\n<tr style=\"height: 72px;\">\n<td style=\"width: 27.5304%; height: 37px;\"><b>Anna Martin-Corral<\/b><\/td>\n<\/tr>\n<\/tbody>\n<\/table>\n<ul>\n<li><span style=\"font-size: large;\"><span style=\"font-family: arial, helvetica, sans-serif;\"><span style=\"font-size: medium;\"><strong>Especialistes a la prim\u00e0ria<\/strong><\/span><\/span><\/span><\/li>\n<\/ul>\n<table style=\"width: 100%; height: 795px;\">\n<tbody>\n<tr style=\"height: 56px;\">\n<td style=\"width: 25.5061%; height: 56px; text-align: center; background-color: #f28918;\"><b>Especialitat<\/b><\/td>\n<td style=\"width: 21.9973%; height: 56px; text-align: center; background-color: #f28918;\"><b>Docent\u00a0<\/b><\/td>\n<\/tr>\n<tr style=\"height: 72px;\">\n<td style=\"width: 25.5061%; height: 48px;\"><span style=\"font-weight: 400;\">Angl\u00e8s 1r i 2n:<\/span><\/td>\n<td style=\"width: 21.9973%; height: 48px;\"><b>Marta Miguel<\/b><\/td>\n<\/tr>\n<tr style=\"height: 56px;\">\n<td style=\"width: 25.5061%; height: 37px;\"><span style=\"font-weight: 400;\">Angl\u00e8s 3r i 4t:\u00a0<\/span><\/td>\n<td style=\"width: 21.9973%; height: 37px;\"><b>Al\u00edcia Mu\u00f1oz<\/b><\/td>\n<\/tr>\n<tr style=\"height: 72px;\">\n<td style=\"width: 25.5061%; height: 35px;\"><span style=\"font-weight: 400;\">Angl\u00e8s 5\u00e8 i 6\u00e8:<\/span><\/td>\n<td style=\"width: 21.9973%; height: 35px;\"><b>Maria Cortasa<\/b><\/td>\n<\/tr>\n<tr style=\"height: 79px;\">\n<td style=\"width: 25.5061%; height: 48px;\"><span style=\"font-weight: 400;\">Educaci\u00f3 F\u00edsica comunitat petits:<\/span><\/td>\n<td style=\"width: 21.9973%; height: 48px;\"><b>Carlos Arnau<\/b><\/td>\n<\/tr>\n<tr style=\"height: 79px;\">\n<td style=\"width: 25.5061%; height: 49px;\"><span style=\"font-weight: 400;\">Educaci\u00f3 F\u00edsica comunitat grans:<\/span><\/td>\n<td style=\"width: 21.9973%; height: 49px;\"><b>Mireia Franc\u00e8s<\/b><\/td>\n<\/tr>\n<tr style=\"height: 72px;\">\n<td style=\"width: 25.5061%; height: 42px;\"><span style=\"font-weight: 400;\">Religi\u00f3 prim\u00e0ria:\u00a0<\/span><\/td>\n<td style=\"width: 21.9973%; height: 42px;\"><strong>Silvia Fornells<\/strong><\/p>\n<p><b>Pili Calle<\/b><\/td>\n<\/tr>\n<tr style=\"height: 56px;\">\n<td style=\"width: 25.5061%; height: 42px;\"><span style=\"font-weight: 400;\">M\u00fasica comunitat mitjans:<\/span><\/td>\n<td style=\"width: 21.9973%; height: 42px;\"><b> Pau Benavent<\/b><\/td>\n<\/tr>\n<tr style=\"height: 52px;\">\n<td style=\"width: 25.5061%; height: 38px;\"><span style=\"font-weight: 400;\">M\u00fasica comunitat grans:\u00a0<\/span><\/td>\n<td style=\"width: 21.9973%; height: 38px;\"><b>Carles Ripoll<\/b><\/td>\n<\/tr>\n<tr style=\"height: 72px;\">\n<td style=\"width: 25.5061%; height: 44px;\"><span style=\"font-weight: 400;\">Visual i pl\u00e0stica prim\u00e0ria:\u00a0<\/span><\/td>\n<td style=\"width: 21.9973%; height: 44px;\"><b>Lola Quirant<\/b><\/td>\n<\/tr>\n<tr style=\"height: 56px;\">\n<td style=\"width: 25.5061%; height: 39px;\"><span style=\"font-weight: 400;\">Artista espai C<\/span><\/td>\n<td style=\"width: 21.9973%; height: 39px;\"><b>Mar\u00e7 Rabal<\/b><\/td>\n<\/tr>\n<tr style=\"height: 90px;\">\n<td style=\"width: 25.5061%; height: 46px;\"><span style=\"font-weight: 400;\">Diversitat 2n i 3r:\u00a0<\/span><\/td>\n<td style=\"width: 21.9973%; height: 46px;\"><b>Marta Sevilla<\/b><\/td>\n<\/tr>\n<tr style=\"height: 72px;\">\n<td style=\"width: 25.5061%; height: 44px;\"><span style=\"font-weight: 400;\">Diversitat: 4t i 5\u00e8 B:<\/span><\/td>\n<td style=\"width: 21.9973%; height: 44px;\"><b>Xavi Benito<\/b><\/td>\n<\/tr>\n<tr style=\"height: 72px;\">\n<td style=\"width: 25.5061%; height: 46px;\"><span style=\"font-weight: 400;\">Diversitat 1r, 5\u00e8 A i 6\u00e8:<\/span><\/td>\n<td style=\"width: 21.9973%; height: 46px;\"><b>Mireia Florensa<\/b><\/td>\n<\/tr>\n<tr style=\"height: 56px;\">\n<td style=\"width: 25.5061%; height: 33px;\"><span style=\"font-weight: 400;\">Castell\u00e0 1r, 2n i 3r<\/span><\/td>\n<td style=\"width: 21.9973%; height: 33px;\"><b>Georgina Marrugat<\/b><\/td>\n<\/tr>\n<tr>\n<td style=\"width: 25.5061%;\"><span style=\"font-weight: 400;\">Castell\u00e0 4t, 5\u00e8 i 6\u00e8\u00a0<\/span><\/td>\n<td style=\"width: 21.9973%;\"><b>Pere Escuer<\/b><\/td>\n<\/tr>\n<tr style=\"height: 56px;\">\n<td style=\"width: 25.5061%; height: 148px;\" rowspan=\"3\"><span style=\"font-weight: 400;\">Refor\u00e7:<\/span><\/td>\n<td style=\"width: 21.9973%; height: 38px;\"><b>Nat\u00e0lia Fuster\u00a0\u00a0<\/b><\/td>\n<\/tr>\n<tr style=\"height: 56px;\">\n<td style=\"width: 21.9973%; height: 35px;\"><b>Carles Castell\u00f3n<\/b><\/td>\n<\/tr>\n<tr style=\"height: 56px;\">\n<td style=\"width: 21.9973%; height: 37px;\"><b>Laura P\u00e9rez<\/b><\/td>\n<\/tr>\n<\/tbody>\n<\/table>\n<ul>\n<li><span style=\"font-size: large;\"><span style=\"font-family: arial, helvetica, sans-serif;\"><span style=\"font-size: medium;\"><strong>Personal d&#8217;atenci\u00f3 a la diversitat<\/strong><\/span><\/span><\/span><\/li>\n<\/ul>\n<table style=\"width: 99.2416%;\">\n<tbody>\n<tr>\n<td style=\"width: 258.027%; background-color: #f28918;\" colspan=\"2\">\n<p style=\"text-align: center;\"><b>C\u00e0rrec<\/b><\/p>\n<\/td>\n<\/tr>\n<tr>\n<td style=\"width: 51.4387%;\">Educadora de la SIEI:<\/td>\n<td style=\"width: 206.588%;\"><strong>Lorena P\u00e9rez Bravo\u00a0 \u00a0Judit Planas<\/strong><\/td>\n<\/tr>\n<tr>\n<td style=\"width: 51.4387%;\">TEEI:<\/td>\n<td style=\"width: 206.588%;\"><strong>Miriam Iglesias i Juana Zafra<\/strong><\/td>\n<\/tr>\n<tr>\n<td style=\"width: 51.4387%;\" rowspan=\"2\">Vetlladores:<\/td>\n<td style=\"width: 206.588%;\"><strong>Eva Rosell<\/strong><\/td>\n<\/tr>\n<tr>\n<td style=\"width: 206.588%;\"><strong>Susana Garc\u00eda\u00a0<\/strong><\/td>\n<\/tr>\n<\/tbody>\n<\/table>\n<p><span style=\"font-size: large;\"><span style=\"font-family: arial, helvetica, sans-serif;\"><span style=\"font-size: medium;\"><strong>Personal socioeducatiu<\/strong><\/span><\/span><\/span><\/p>\n<table style=\"width: 97.8507%;\">\n<tbody>\n<tr>\n<td style=\"width: 222.699%; background-color: #f28918; text-align: center;\" colspan=\"2\"><b>C\u00e0rrec<\/b><\/td>\n<\/tr>\n<tr>\n<td style=\"width: 50.8813%;\" rowspan=\"2\"><span style=\"font-weight: 400;\">T\u00e8cnica en Integraci\u00f3 Social:<\/span><\/td>\n<td style=\"width: 171.818%;\"><b>Ana Garc\u00eda<\/b><\/td>\n<\/tr>\n<tr>\n<td style=\"width: 171.818%;\"><b> \u00darsula Aguilera<\/b><\/td>\n<\/tr>\n<tr>\n<td style=\"width: 50.8813%;\"><span style=\"font-weight: 400;\">Educadora social:<\/span><\/td>\n<td style=\"width: 171.818%;\"><b>Cristina Garcia<\/b><\/td>\n<\/tr>\n<tr>\n<td style=\"width: 50.8813%;\"><span style=\"font-weight: 400;\">Gesti\u00f3 emocional:<\/span><\/td>\n<td style=\"width: 171.818%;\"><b>A\u00efna Coscollola<\/b><\/td>\n<\/tr>\n<tr>\n<td style=\"width: 50.8813%;\"><span style=\"font-weight: 400;\">Mediadora:\u00a0<\/span><\/td>\n<td style=\"width: 171.818%;\"><b>Sana Mahroof<\/b><\/td>\n<\/tr>\n<\/tbody>\n<\/table>\n<ul>\n<li><span style=\"font-size: large;\"><span style=\"font-family: arial, helvetica, sans-serif;\"><span style=\"font-size: medium;\"><strong>Personal d&#8217;administraci\u00f3 i serveis<\/strong><\/span><\/span><\/span><\/li>\n<\/ul>\n<table style=\"width: 98.9151%; height: 168px;\">\n<tbody>\n<tr style=\"height: 53px;\">\n<td style=\"width: 191.799%; height: 53px; background-color: #f28918; text-align: center;\" colspan=\"2\"><b>C\u00e0rrec<\/b><\/td>\n<\/tr>\n<tr style=\"height: 56px;\">\n<td style=\"width: 49.8289%; height: 39px;\"><span style=\"font-weight: 400;\">Consergeria:\u00a0<\/span><\/td>\n<td style=\"width: 141.97%; height: 39px;\"><b>Maria D\u00edaz<\/b><\/td>\n<\/tr>\n<tr style=\"height: 76px;\">\n<td style=\"width: 49.8289%; height: 76px;\"><span style=\"font-weight: 400;\">Administraci\u00f3:\u00a0<\/span><\/td>\n<td style=\"width: 141.97%; height: 76px;\"><b>Laura Ferruz<\/b><\/p>\n<p><span style=\"font-weight: 400;\">Correu Electr\u00f2nic: a8001649@xtec.cat\u00a0 \u00a0<\/span><\/p>\n<p>Horari d&#8217;atenci\u00f3 de 9 a 12h<\/td>\n<\/tr>\n<\/tbody>\n<\/table>\n<ul>\n<li><span style=\"font-size: large;\"><strong><span style=\"font-family: arial, helvetica, sans-serif;\">Monitoratge de menjador<\/span><\/strong><\/span><\/li>\n<\/ul>\n<p><span style=\"font-weight: 400;\">\u00a0<\/span><span style=\"font-weight: 400;\"><strong>Coordinadora:<\/strong> Susana\u00a0 Garcia\u00a0 \u00a0 \u00a0 \u00a0 \u00a0 \u00a0 \u00a0 <\/span><span style=\"font-weight: 400;\">menjador@escolamcinto-poblesec.cat<\/span><\/p>\n<p>Informar per correu de qualsevol eventualitat (abs\u00e8ncies, apuntar-se els eventuals, baixes, &#8230;)<\/p>\n<p style=\"text-align: center;\"><strong>(Aquest curs ja no es vendran tiquets)<\/strong><\/p>\n<table style=\"border-collapse: collapse; width: 100%; height: 448px;\">\n<tbody>\n<tr style=\"height: 32px;\">\n<td style=\"width: 17.0715%; height: 32px; background-color: #f28918;\">Curs<\/td>\n<td style=\"width: 82.9285%; height: 32px; background-color: #f28918;\">monitores<\/td>\n<\/tr>\n<tr style=\"height: 32px;\">\n<td style=\"width: 17.0715%; height: 32px;\">I3<\/td>\n<td style=\"width: 82.9285%; height: 32px;\">Andrea L\u00f3pez, Laura L\u00f3pez i Bira Barbosa<\/td>\n<\/tr>\n<tr style=\"height: 32px;\">\n<td style=\"width: 17.0715%; height: 32px;\">I4<\/td>\n<td style=\"width: 82.9285%; height: 32px;\">Glendy Santos i Antonia Ferrer<\/td>\n<\/tr>\n<tr style=\"height: 32px;\">\n<td style=\"width: 17.0715%; height: 32px;\">I5<\/td>\n<td style=\"width: 82.9285%; height: 32px;\">Ana Ferrer i Laura Monta\u00f1ez<\/td>\n<\/tr>\n<tr style=\"height: 32px;\">\n<td style=\"width: 17.0715%; height: 32px;\">1r<\/td>\n<td style=\"width: 82.9285%; height: 32px;\">Belinda Paredes i Gemma Burriel<\/td>\n<\/tr>\n<tr style=\"height: 32px;\">\n<td style=\"width: 17.0715%; height: 32px;\">2n<\/td>\n<td style=\"width: 82.9285%; height: 32px;\">Eva Hijano i Lorena S\u00e1nchez<\/td>\n<\/tr>\n<tr style=\"height: 32px;\">\n<td style=\"width: 17.0715%; height: 32px;\">3r<\/td>\n<td style=\"width: 82.9285%; height: 32px;\">N\u00faria Respecta i Maria Valverde<\/td>\n<\/tr>\n<tr style=\"height: 32px;\">\n<td style=\"width: 17.0715%; height: 32px;\">4t<\/td>\n<td style=\"width: 82.9285%; height: 32px;\">Montse Corts i Susana Viusa<\/td>\n<\/tr>\n<tr style=\"height: 32px;\">\n<td style=\"width: 17.0715%; height: 32px;\">5\u00e8<\/td>\n<td style=\"width: 82.9285%; height: 32px;\">Mari Gomis i Merc\u00e8 S\u00e1nchez<\/td>\n<\/tr>\n<tr style=\"height: 32px;\">\n<td style=\"width: 17.0715%; height: 32px;\">6\u00e8<\/td>\n<td style=\"width: 82.9285%; height: 32px;\">Eva Rosell i Siliane Ram\u00edrez<\/td>\n<\/tr>\n<tr style=\"height: 32px;\">\n<td style=\"width: 17.0715%; height: 32px;\"><\/td>\n<td style=\"width: 82.9285%; height: 32px;\">Personal de cuina<\/td>\n<\/tr>\n<tr style=\"height: 32px;\">\n<td style=\"width: 17.0715%; height: 32px;\">Cuinera<\/td>\n<td style=\"width: 82.9285%; height: 32px;\">Ver\u00f3nica G\u00f3mez<\/td>\n<\/tr>\n<tr style=\"height: 32px;\">\n<td style=\"width: 17.0715%; height: 32px;\">Ajudant de cuina<\/td>\n<td style=\"width: 82.9285%; height: 32px;\">Souad A\u00e4rab<\/td>\n<\/tr>\n<tr style=\"height: 32px;\">\n<td style=\"width: 17.0715%; height: 32px;\">Auxiliar de cuina<\/td>\n<td style=\"width: 82.9285%; height: 32px;\">Cristobalina<\/td>\n<\/tr>\n<\/tbody>\n<\/table>\n<p>&nbsp;<\/p>\n","protected":false},"excerpt":{"rendered":"<p>CURS 2025-26 Equip directiu Trucar a l&#8217;escola per a demanar cita pr\u00e8via C\u00e0rrec Directora Nat\u00e0lia Fuster Cap d\u2019Estudis Bego\u00f1a Sanabria Secretari Carles Castell\u00f3n C\u00e0rrecs de coordinaci\u00f3 C\u00e0rrec de coordinaci\u00f3 Comunitat de Petits Merc\u00e8 Bautista\u00a0 Comunitat de mitjans Elisabeth Giner Comunitat de grans Judith Grau Prevenci\u00f3 de riscos Mireia Franc\u00e8s Digital Carlos Arnau\u00a0 LIC Nat\u00e0lia Juan [&hellip;]<\/p>\n","protected":false},"author":1,"featured_media":0,"parent":22,"menu_order":35,"comment_status":"closed","ping_status":"closed","template":"","meta":{"_bbp_topic_count":0,"_bbp_reply_count":0,"_bbp_total_topic_count":0,"_bbp_total_reply_count":0,"_bbp_voice_count":0,"_bbp_anonymous_reply_count":0,"_bbp_topic_count_hidden":0,"_bbp_reply_count_hidden":0,"_bbp_forum_subforum_count":0,"site-sidebar-layout":"default","site-content-layout":"","ast-site-content-layout":"default","site-content-style":"default","site-sidebar-style":"default","ast-global-header-display":"","ast-banner-title-visibility":"","ast-main-header-display":"","ast-hfb-above-header-display":"","ast-hfb-below-header-display":"","ast-hfb-mobile-header-display":"","site-post-title":"","ast-breadcrumbs-content":"","ast-featured-img":"","footer-sml-layout":"","theme-transparent-header-meta":"default","adv-header-id-meta":"","stick-header-meta":"","header-above-stick-meta":"","header-main-stick-meta":"","header-below-stick-meta":"","astra-migrate-meta-layouts":"set","ast-page-background-enabled":"default","ast-page-background-meta":{"desktop":{"background-color":"var(--ast-global-color-4)","background-image":"","background-repeat":"repeat","background-position":"center center","background-size":"auto","background-attachment":"scroll","background-type":"","background-media":"","overlay-type":"","overlay-color":"","overlay-opacity":"","overlay-gradient":""},"tablet":{"background-color":"","background-image":"","background-repeat":"repeat","background-position":"center center","background-size":"auto","background-attachment":"scroll","background-type":"","background-media":"","overlay-type":"","overlay-color":"","overlay-opacity":"","overlay-gradient":""},"mobile":{"background-color":"","background-image":"","background-repeat":"repeat","background-position":"center center","background-size":"auto","background-attachment":"scroll","background-type":"","background-media":"","overlay-type":"","overlay-color":"","overlay-opacity":"","overlay-gradient":""}},"ast-content-background-meta":{"desktop":{"background-color":"var(--ast-global-color-5)","background-image":"","background-repeat":"repeat","background-position":"center center","background-size":"auto","background-attachment":"scroll","background-type":"","background-media":"","overlay-type":"","overlay-color":"","overlay-opacity":"","overlay-gradient":""},"tablet":{"background-color":"var(--ast-global-color-5)","background-image":"","background-repeat":"repeat","background-position":"center center","background-size":"auto","background-attachment":"scroll","background-type":"","background-media":"","overlay-type":"","overlay-color":"","overlay-opacity":"","overlay-gradient":""},"mobile":{"background-color":"var(--ast-global-color-5)","background-image":"","background-repeat":"repeat","background-position":"center center","background-size":"auto","background-attachment":"scroll","background-type":"","background-media":"","overlay-type":"","overlay-color":"","overlay-opacity":"","overlay-gradient":""}},"footnotes":""},"class_list":["post-279","page","type-page","status-publish","hentry"],"post_mailing_queue_ids":[],"_links":{"self":[{"href":"https:\/\/agora.xtec.cat\/ceip-mcinto-verdaguer\/wp-json\/wp\/v2\/pages\/279","targetHints":{"allow":["GET"]}}],"collection":[{"href":"https:\/\/agora.xtec.cat\/ceip-mcinto-verdaguer\/wp-json\/wp\/v2\/pages"}],"about":[{"href":"https:\/\/agora.xtec.cat\/ceip-mcinto-verdaguer\/wp-json\/wp\/v2\/types\/page"}],"author":[{"embeddable":true,"href":"https:\/\/agora.xtec.cat\/ceip-mcinto-verdaguer\/wp-json\/wp\/v2\/users\/1"}],"replies":[{"embeddable":true,"href":"https:\/\/agora.xtec.cat\/ceip-mcinto-verdaguer\/wp-json\/wp\/v2\/comments?post=279"}],"version-history":[{"count":7,"href":"https:\/\/agora.xtec.cat\/ceip-mcinto-verdaguer\/wp-json\/wp\/v2\/pages\/279\/revisions"}],"predecessor-version":[{"id":12639,"href":"https:\/\/agora.xtec.cat\/ceip-mcinto-verdaguer\/wp-json\/wp\/v2\/pages\/279\/revisions\/12639"}],"up":[{"embeddable":true,"href":"https:\/\/agora.xtec.cat\/ceip-mcinto-verdaguer\/wp-json\/wp\/v2\/pages\/22"}],"wp:attachment":[{"href":"https:\/\/agora.xtec.cat\/ceip-mcinto-verdaguer\/wp-json\/wp\/v2\/media?parent=279"}],"curies":[{"name":"wp","href":"https:\/\/api.w.org\/{rel}","templated":true}]}}