{"id":2769,"date":"2016-12-01T17:31:13","date_gmt":"2016-12-01T16:31:13","guid":{"rendered":"http:\/\/agora.xtec.cat\/ceip-mcinto-verdaguer\/?page_id=2769"},"modified":"2019-11-02T23:07:44","modified_gmt":"2019-11-02T22:07:44","slug":"videos-2016-17","status":"publish","type":"page","link":"https:\/\/agora.xtec.cat\/ceip-mcinto-verdaguer\/fotos-i-videos\/videos\/videos-2016-17\/","title":{"rendered":"V\u00eddeos 2016-17"},"content":{"rendered":"<p><strong>Mostra T\u00e0ndem\u00a0 2017:<\/strong><\/p>\n<p><a href=\"https:\/\/youtu.be\/cPnxckuc54c\" target=\"_blank\" rel=\"noopener noreferrer\">&#8220;El rei lle\u00f3&#8221; <\/a>Alumnes d&#8217;educaci\u00f3 infantil Juny 2017<\/p>\n<p><a href=\"https:\/\/youtu.be\/JDIse1aVces\" target=\"_blank\" rel=\"noopener noreferrer\">&#8220;Som iguals, som diferents&#8221; <\/a>Alumnes de cicle inicial Juny 2017<\/p>\n<p><a href=\"https:\/\/youtu.be\/gBizfX33aQY\" target=\"_blank\" rel=\"noopener noreferrer\">&#8220;Junts&#8221; <\/a>Alumnes de 3r Juny 2017<\/p>\n<p><a href=\"https:\/\/youtu.be\/WmbVON-Kjbg\" target=\"_blank\" rel=\"noopener noreferrer\">&#8220;La nit dels malsons&#8221; <\/a>Alumnes de 4t Juny 2017<\/p>\n<p><a href=\"https:\/\/youtu.be\/ebiTPjuw5pI\" target=\"_blank\" rel=\"noopener noreferrer\">&#8220;Fem corrandes&#8221; <\/a>Alumnes de 5\u00e8 Juny 2017<\/p>\n<p><a href=\"https:\/\/youtu.be\/bYtyCuyfvPU\" target=\"_blank\" rel=\"noopener noreferrer\">&#8220;El barri&#8221; <\/a>Alumnes de 6\u00e8 Juny 2017<\/p>\n<p>&nbsp;<\/p>\n<p><a href=\"https:\/\/youtu.be\/2vk5ZlUUEZo\" target=\"_blank\" rel=\"noopener noreferrer\">&#8220;Ambients&#8221; <\/a>Alumnes d&#8217;Educaci\u00f3 infantil Mar\u00e7 2017<\/p>\n<p><a href=\"https:\/\/vimeo.com\/213654595\" target=\"_blank\" rel=\"noopener noreferrer\">&#8220;Dansa Ara&#8221; <\/a>Alumnes de 2n Abril 2017<\/p>\n<p><a href=\"https:\/\/youtu.be\/Az1_7PQO38I\" target=\"_blank\" rel=\"noopener noreferrer\">&#8220;Visita Annette Cabelli&#8221; <\/a>Alumnes de 6\u00e8 Juny 2016<\/p>\n<p><a href=\"https:\/\/vimeo.com\/201633047\" target=\"_blank\" rel=\"noopener noreferrer\">&#8220;Manequin Challenge&#8221; <\/a>Alumnes de 1r i 6\u00e8 Gener 2017<\/p>\n<p><a href=\"https:\/\/youtu.be\/ZXJFvxoTtjw\" target=\"_blank\" rel=\"noopener noreferrer\">&#8220;IV trobada de corals infantils&#8221; <\/a>Alumnes de 6\u00e8 Gener\u00a02017<\/p>\n<p><a href=\"https:\/\/youtu.be\/VVNtxOYVsFo\" target=\"_blank\" rel=\"noopener noreferrer\">&#8220;Lipdub L&#8217;escola que volem&#8221; <\/a>Alumnes de menjador Novembre\u00a02016<\/p>\n<p><strong>Nadal 2016:<\/strong><\/p>\n<p><a href=\"https:\/\/youtu.be\/RV12o6HV0HI\" target=\"_blank\" rel=\"noopener noreferrer\">&#8220;Quan tot s\u2019enlaira &#8221;\u00a0&#8220;Bicicletes&#8221; <\/a>Alumnes de 6\u00e8 Desembre\u00a02016<\/p>\n<p><a title=\"S\u00f3c fort\" href=\"https:\/\/vimeo.com\/200358709\" target=\"_blank\" rel=\"noopener noreferrer\">&#8220;S\u00f3c fort&#8221; <\/a> Alumnes de 5\u00e8 Desembre 2016<\/p>\n<p><a href=\"https:\/\/youtu.be\/VpKSkqipMXM\" target=\"_blank\" rel=\"noopener noreferrer\">&#8220;The Lazy Song&#8221; &#8220;Quan arriba Nadal&#8221;<\/a> Alumnes de 4t Desembre 2016<\/p>\n<p><a href=\"https:\/\/youtu.be\/ch48EvfrQTM\" target=\"_blank\" rel=\"noopener noreferrer\">&#8220;Els Pastorets&#8221;<\/a> Alumnes de 3r Desembre 2016<\/p>\n<p><a href=\"https:\/\/vimeo.com\/201632603\" target=\"_blank\" rel=\"noopener noreferrer\">&#8220;El trineu&#8221; &#8220;Ja ha arribat el temps&#8221;<\/a> Alumnes de 2n Desembre 2016<\/p>\n<p><a title=\"Quan arriba Nadal\" href=\"https:\/\/vimeo.com\/199124029\" target=\"_blank\" rel=\"noopener noreferrer\">&#8220;Quan arriba Nadal&#8221; <\/a> Alumnes de 1r i 5\u00e8 Desembre 2016<\/p>\n<p><a title=\"Little snowman\" href=\"https:\/\/vimeo.com\/200358600\" target=\"_blank\" rel=\"noopener noreferrer\">&#8220;Little snowman&#8221; <\/a> Alumnes de 1r Desembre 2016<\/p>\n<p><a title=\"M'agrada el Nadal\" href=\"https:\/\/vimeo.com\/200358336\" target=\"_blank\" rel=\"noopener noreferrer\">&#8220;M&#8217;agrada el Nadal &#8220;<\/a> Alumnes de P5 Desembre 2016<\/p>\n<p><a title=\"Virolet Sant Pere\" href=\"https:\/\/vimeo.com\/199123871\" target=\"_blank\" rel=\"noopener noreferrer\">&#8220;Virolet Sant Pere&#8221;<\/a> Alumnes de P4 Desembre 2016<\/p>\n<p><a title=\"Amb la llum del fanalet\" href=\"https:\/\/vimeo.com\/199123732\" target=\"_blank\" rel=\"noopener noreferrer\">&#8220;Amb la llum del fanalet&#8221;<\/a> Alumnes de P3 Desembre 2016<\/p>\n<div style=\"text-align: center;\" align=\"left\"><\/div>\n<p><strong>Castanyada 2016:<\/strong><\/p>\n<p><a title=\"Jailhouse rock\" href=\"https:\/\/vimeo.com\/195762676\" target=\"_blank\" rel=\"noopener noreferrer\">&#8220;Jailhouse rock&#8221; (Estats Units)<\/a> Alumnes de 5\u00e8 Octubre 2016<\/p>\n<p><a title=\"Jei Ho\" href=\"https:\/\/vimeo.com\/195762656\" target=\"_blank\" rel=\"noopener noreferrer\">&#8220;Jei Ho&#8221; (\u00cdndia)<\/a> Alumnes de 4t Octubre 2016<\/p>\n<p><a title=\"La troika\" href=\"https:\/\/vimeo.com\/195762624\" target=\"_blank\" rel=\"noopener noreferrer\">&#8220;La troika&#8221; (R\u00fassia)<\/a> Alumnes de 3r Octubre 2016<\/p>\n<p><a title=\"Nigun Atik\" href=\"https:\/\/vimeo.com\/193903396\" target=\"_blank\" rel=\"noopener noreferrer\">&#8220;Nigun Atik&#8221; (Israel)<\/a> Alumnes de 2n Octubre 2016<\/p>\n<p><a title=\"La raspa\" href=\"https:\/\/vimeo.com\/193903328\" target=\"_blank\" rel=\"noopener noreferrer\">&#8220;La raspa&#8221; (M\u00e8xic)<\/a> Alumnes de 1r Octubre 2016<\/p>\n<p><a title=\"La rumba de la castanya\" href=\"https:\/\/vimeo.com\/193903300\" target=\"_blank\" rel=\"noopener noreferrer\">&#8220;La rumba de la castanya&#8221;<\/a> Alumnes de P5 Octubre 2016<\/p>\n<p><a title=\"Torrem castanyes\" href=\"https:\/\/vimeo.com\/193903262\" target=\"_blank\" rel=\"noopener noreferrer\">&#8220;Torrem castanyes&#8221;<\/a> Alumnes de P4 Octubre 2016<\/p>\n<p><a title=\"El ball de la castanya\" href=\"https:\/\/vimeo.com\/193903222\" target=\"_blank\" rel=\"noopener noreferrer\">&#8220;El ball de la castanya&#8221;<\/a> Alumnes de P3 Octubre 2016<\/p>\n<div style=\"text-align: center;\" align=\"left\"><\/div>\n","protected":false},"excerpt":{"rendered":"<p>Mostra T\u00e0ndem\u00a0 2017: &#8220;El rei lle\u00f3&#8221; Alumnes d&#8217;educaci\u00f3 infantil Juny 2017 &#8220;Som iguals, som diferents&#8221; Alumnes de cicle inicial Juny 2017 &#8220;Junts&#8221; Alumnes de 3r Juny 2017 &#8220;La nit dels malsons&#8221; Alumnes de 4t Juny 2017 &#8220;Fem corrandes&#8221; Alumnes de 5\u00e8 Juny 2017 &#8220;El barri&#8221; Alumnes de 6\u00e8 Juny 2017 &nbsp; &#8220;Ambients&#8221; Alumnes d&#8217;Educaci\u00f3 infantil [&hellip;]<\/p>\n","protected":false},"author":1,"featured_media":0,"parent":323,"menu_order":4,"comment_status":"closed","ping_status":"closed","template":"","meta":{"_bbp_topic_count":0,"_bbp_reply_count":0,"_bbp_total_topic_count":0,"_bbp_total_reply_count":0,"_bbp_voice_count":0,"_bbp_anonymous_reply_count":0,"_bbp_topic_count_hidden":0,"_bbp_reply_count_hidden":0,"_bbp_forum_subforum_count":0,"site-sidebar-layout":"default","site-content-layout":"","ast-site-content-layout":"","site-content-style":"default","site-sidebar-style":"default","ast-global-header-display":"","ast-banner-title-visibility":"","ast-main-header-display":"","ast-hfb-above-header-display":"","ast-hfb-below-header-display":"","ast-hfb-mobile-header-display":"","site-post-title":"","ast-breadcrumbs-content":"","ast-featured-img":"","footer-sml-layout":"","theme-transparent-header-meta":"","adv-header-id-meta":"","stick-header-meta":"","header-above-stick-meta":"","header-main-stick-meta":"","header-below-stick-meta":"","astra-migrate-meta-layouts":"default","ast-page-background-enabled":"default","ast-page-background-meta":{"desktop":{"background-color":"var(--ast-global-color-4)","background-image":"","background-repeat":"repeat","background-position":"center center","background-size":"auto","background-attachment":"scroll","background-type":"","background-media":"","overlay-type":"","overlay-color":"","overlay-opacity":"","overlay-gradient":""},"tablet":{"background-color":"","background-image":"","background-repeat":"repeat","background-position":"center center","background-size":"auto","background-attachment":"scroll","background-type":"","background-media":"","overlay-type":"","overlay-color":"","overlay-opacity":"","overlay-gradient":""},"mobile":{"background-color":"","background-image":"","background-repeat":"repeat","background-position":"center center","background-size":"auto","background-attachment":"scroll","background-type":"","background-media":"","overlay-type":"","overlay-color":"","overlay-opacity":"","overlay-gradient":""}},"ast-content-background-meta":{"desktop":{"background-color":"var(--ast-global-color-5)","background-image":"","background-repeat":"repeat","background-position":"center center","background-size":"auto","background-attachment":"scroll","background-type":"","background-media":"","overlay-type":"","overlay-color":"","overlay-opacity":"","overlay-gradient":""},"tablet":{"background-color":"var(--ast-global-color-5)","background-image":"","background-repeat":"repeat","background-position":"center center","background-size":"auto","background-attachment":"scroll","background-type":"","background-media":"","overlay-type":"","overlay-color":"","overlay-opacity":"","overlay-gradient":""},"mobile":{"background-color":"var(--ast-global-color-5)","background-image":"","background-repeat":"repeat","background-position":"center center","background-size":"auto","background-attachment":"scroll","background-type":"","background-media":"","overlay-type":"","overlay-color":"","overlay-opacity":"","overlay-gradient":""}},"footnotes":""},"class_list":["post-2769","page","type-page","status-publish","hentry"],"post_mailing_queue_ids":[],"_links":{"self":[{"href":"https:\/\/agora.xtec.cat\/ceip-mcinto-verdaguer\/wp-json\/wp\/v2\/pages\/2769","targetHints":{"allow":["GET"]}}],"collection":[{"href":"https:\/\/agora.xtec.cat\/ceip-mcinto-verdaguer\/wp-json\/wp\/v2\/pages"}],"about":[{"href":"https:\/\/agora.xtec.cat\/ceip-mcinto-verdaguer\/wp-json\/wp\/v2\/types\/page"}],"author":[{"embeddable":true,"href":"https:\/\/agora.xtec.cat\/ceip-mcinto-verdaguer\/wp-json\/wp\/v2\/users\/1"}],"replies":[{"embeddable":true,"href":"https:\/\/agora.xtec.cat\/ceip-mcinto-verdaguer\/wp-json\/wp\/v2\/comments?post=2769"}],"version-history":[{"count":4,"href":"https:\/\/agora.xtec.cat\/ceip-mcinto-verdaguer\/wp-json\/wp\/v2\/pages\/2769\/revisions"}],"predecessor-version":[{"id":5840,"href":"https:\/\/agora.xtec.cat\/ceip-mcinto-verdaguer\/wp-json\/wp\/v2\/pages\/2769\/revisions\/5840"}],"up":[{"embeddable":true,"href":"https:\/\/agora.xtec.cat\/ceip-mcinto-verdaguer\/wp-json\/wp\/v2\/pages\/323"}],"wp:attachment":[{"href":"https:\/\/agora.xtec.cat\/ceip-mcinto-verdaguer\/wp-json\/wp\/v2\/media?parent=2769"}],"curies":[{"name":"wp","href":"https:\/\/api.w.org\/{rel}","templated":true}]}}