{"id":1900,"date":"2016-04-27T08:30:39","date_gmt":"2016-04-27T07:30:39","guid":{"rendered":"http:\/\/agora.xtec.cat\/ceip-mcinto-verdaguer\/intraweb\/fotos-curs-2013-14\/"},"modified":"2016-04-27T08:30:39","modified_gmt":"2016-04-27T07:30:39","slug":"fotos-curs-2013-14","status":"publish","type":"page","link":"https:\/\/agora.xtec.cat\/ceip-mcinto-verdaguer\/intraweb\/fotos-curs-2013-14\/","title":{"rendered":"Fotos curs 2013-14"},"content":{"rendered":"<p><p><a target=\"_blank\" href=\"https:\/\/picasaweb.google.com\/116836025299845278856\/Castanyada03?authuser=0&amp;authkey=Gv1sRgCN7Q6ebVuLDS6AE&amp;feat=directlink\" style=\"color: #457fb9; text-decoration: none; font-family: Tahoma, Verdana, Arial, Helvetica, sans-serif; font-size: 12.222222328186035px;\">Castanyada<\/a> <span style=\"font-family: Tahoma, Verdana, Arial, Helvetica, sans-serif; font-size: 12.222222328186035px;\">Octubre 2013 Alumnes d&#8217;infantil i prim\u00e0ria<\/span><\/p>\n<p><\/p>\n<p><p><a target=\"_blank\" href=\"https:\/\/picasaweb.google.com\/116836025299845278856\/CantadaDeNadales?authuser=0&amp;authkey=Gv1sRgCNH2iN7vvLr0fA&amp;feat=directlink\" style=\"color: #457fb9; text-decoration: none; font-family: Tahoma, Verdana, Arial, Helvetica, sans-serif; font-size: 12px;\">Cantada de Nadales<\/a> <span style=\"font-family: Tahoma, Verdana, Arial, Helvetica, sans-serif; font-size: 12px;\">Desembre 2013 Comunitat educativa<\/span><\/p>\n<p><\/p>\n<p><p><a target=\"_blank\" href=\"https:\/\/picasaweb.google.com\/116836025299845278856\/QuantMesuraUnaBalenaBlava?authuser=0&amp;authkey=Gv1sRgCI_b5ZjtxKKLIQ&amp;feat=directlink\">Quant mesura una balena blava?&nbsp;<\/a>Febrer 2014 Alumnes de 2n<\/p>\n<p><\/p>\n<p><p><a href=\"https:\/\/picasaweb.google.com\/116836025299845278856\/DijousGras02?authuser=0&amp;authkey=Gv1sRgCLDereGSysW_0AE&amp;feat=directlink\" target=\"_blank\">Dijous Gras<\/a>&nbsp;Febrer 2014 Alumnes d&#8217;Educaci\u00f3 infantil<\/p>\n<p><\/p>\n<p><p><a href=\"https:\/\/picasaweb.google.com\/116836025299845278856\/TreballemMiro?authuser=0&amp;authkey=Gv1sRgCPaP7qmhw5iJWg&amp;feat=directlink\" target=\"_blank\">Treballem Mir\u00f3<\/a>&nbsp;Abril 2014 Alumnes de P3<\/p>\n<p><\/p>\n<p><p><a target=\"_blank\" href=\"https:\/\/picasaweb.google.com\/116836025299845278856\/JornadaEsportiva03?authuser=0&amp;authkey=Gv1sRgCJufzcbI__-avwE&amp;feat=directlink\">Jornada esportiva<\/a>&nbsp;Abril 2014 Alumnes d&#8217;infantil i prim\u00e0ria&nbsp;<\/p>\n<p><\/p>\n<p><p><a target=\"_blank\" href=\"https:\/\/picasaweb.google.com\/116836025299845278856\/RacoDeLesDisfresses02?authuser=0&amp;authkey=Gv1sRgCJ3Q0YSB3J_d3wE&amp;feat=directlink\">Rac\u00f3 de les disfreses<\/a>&nbsp;Febrer 2014 Alumnes de P4<\/p>\n<p><\/p>\n<p><a target=\"_blank\" href=\"https:\/\/picasaweb.google.com\/116836025299845278856\/MostraProjecteTandemI?authuser=0&amp;authkey=Gv1sRgCLnl3OeM9O37dA&amp;feat=directlink\" style=\"color: #457fb9; text-decoration: none; font-family: Tahoma, Verdana, Arial, Helvetica, sans-serif; font-size: 12px;\">Mostra Projecte T\u00e0ndem I<\/a><span style=\"font-family: Tahoma, Verdana, Arial, Helvetica, sans-serif; font-size: 12px;\"> Juny 2014 Alumnes de Educaci\u00f3 Infantil, 4t i 5\u00e8<\/span><\/p>\n<p><a target=\"_blank\" href=\"https:\/\/picasaweb.google.com\/116836025299845278856\/FestaFinalDeCurs02?authuser=0&amp;authkey=Gv1sRgCOHbrr7t97numwE&amp;feat=directlink\" style=\"color: #457fb9; text-decoration: none; font-family: Tahoma, Verdana, Arial, Helvetica, sans-serif; font-size: 12px;\">Festa de final de curs<\/a><span style=\"font-family: Tahoma, Verdana, Arial, Helvetica, sans-serif; font-size: 12px;\"> Juny 2014 Comunitat educativa<\/span><\/p>\n<p>Add text here&#8230;<\/p>\n<p><p><a target=\"_blank\" href=\"https:\/\/picasaweb.google.com\/116836025299845278856\/FemPanellets02?authuser=0&amp;authkey=Gv1sRgCJvQ--mQ7JLL_QE&amp;feat=directlink\" style=\"color: #457fb9; text-decoration: none; font-family: Tahoma, Verdana, Arial, Helvetica, sans-serif; font-size: 12.222222328186035px;\">Fem panellets!<\/a> <span style=\"font-family: Tahoma, Verdana, Arial, Helvetica, sans-serif; font-size: 12.222222328186035px;\">Octubre 2013&nbsp;<\/span><span style=\"font-family: Tahoma, Verdana, Arial, Helvetica, sans-serif; font-size: 12.222222328186035px;\">Alumnes de P5 i 5\u00e8<\/span><\/p>\n<p><\/p>\n<p><p><a target=\"_blank\" href=\"https:\/\/picasaweb.google.com\/116836025299845278856\/Pastorets2013?authuser=0&amp;authkey=Gv1sRgCOGu7bCoxdG5xQE&amp;feat=directlink\" style=\"color: #457fb9; text-decoration: none; font-family: Tahoma, Verdana, Arial, Helvetica, sans-serif; font-size: 12px;\">Pastorets<\/a> <span style=\"font-family: Tahoma, Verdana, Arial, Helvetica, sans-serif; font-size: 12px;\">Desembre 2013 &nbsp;<\/span><span style=\"font-family: Tahoma, Verdana, Arial, Helvetica, sans-serif; font-size: 12px;\">Alumnes de 3r&nbsp;<\/span><\/p>\n<p><\/p>\n<p><p><a href=\"https:\/\/picasaweb.google.com\/116836025299845278856\/TreballAmbLesTauletes?authuser=0&amp;%3Cspan%20id=\">Treballem el barri amb tauletes&nbsp;<\/a>Febrer 2014 Alumnes de 6\u00e8&nbsp;<\/p>\n<p><\/p>\n<p><p><a target=\"_blank\" href=\"https:\/\/picasaweb.google.com\/116836025299845278856\/LliuramentCarnetsPatrimoniaM?authuser=0&amp;authkey=Gv1sRgCIP3h4Gu98m7Xw&amp;feat=directlink\">Lliurament de carnets &quot;Patrimonia&#8217;m&quot;<\/a>&nbsp;Febrer 2014 Alumnes de 5\u00e8<\/p>\n<p><\/p>\n<p><p><a href=\"https:\/\/picasaweb.google.com\/116836025299845278856\/DansaAra03?authuser=0&amp;authkey=Gv1sRgCNP45YDPh5OamwE&amp;feat=directlink\" target=\"_blank\">Dansa Ara<\/a>&nbsp;Abril 2014 Alumnes de 2n&nbsp;<\/p>\n<p><\/p>\n<p><p><a target=\"_blank\" href=\"https:\/\/picasaweb.google.com\/116836025299845278856\/GrupMARC?authuser=0&amp;authkey=Gv1sRgCMCku_K0j9qXZg&amp;feat=directlink\">Grup MARC<\/a> Abril 2014 &nbsp;Alumnes d&#8217;infantil i prim\u00e0ria<\/p>\n<p><\/p>\n<p><p><a target=\"_blank\" href=\"https:\/\/picasaweb.google.com\/116836025299845278856\/SantJordiIJocsFlorals?authuser=0&amp;authkey=Gv1sRgCNyMqsrmjsjvTw&amp;feat=directlink\">Sant Jordi i Jocs Florals<\/a>&nbsp;Abril 2014 Alumnes d&#8217;infantil i prim\u00e0ria&nbsp;<\/p>\n<p><\/p>\n<p><p><a target=\"_blank\" href=\"https:\/\/picasaweb.google.com\/116836025299845278856\/SantPonc?authuser=0&amp;authkey=Gv1sRgCIClgayYsM-xnAE&amp;feat=directlink\">Sant Pon\u00e7<\/a>&nbsp;Maig 2014 Alumnes de Cicle Inicial&nbsp;<\/p>\n<p><\/p>\n<p><a target=\"_blank\" href=\"https:\/\/picasaweb.google.com\/116836025299845278856\/SortidaCollbato?authuser=0&amp;authkey=Gv1sRgCLKc2srqqPiFlAE&amp;feat=directlink\" style=\"color: #457fb9; text-decoration: none; font-family: Tahoma, Verdana, Arial, Helvetica, sans-serif; font-size: 12px;\">Sortida a Collbat\u00f3<\/a><span style=\"font-family: Tahoma, Verdana, Arial, Helvetica, sans-serif; font-size: 12px;\"> Juny 2014 Alumnes de 6\u00e8<\/span><\/p>\n<p><p> <a target=\"_blank\" href=\"https:\/\/picasaweb.google.com\/116836025299845278856\/AnemAlZoo?authuser=0&amp;authkey=Gv1sRgCP7Evuu-osvJrQE&amp;feat=directlink\" style=\"color: #457fb9; text-decoration: none; font-family: Tahoma, Verdana, Arial, Helvetica, sans-serif; font-size: 12px;\">Anem al zoo<\/a> <span style=\"font-family: Tahoma, Verdana, Arial, Helvetica, sans-serif; font-size: 12px;\">Octubre 2013&nbsp;<\/span><span style=\"font-family: Tahoma, Verdana, Arial, Helvetica, sans-serif; font-size: 12px;\">Alumnes de P5<\/span><\/p>\n<p><\/p>\n<p><p><a target=\"_blank\" href=\"https:\/\/picasaweb.google.com\/116836025299845278856\/MinesDeGava?authuser=0&amp;authkey=Gv1sRgCMqcyYDFkt6gfw&amp;feat=directlink\" style=\"color: #457fb9; text-decoration: none; font-family: Tahoma, Verdana, Arial, Helvetica, sans-serif; font-size: 12.222222328186035px; text-align: justify;\">Mines de Gav\u00e0<\/a> <span style=\"font-family: Tahoma, Verdana, Arial, Helvetica, sans-serif; font-size: 12.222222328186035px; text-align: justify;\">Novembre 2013&nbsp;<\/span><span style=\"font-family: Tahoma, Verdana, Arial, Helvetica, sans-serif; font-size: 12.222222328186035px; text-align: justify;\">Alumnes de 5\u00e8<\/span><\/p>\n<p><\/p>\n<p><p><a target=\"_blank\" href=\"https:\/\/picasaweb.google.com\/116836025299845278856\/ActuacioALesEscolesBressol?authuser=0&amp;authkey=Gv1sRgCOLM7IOv4Yf8xAE&amp;feat=directlink\">Actuaci\u00f3 a les escoles bressol<\/a>&nbsp;Desembre 2013 Alumnes de P5 i taller de corda<\/p>\n<p><\/p>\n<p><p><a target=\"_blank\" href=\"https:\/\/picasaweb.google.com\/116836025299845278856\/PortesObertes?authuser=0&amp;authkey=Gv1sRgCITE_7OOjub-Ww&amp;feat=directlink\">Portes obertes<\/a>&nbsp;Febrer 2014 Alumnes de 6\u00e8&nbsp;<\/p>\n<p><\/p>\n<p><p><a href=\"https:\/\/picasaweb.google.com\/116836025299845278856\/Carnestoltes?authuser=0&amp;authkey=Gv1sRgCICNref-8fXRZQ&amp;feat=directlink\" target=\"_blank\">Carnestoltes<\/a>&nbsp;Febrer 2014 Alumnes d&#8217;Educaci\u00f3 infantil&nbsp;<\/p>\n<p><\/p>\n<p><p><a target=\"_blank\" href=\"https:\/\/picasaweb.google.com\/116836025299845278856\/SortidaDonaIOcell?authuser=0&amp;authkey=Gv1sRgCI711O3xrenLXg&amp;feat=directlink\">Sortida Parc de l&#8217;Escorxador<\/a>&nbsp;Abril 2014 Alumnes de P3<\/p>\n<p><\/p>\n<p><p><a href=\"https:\/\/picasaweb.google.com\/116836025299845278856\/CoralFinlandesa?authuser=0&amp;authkey=Gv1sRgCJ__9erdhNbn-gE&amp;feat=directlink\" target=\"_blank\">Coral finlandesa<\/a>&nbsp;Abril 2014 Alumnes d&#8217;infantil i prim\u00e0ria&nbsp;<\/p>\n<p><\/p>\n<p><p><a target=\"_blank\" href=\"https:\/\/picasaweb.google.com\/116836025299845278856\/GardenP4?authuser=0&amp;authkey=Gv1sRgCLPf4InWyeODuwE&amp;feat=directlink\">Visita al Garden Bordas<\/a>&nbsp;Abril 2014 Alumnes de P4&nbsp;<\/p>\n<p><\/p>\n<p><a target=\"_blank\" href=\"https:\/\/picasaweb.google.com\/116836025299845278856\/MostraProjecteTandemII?authuser=0&amp;authkey=Gv1sRgCM69u9XD_bWRew&amp;feat=directlink\" style=\"color: #457fb9; text-decoration: none; font-family: Tahoma, Verdana, Arial, Helvetica, sans-serif; font-size: 12px;\">Mostra Projecte T\u00e0ndem II<\/a><span style=\"font-family: Tahoma, Verdana, Arial, Helvetica, sans-serif; font-size: 12px;\"> Juny 2014 Alumnes de Cicle Inicial, 3r i 6\u00e8<\/span><\/p>\n<p><a target=\"_blank\" href=\"https:\/\/picasaweb.google.com\/116836025299845278856\/SortidaMontjuic?authuser=0&amp;authkey=Gv1sRgCKuZsMLlmpejRw&amp;feat=directlink\" style=\"color: #457fb9; text-decoration: none; font-family: Tahoma, Verdana, Arial, Helvetica, sans-serif; font-size: 12px;\">Sortida a Montju\u00efc<\/a><span style=\"font-family: Tahoma, Verdana, Arial, Helvetica, sans-serif; font-size: 12px;\"> Juny 2014 Alumnes de 4t<\/span><\/p>\n","protected":false},"excerpt":{"rendered":"<p>Castanyada Octubre 2013 Alumnes d&#8217;infantil i prim\u00e0ria Cantada de Nadales Desembre 2013 Comunitat educativa Quant mesura una balena blava?&nbsp;Febrer 2014 Alumnes de 2n Dijous Gras&nbsp;Febrer 2014 Alumnes d&#8217;Educaci\u00f3 infantil Treballem Mir\u00f3&nbsp;Abril 2014 Alumnes de P3 Jornada esportiva&nbsp;Abril 2014 Alumnes d&#8217;infantil i prim\u00e0ria&nbsp; Rac\u00f3 de les disfreses&nbsp;Febrer 2014 Alumnes de P4 Mostra Projecte T\u00e0ndem I Juny [&hellip;]<\/p>\n","protected":false},"author":1,"featured_media":0,"parent":1673,"menu_order":0,"comment_status":"open","ping_status":"open","template":"page-templates\/side-menu.php","meta":{"_bbp_topic_count":0,"_bbp_reply_count":0,"_bbp_total_topic_count":0,"_bbp_total_reply_count":0,"_bbp_voice_count":0,"_bbp_anonymous_reply_count":0,"_bbp_topic_count_hidden":0,"_bbp_reply_count_hidden":0,"_bbp_forum_subforum_count":0,"site-sidebar-layout":"default","site-content-layout":"","ast-site-content-layout":"","site-content-style":"default","site-sidebar-style":"default","ast-global-header-display":"","ast-banner-title-visibility":"","ast-main-header-display":"","ast-hfb-above-header-display":"","ast-hfb-below-header-display":"","ast-hfb-mobile-header-display":"","site-post-title":"","ast-breadcrumbs-content":"","ast-featured-img":"","footer-sml-layout":"","theme-transparent-header-meta":"","adv-header-id-meta":"","stick-header-meta":"","header-above-stick-meta":"","header-main-stick-meta":"","header-below-stick-meta":"","astra-migrate-meta-layouts":"default","ast-page-background-enabled":"default","ast-page-background-meta":{"desktop":{"background-color":"var(--ast-global-color-4)","background-image":"","background-repeat":"repeat","background-position":"center center","background-size":"auto","background-attachment":"scroll","background-type":"","background-media":"","overlay-type":"","overlay-color":"","overlay-opacity":"","overlay-gradient":""},"tablet":{"background-color":"","background-image":"","background-repeat":"repeat","background-position":"center center","background-size":"auto","background-attachment":"scroll","background-type":"","background-media":"","overlay-type":"","overlay-color":"","overlay-opacity":"","overlay-gradient":""},"mobile":{"background-color":"","background-image":"","background-repeat":"repeat","background-position":"center center","background-size":"auto","background-attachment":"scroll","background-type":"","background-media":"","overlay-type":"","overlay-color":"","overlay-opacity":"","overlay-gradient":""}},"ast-content-background-meta":{"desktop":{"background-color":"var(--ast-global-color-5)","background-image":"","background-repeat":"repeat","background-position":"center center","background-size":"auto","background-attachment":"scroll","background-type":"","background-media":"","overlay-type":"","overlay-color":"","overlay-opacity":"","overlay-gradient":""},"tablet":{"background-color":"var(--ast-global-color-5)","background-image":"","background-repeat":"repeat","background-position":"center center","background-size":"auto","background-attachment":"scroll","background-type":"","background-media":"","overlay-type":"","overlay-color":"","overlay-opacity":"","overlay-gradient":""},"mobile":{"background-color":"var(--ast-global-color-5)","background-image":"","background-repeat":"repeat","background-position":"center center","background-size":"auto","background-attachment":"scroll","background-type":"","background-media":"","overlay-type":"","overlay-color":"","overlay-opacity":"","overlay-gradient":""}},"footnotes":""},"class_list":["post-1900","page","type-page","status-publish","hentry"],"post_mailing_queue_ids":[],"_links":{"self":[{"href":"https:\/\/agora.xtec.cat\/ceip-mcinto-verdaguer\/wp-json\/wp\/v2\/pages\/1900","targetHints":{"allow":["GET"]}}],"collection":[{"href":"https:\/\/agora.xtec.cat\/ceip-mcinto-verdaguer\/wp-json\/wp\/v2\/pages"}],"about":[{"href":"https:\/\/agora.xtec.cat\/ceip-mcinto-verdaguer\/wp-json\/wp\/v2\/types\/page"}],"author":[{"embeddable":true,"href":"https:\/\/agora.xtec.cat\/ceip-mcinto-verdaguer\/wp-json\/wp\/v2\/users\/1"}],"replies":[{"embeddable":true,"href":"https:\/\/agora.xtec.cat\/ceip-mcinto-verdaguer\/wp-json\/wp\/v2\/comments?post=1900"}],"version-history":[{"count":0,"href":"https:\/\/agora.xtec.cat\/ceip-mcinto-verdaguer\/wp-json\/wp\/v2\/pages\/1900\/revisions"}],"up":[{"embeddable":true,"href":"https:\/\/agora.xtec.cat\/ceip-mcinto-verdaguer\/wp-json\/wp\/v2\/pages\/1673"}],"wp:attachment":[{"href":"https:\/\/agora.xtec.cat\/ceip-mcinto-verdaguer\/wp-json\/wp\/v2\/media?parent=1900"}],"curies":[{"name":"wp","href":"https:\/\/api.w.org\/{rel}","templated":true}]}}