{"id":1899,"date":"2016-04-27T08:30:38","date_gmt":"2016-04-27T07:30:38","guid":{"rendered":"http:\/\/agora.xtec.cat\/ceip-mcinto-verdaguer\/intraweb\/videos-curs-2012-2013\/"},"modified":"2016-04-27T08:30:38","modified_gmt":"2016-04-27T07:30:38","slug":"videos-curs-2012-2013","status":"publish","type":"page","link":"https:\/\/agora.xtec.cat\/ceip-mcinto-verdaguer\/intraweb\/videos-curs-2012-2013\/","title":{"rendered":"V\u00eddeos curs 2012-2013"},"content":{"rendered":"<p><font face=\"arial, helvetica, sans-serif\"><a target=\"_blank\" href=\"http:\/\/www.youtube.com\/watch?v=ij846yoL8yM\">&quot;Cloenda Projecte T\u00e0ndem&quot;<\/a><a href=\"http:\/\/www.youtube.com\/watch?v=ij846yoL8yM\" target=\"_blank\"> <\/a>Projecte T\u00e0ndem<\/font><\/p>\n<p><font face=\"arial, helvetica, sans-serif\"><a target=\"_blank\" href=\"https:\/\/vimeo.com\/76284825\">&quot;Cloenda Projecte T\u00e0ndem&quot;<\/a><a target=\"_blank\" href=\"https:\/\/vimeo.com\/76284825\"> <\/a>Taller de percussi\u00f3 <\/font><\/p>\n<p><font face=\"arial, helvetica, sans-serif\"><a target=\"_blank\" href=\"https:\/\/vimeo.com\/53406821\">Dansa &quot;Marrameu torra castanyes&quot;<\/a>  Alumnes de P4<\/font><\/p>\n<p><font face=\"arial, helvetica, sans-serif\"><a target=\"_blank\" href=\"https:\/\/vimeo.com\/54005862\">Dansa &quot;La tardor que jo conec&quot;<\/a>  Alumnes de 1r<\/font><\/p>\n<p><font face=\"arial, helvetica, sans-serif\"><a target=\"_blank\" href=\"https:\/\/vimeo.com\/54436939\">Dansa &quot;Rap de la castanya&quot;<\/a>  Alumnes de 3r<\/font><\/p>\n<p><font face=\"arial, helvetica, sans-serif\"><a target=\"_blank\" href=\"https:\/\/vimeo.com\/57790146\">Els Pastorets<\/a> &nbsp;Alumnes de 3r<\/font><\/p>\n<p><font face=\"arial, helvetica, sans-serif\"><a target=\"_blank\" href=\"https:\/\/vimeo.com\/59297194\">&quot;A la claire fontaine&quot; i &quot;\u00c9s un desig&quot;<\/a> &nbsp;Alumnes de 6\u00e8<\/font><\/p>\n<p><font face=\"arial, helvetica, sans-serif\"><a target=\"_blank\" href=\"https:\/\/vimeo.com\/58845129\">&quot;Bona nit&quot; i &quot;Ara \u00e9s Nadal&quot;<\/a> &nbsp;Alumnes de 4t<\/font><\/p>\n<p><font face=\"arial, helvetica, sans-serif\"><a target=\"_blank\" href=\"https:\/\/vimeo.com\/58494259\">&quot;El Rabad\u00e0&quot; i &quot;El titella de roba&quot;<\/a> &nbsp;Alumnes de 2n<\/font><\/p>\n<p><font face=\"arial, helvetica, sans-serif\"><a target=\"_blank\" href=\"https:\/\/vimeo.com\/58310971\">El m\u00f3n seria<\/a> &nbsp;Alumnes, mestres i fam\u00edlies d&#8217;educaci\u00f3 infantil <br \/><\/font><\/p>\n<p><font face=\"arial, helvetica, sans-serif\"><a href=\"https:\/\/vimeo.com\/58840139\" target=\"_blank\">&quot;Can\u00e7\u00f3 de Nadal&quot; i &quot;Amb la llum del fanalet&quot;<\/a>&nbsp; Alumnes de P4<\/font><\/p>\n<p><font face=\"arial, helvetica, sans-serif\"><a href=\"http:\/\/youtu.be\/5whsBQ1zHuc\" target=\"_blank\">&quot;Concert de Nadal&quot;<\/a> Projecte T\u00e0ndem<\/font><\/p>\n<p><font face=\"arial, helvetica, sans-serif\"><a href=\"https:\/\/vimeo.com\/68703148\" target=\"_blank\">&quot;Cloenda Projecte T\u00e0ndem&quot;<\/a> Alumnes de 5\u00e8<\/font><\/p>\n<p><font face=\"arial, helvetica, sans-serif\"><a href=\"https:\/\/vimeo.com\/69191264\" target=\"_blank\">&quot;Cloenda Projecte T\u00e0ndem&quot;<\/a> Alumnes de Cicle Inicial<\/font><\/p>\n<p><font face=\"arial, helvetica, sans-serif\"><a href=\"https:\/\/vimeo.com\/68708652\" target=\"_blank\">&quot;Cloenda Projecte T\u00e0ndem&quot;<\/a> Alumnes de P5<\/font><\/p>\n<p><font face=\"arial, helvetica, sans-serif\"><a target=\"_blank\" href=\"https:\/\/vimeo.com\/76283803\">&quot;Cloenda Projecte T\u00e0ndem&quot;<\/a><a target=\"_blank\" href=\"https:\/\/vimeo.com\/76283803\"> <\/a>Taller de corda<\/font><\/p>\n<p><font face=\"arial, helvetica, sans-serif\"><a href=\"http:\/\/vimeo.com\/53340095\" target=\"_blank\">Dansa &quot;La castanyera&quot;<\/a>  <\/font><font face=\"arial, helvetica, sans-serif\">Alumnes de P3<\/font><\/p>\n<p><font face=\"arial, helvetica, sans-serif\"><a target=\"_blank\" href=\"https:\/\/vimeo.com\/53408546\">Dansa &quot;Les castanyes peten, peten&quot;<\/a>  Alumnes de P5<\/font><\/p>\n<p><font face=\"arial, helvetica, sans-serif\"><a target=\"_blank\" href=\"https:\/\/vimeo.com\/54010054\">Dansa &quot;Patatuf&quot;<\/a>  Alumnes de 2n<\/font><\/p>\n<p><font face=\"arial, helvetica, sans-serif\"><a target=\"_blank\" href=\"https:\/\/vimeo.com\/54447999\">Dansa &quot;Country&quot;<\/a>  Alumnes de 4t<\/font><\/p>\n<p><font face=\"arial, helvetica, sans-serif\"><a target=\"_blank\" href=\"https:\/\/vimeo.com\/57734951\">Color esperanza<\/a> &nbsp;Alumnes, mestres i fam\u00edlies de prim\u00e0ria<\/font><\/p>\n<p><font face=\"arial, helvetica, sans-serif\"><a target=\"_blank\" href=\"https:\/\/vimeo.com\/58846195\">&quot;El roure&quot; i &quot;Pupurr\u00ed nadalenc&quot;<\/a> &nbsp;Alumnes de 5\u00e8<\/font><\/p>\n<p><font face=\"arial, helvetica, sans-serif\"><a target=\"_blank\" href=\"https:\/\/vimeo.com\/58838877\">&quot;Fum, fum, fum&quot; i &quot;El m\u00f3n seria&quot;<\/a> &nbsp;Alumnes de 3r<\/font><\/p>\n<p><font face=\"arial, helvetica, sans-serif\"><a target=\"_blank\" href=\"https:\/\/vimeo.com\/58313525\">&quot;Down the chimney&quot; i &quot;El noi de la mare&quot;<\/a> &nbsp;Alumnes de 1r<\/font><\/p>\n<p><font face=\"arial, helvetica, sans-serif\"><a href=\"https:\/\/vimeo.com\/58843781\" target=\"_blank\">&quot;Les joguines&quot; i &quot;Carta als Reis&quot;<\/a>&nbsp; Alumnes de P5<\/font><\/p>\n<p><font face=\"arial, helvetica, sans-serif\"><a href=\"https:\/\/vimeo.com\/58841864\" target=\"_blank\">&quot;Com alegre campaneta&quot; i &quot;Alegra&#8217;t panxeta&quot;<\/a>&nbsp; Alumnes de P3<\/font><\/p>\n<p><font face=\"arial, helvetica, sans-serif\"><a href=\"https:\/\/vimeo.com\/68445955\" target=\"_blank\">&quot;Cloenda Projecte T\u00e0ndem&quot;<\/a> Alumnes de 6\u00e8<\/font><\/p>\n<p><font face=\"arial, helvetica, sans-serif\"><a href=\"https:\/\/vimeo.com\/69693220\" target=\"_blank\">&quot;Cloenda Projecte T\u00e0ndem&quot;<\/a> Alumnes de 3r<\/font><\/p>\n","protected":false},"excerpt":{"rendered":"<p>&quot;Cloenda Projecte T\u00e0ndem&quot; Projecte T\u00e0ndem &quot;Cloenda Projecte T\u00e0ndem&quot; Taller de percussi\u00f3 Dansa &quot;Marrameu torra castanyes&quot; Alumnes de P4 Dansa &quot;La tardor que jo conec&quot; Alumnes de 1r Dansa &quot;Rap de la castanya&quot; Alumnes de 3r Els Pastorets &nbsp;Alumnes de 3r &quot;A la claire fontaine&quot; i &quot;\u00c9s un desig&quot; &nbsp;Alumnes de 6\u00e8 &quot;Bona nit&quot; i &quot;Ara [&hellip;]<\/p>\n","protected":false},"author":1,"featured_media":0,"parent":1673,"menu_order":0,"comment_status":"open","ping_status":"open","template":"page-templates\/side-menu.php","meta":{"_bbp_topic_count":0,"_bbp_reply_count":0,"_bbp_total_topic_count":0,"_bbp_total_reply_count":0,"_bbp_voice_count":0,"_bbp_anonymous_reply_count":0,"_bbp_topic_count_hidden":0,"_bbp_reply_count_hidden":0,"_bbp_forum_subforum_count":0,"site-sidebar-layout":"default","site-content-layout":"","ast-site-content-layout":"","site-content-style":"default","site-sidebar-style":"default","ast-global-header-display":"","ast-banner-title-visibility":"","ast-main-header-display":"","ast-hfb-above-header-display":"","ast-hfb-below-header-display":"","ast-hfb-mobile-header-display":"","site-post-title":"","ast-breadcrumbs-content":"","ast-featured-img":"","footer-sml-layout":"","theme-transparent-header-meta":"","adv-header-id-meta":"","stick-header-meta":"","header-above-stick-meta":"","header-main-stick-meta":"","header-below-stick-meta":"","astra-migrate-meta-layouts":"default","ast-page-background-enabled":"default","ast-page-background-meta":{"desktop":{"background-color":"var(--ast-global-color-4)","background-image":"","background-repeat":"repeat","background-position":"center center","background-size":"auto","background-attachment":"scroll","background-type":"","background-media":"","overlay-type":"","overlay-color":"","overlay-opacity":"","overlay-gradient":""},"tablet":{"background-color":"","background-image":"","background-repeat":"repeat","background-position":"center center","background-size":"auto","background-attachment":"scroll","background-type":"","background-media":"","overlay-type":"","overlay-color":"","overlay-opacity":"","overlay-gradient":""},"mobile":{"background-color":"","background-image":"","background-repeat":"repeat","background-position":"center center","background-size":"auto","background-attachment":"scroll","background-type":"","background-media":"","overlay-type":"","overlay-color":"","overlay-opacity":"","overlay-gradient":""}},"ast-content-background-meta":{"desktop":{"background-color":"var(--ast-global-color-5)","background-image":"","background-repeat":"repeat","background-position":"center center","background-size":"auto","background-attachment":"scroll","background-type":"","background-media":"","overlay-type":"","overlay-color":"","overlay-opacity":"","overlay-gradient":""},"tablet":{"background-color":"var(--ast-global-color-5)","background-image":"","background-repeat":"repeat","background-position":"center center","background-size":"auto","background-attachment":"scroll","background-type":"","background-media":"","overlay-type":"","overlay-color":"","overlay-opacity":"","overlay-gradient":""},"mobile":{"background-color":"var(--ast-global-color-5)","background-image":"","background-repeat":"repeat","background-position":"center center","background-size":"auto","background-attachment":"scroll","background-type":"","background-media":"","overlay-type":"","overlay-color":"","overlay-opacity":"","overlay-gradient":""}},"footnotes":""},"class_list":["post-1899","page","type-page","status-publish","hentry"],"post_mailing_queue_ids":[],"_links":{"self":[{"href":"https:\/\/agora.xtec.cat\/ceip-mcinto-verdaguer\/wp-json\/wp\/v2\/pages\/1899","targetHints":{"allow":["GET"]}}],"collection":[{"href":"https:\/\/agora.xtec.cat\/ceip-mcinto-verdaguer\/wp-json\/wp\/v2\/pages"}],"about":[{"href":"https:\/\/agora.xtec.cat\/ceip-mcinto-verdaguer\/wp-json\/wp\/v2\/types\/page"}],"author":[{"embeddable":true,"href":"https:\/\/agora.xtec.cat\/ceip-mcinto-verdaguer\/wp-json\/wp\/v2\/users\/1"}],"replies":[{"embeddable":true,"href":"https:\/\/agora.xtec.cat\/ceip-mcinto-verdaguer\/wp-json\/wp\/v2\/comments?post=1899"}],"version-history":[{"count":0,"href":"https:\/\/agora.xtec.cat\/ceip-mcinto-verdaguer\/wp-json\/wp\/v2\/pages\/1899\/revisions"}],"up":[{"embeddable":true,"href":"https:\/\/agora.xtec.cat\/ceip-mcinto-verdaguer\/wp-json\/wp\/v2\/pages\/1673"}],"wp:attachment":[{"href":"https:\/\/agora.xtec.cat\/ceip-mcinto-verdaguer\/wp-json\/wp\/v2\/media?parent=1899"}],"curies":[{"name":"wp","href":"https:\/\/api.w.org\/{rel}","templated":true}]}}