{"id":1696,"date":"2016-04-27T08:22:34","date_gmt":"2016-04-27T07:22:34","guid":{"rendered":"http:\/\/agora.xtec.cat\/ceip-mcinto-verdaguer\/intraweb\/publicacions\/"},"modified":"2016-04-27T08:22:34","modified_gmt":"2016-04-27T07:22:34","slug":"publicacions","status":"publish","type":"page","link":"https:\/\/agora.xtec.cat\/ceip-mcinto-verdaguer\/intraweb\/publicacions\/","title":{"rendered":"Publicacions"},"content":{"rendered":"<div align=\"center\">\n<p><strong><font size=\"4\"><font face=\"arial,helvetica,sans-serif\">Publicacions de l\u2019escola i professorat<\/font><\/font><\/strong> <\/p>\n<\/p>\n<p align=\"left\">\n<table cellspacing=\"1\" cellpadding=\"1\" border=\"1\" style=\"width: 100%; \">\n<tbody>\n<tr>\n<td align=\"center\" style=\"background-color: #b4ceff; \"><strong><font face=\"arial, helvetica, sans-serif\">&nbsp;Autoria<\/font><\/strong><\/td>\n<td align=\"center\" style=\"background-color: #b4ceff; \"><strong><font face=\"arial, helvetica, sans-serif\">&nbsp;T\u00edtol<\/font><\/strong><\/td>\n<td align=\"center\" style=\"background-color: #b4ceff; \"><strong><font face=\"arial, helvetica, sans-serif\">&nbsp;Exemplar<\/font><\/strong><\/td>\n<td align=\"center\" style=\"background-color: #b4ceff; \"><strong><font face=\"arial, helvetica, sans-serif\">Data<\/font><\/strong><\/td>\n<\/tr>\n<tr>\n<td align=\"justify\"><font face=\"arial, helvetica, sans-serif\">Alumnes 6\u00e8 A i &nbsp;B<\/font><\/td>\n<td align=\"justify\"><font face=\"arial, helvetica, sans-serif\">L&#8217;escola Moss\u00e8n Cinto explica com \u00e9s el barri del Poble Sec a nens i nenes de Barcelona<\/font><\/td>\n<td align=\"left\"><font face=\"arial, helvetica, sans-serif\"><a href=\"http:\/\/www.zonasec.entitatsbcn.net\/files\/3-10400-annex\/zonasec_90.pdf\" target=\"_blank\" title=\"Zona Sec 90\">Zona Sec 90<\/a><\/font><\/td>\n<td align=\"justify\"><font face=\"arial, helvetica, sans-serif\">Mar\u00e7 2011<\/font><\/td>\n<\/tr>\n<tr>\n<td align=\"justify\"><font face=\"arial, helvetica, sans-serif\">N\u00faria Lacasa<\/font><\/td>\n<td align=\"justify\"><font face=\"arial, helvetica, sans-serif\">Hist\u00f2ria i present de l&#8217;escola Moss\u00e8n Cinto. Una mirada educativa confluent com a salvaguarda de noves oportunitats.&nbsp;<\/font><\/td>\n<td align=\"left\"><font face=\"arial, helvetica, sans-serif\">Aula Maria R\u00fabies. F\u00f2rum Educaci\u00f3 i Cultura<\/font><\/td>\n<td align=\"justify\"><font face=\"arial, helvetica, sans-serif\">Desembre 2010<\/font><\/td>\n<\/tr>\n<tr>\n<td align=\"justify\"><font face=\"arial, helvetica, sans-serif\">Elisabet Cabrol<\/font><\/td>\n<td align=\"justify\"><font face=\"arial, helvetica, sans-serif\">Un donar i rebre multicultural<\/font><\/td>\n<td align=\"left\"><font face=\"arial, helvetica, sans-serif\"><br \/><a href=\"http:\/\/www.omnium.cat\/ca\/article\/un-donar-i-rebre-multicultural-3990.html\" target=\"_blank\">Escola Catalana 466<\/a><\/font><\/td>\n<td align=\"justify\"><font face=\"arial, helvetica, sans-serif\">Octubre 2010<\/font><\/td>\n<\/tr>\n<tr>\n<td align=\"justify\"><font face=\"arial, helvetica, sans-serif\">N\u00faria Lacasa<\/font><\/td>\n<td align=\"justify\"><font face=\"arial, helvetica, sans-serif\">Des del m\u00e9s \u00edntim record. Esperanza: estupenda ciutadana, immillorable mare<\/font><\/td>\n<td align=\"left\"><font face=\"arial, helvetica, sans-serif\"><br \/><a href=\"http:\/\/www.zonasec.entitatsbcn.net\/files\/3-8706-annex\/zonasec_84.pdf\">Zona Sec 84<\/a><\/font><\/td>\n<td align=\"justify\"><font face=\"arial, helvetica, sans-serif\">Setembre 2010<\/font><\/td>\n<\/tr>\n<tr>\n<td align=\"justify\"><font face=\"arial, helvetica, sans-serif\">Jordi Go\u00f1i<\/font><\/td>\n<td align=\"justify\"><font face=\"arial, helvetica, sans-serif\">Activitat engrescadora al Poble-sec!<\/font><\/td>\n<td align=\"left\"><font face=\"arial, helvetica, sans-serif\"><br \/><a href=\"http:\/\/www.zonasec.entitatsbcn.net\/files\/3-8064-annex\/zonasec_82.pdf\">Zona Sec 82<\/a><\/font><\/td>\n<td align=\"justify\"><font face=\"arial, helvetica, sans-serif\">Juny 2010<\/font><\/td>\n<\/tr>\n<tr>\n<td align=\"justify\"><font face=\"arial, helvetica, sans-serif\">N\u00faria Lacasa<\/font><\/td>\n<td align=\"justify\"><font face=\"arial, helvetica, sans-serif\">Ensurts, tot esperant l&#8217;ampliaci\u00f3 de l&#8217;escola Moss\u00e8n Cinto Verdaguer<\/font><\/td>\n<td align=\"justify\"><font face=\"arial, helvetica, sans-serif\"><br \/><font><a href=\"http:\/\/www.zonasec.entitatsbcn.net\/serveis_1\/_5G1ICS7tAW4flSN-rgZKqDZRcTphDtc7KNkpiFm4WUvXhaOGjtI-xw\">ZonaSec 77<\/a><\/font><\/font><\/td>\n<td align=\"justify\"><font face=\"arial, helvetica, sans-serif\">Gener 2010<\/font><\/td>\n<\/tr>\n<tr>\n<td align=\"justify\"><font face=\"arial, helvetica, sans-serif\"><br \/><\/font><\/td>\n<td align=\"justify\"><font face=\"arial, helvetica, sans-serif\"><br \/><\/font><\/td>\n<td align=\"justify\"><font face=\"arial, helvetica, sans-serif\"><br \/><\/font><\/td>\n<td align=\"justify\"><font face=\"arial, helvetica, sans-serif\"><br \/><\/font><\/td>\n<\/tr>\n<tr>\n<td align=\"justify\"><font face=\"arial, helvetica, sans-serif\"><br \/><\/font><\/td>\n<td align=\"justify\"><font face=\"arial, helvetica, sans-serif\"><br \/><\/font><\/td>\n<td align=\"justify\"><font face=\"arial, helvetica, sans-serif\"><br \/><\/font><\/td>\n<td align=\"justify\"><font face=\"arial, helvetica, sans-serif\"><br \/><\/font><\/td>\n<\/tr>\n<tr>\n<td align=\"justify\"> <font face=\"arial, helvetica, sans-serif\"><br \/><\/font><\/td>\n<td align=\"justify\"> <font face=\"arial, helvetica, sans-serif\"><br \/><\/font><\/td>\n<td align=\"justify\"> <font face=\"arial, helvetica, sans-serif\"><br \/><\/font><\/td>\n<td align=\"justify\"> <font face=\"arial, helvetica, sans-serif\"><br \/><\/font><\/td>\n<\/tr>\n<\/tbody>\n<\/table>\n<\/p>\n<p align=\"left\"> <\/p>\n<\/p><\/div>\n<div align=\"center\"> <\/div>\n<p> <!--pagebreak--> <\/p>\n<div align=\"center\">\n<p><strong><font size=\"4\"><font face=\"arial,helvetica,sans-serif\">Publicacions de l\u2019escola i professorat<\/font><\/font><\/strong> <\/p>\n<p><font size=\"4\" face=\"arial,helvetica,sans-serif\"><strong>anteriors a 2010<\/strong><\/font>  <\/p>\n<\/p>\n<p align=\"left\">\n<table cellspacing=\"1\" cellpadding=\"1\" border=\"1\" style=\"width: 100%; \">\n<tbody>\n<tr>\n<td align=\"center\" style=\"background-color: #b4ceff; \"><strong><font face=\"arial, helvetica, sans-serif\">&nbsp;Autoria<\/font><\/strong><\/td>\n<td align=\"center\" style=\"background-color: #b4ceff; \"><strong><font face=\"arial, helvetica, sans-serif\">&nbsp;T\u00edtol<\/font><\/strong><\/td>\n<td align=\"center\" style=\"background-color: #b4ceff; \"><strong><font face=\"arial, helvetica, sans-serif\">&nbsp;Exemplar<\/font><\/strong><\/td>\n<td align=\"center\" style=\"background-color: #b4ceff; \"><strong><font face=\"arial, helvetica, sans-serif\">Data<\/font><\/strong><\/td>\n<\/tr>\n<tr>\n<td align=\"justify\"><font face=\"arial, helvetica, sans-serif\">M. Pau Navarro<\/font><\/td>\n<td align=\"justify\"><font face=\"arial, helvetica, sans-serif\">Taller d\u2019inform\u00e0tica per a pares i mares<\/font><\/td>\n<td align=\"justify\"><a href=\"http:\/\/www.zonasec.entitatsbcn.net\/serveis_1\/_5G1ICS7tAW4flSN-rgZKqA4PMKyBX78eh3oRCd_mezTl_shCW474ag\"><font face=\"arial, helvetica, sans-serif\">ZonaSec 71<\/font><\/a><\/td>\n<td align=\"justify\"> <font face=\"arial, helvetica, sans-serif\">Juny 2009<\/font><\/td>\n<\/tr>\n<tr>\n<td align=\"justify\"><font face=\"arial, helvetica, sans-serif\">Anna Alcaide, M\u00edriam Massoni<\/font><\/td>\n<td align=\"justify\"><font face=\"arial, helvetica, sans-serif\">La veu dels infants<\/font><\/td>\n<td align=\"justify\"><a href=\"http:\/\/www.zonasec.entitatsbcn.net\/serveis_1\/_5G1ICS7tAW4flSN-rgZKqD2ZEfyO3B41fKsqJCgQ--8qFMPj6NOl9A\"><font face=\"arial, helvetica, sans-serif\">ZonaSec 68<\/font><\/a><\/td>\n<td align=\"justify\"><font face=\"arial, helvetica, sans-serif\">Febrer 2009<\/font><\/td>\n<\/tr>\n<tr>\n<td align=\"justify\"><font face=\"arial, helvetica, sans-serif\">N\u00faria Lacasa<\/font><\/td>\n<td align=\"justify\"><font face=\"arial, helvetica, sans-serif\">Conversar utilitzant sensors<\/font><\/td>\n<td align=\"justify\"><a href=\"http:\/\/www.rosasensat.org\/perspectiva\/n24\/\"><font face=\"arial, helvetica, sans-serif\">Perspectiva Escolar 331<\/font><\/a><\/td>\n<td align=\"justify\"><font face=\"arial, helvetica, sans-serif\">Gener 2009<\/font><\/td>\n<\/tr>\n<tr>\n<td align=\"justify\"><font face=\"arial, helvetica, sans-serif\">N\u00faria Lacasa<\/font><\/td>\n<td align=\"justify\"><a href=\"http:\/\/www.xtec.net\/cdec\/intercanvi\/organs\/organs.htm\"><font face=\"arial, helvetica, sans-serif\">Els \u00f2rgans del nostre cos<\/font><\/a><\/td>\n<td align=\"justify\"><font face=\"arial, helvetica, sans-serif\">Centre de documentaci\u00f3 i experimentaci\u00f3 en ci\u00e8ncies<\/font><\/td>\n<td align=\"justify\"><font face=\"arial, helvetica, sans-serif\"><br \/><\/font><\/td>\n<\/tr>\n<tr>\n<td align=\"justify\"><font face=\"arial, helvetica, sans-serif\">M. Pau Navarro<\/font><\/td>\n<td align=\"justify\"><font face=\"arial, helvetica, sans-serif\">Els blocs:una eina per a fomentar la participaci\u00f3<\/font><\/td>\n<td align=\"justify\"><a href=\"http:\/\/www.zonasec.entitatsbcn.net\/serveis_1\/_5G1ICS7tAW4flSN-rgZKqDRiF9sSdRGE9axgmAXgG9dj_jYjgBf4gQ\" style=\"color: #ff0000; \"><font face=\"arial, helvetica, sans-serif\">ZonaSec 65<\/font><\/a><\/td>\n<td align=\"justify\"><font face=\"arial, helvetica, sans-serif\"> Juliol 2008<\/font><\/td>\n<\/tr>\n<tr>\n<td align=\"justify\"><font face=\"arial, helvetica, sans-serif\">Lourdes S\u00e1nchez, Arnau Rav\u00e9s<\/font><\/td>\n<td align=\"justify\"><font face=\"arial, helvetica, sans-serif\">Impulsem la sostenibilitat amb l\u2019Agenda&nbsp; 21 escolar<\/font><\/td>\n<td align=\"justify\"><a href=\"http:\/\/www.zonasec.entitatsbcn.net\/?go=e6598a7e63ddfde88aec208cc5e56acfc743624d925857a907527c90728c58ad91fcae3e43c85368e512fd62b27fe3204a8d8f7670a19aa667d6fc4d2adbb4bdbc6b27761beadb47ce583742546ab3a81326d06774f2b1a64534954b95fe7372b86b683c7789b83076d618dfaa2ec6c3\"><font face=\"arial, helvetica, sans-serif\">ZonaSec 60<\/font><\/a><\/td>\n<td align=\"justify\"><font face=\"arial, helvetica, sans-serif\">Octubre 2007<\/font><\/td>\n<\/tr>\n<tr>\n<td align=\"justify\"><font face=\"arial, helvetica, sans-serif\">N\u00faria Lacasa, Herm\u00ednia Civit,Rosalia Ruiz<\/font><\/td>\n<td align=\"justify\"><font face=\"arial, helvetica, sans-serif\">Els Castellers del Poble Sec a l\u2019escola Moss\u00e8n Cinto Verdaguer<\/font><\/td>\n<td align=\"justify\"><a href=\"http:\/\/www.zonasec.entitatsbcn.net\/serveis_1\/_5G1ICS7tAW4flSN-rgZKqLy3rct62u2QLnaKVdDXdaL8jkLbXxyPRg\"><font face=\"arial, helvetica, sans-serif\">ZonaSec 58<\/font><\/a><\/td>\n<td align=\"justify\"><font face=\"arial, helvetica, sans-serif\">Maig 2007<\/font><\/td>\n<\/tr>\n<tr>\n<td align=\"justify\"><font face=\"arial, helvetica, sans-serif\"><br \/><\/font><\/td>\n<td align=\"justify\"><font face=\"arial, helvetica, sans-serif\"><br \/><\/font><\/td>\n<td align=\"justify\"><font face=\"arial, helvetica, sans-serif\"><br \/><\/font><\/td>\n<td align=\"justify\"><font face=\"arial, helvetica, sans-serif\"><br \/><\/font><\/td>\n<\/tr>\n<tr>\n<td align=\"justify\"><font face=\"arial, helvetica, sans-serif\"> <br \/><\/font><\/td>\n<td align=\"justify\"><font face=\"arial, helvetica, sans-serif\"> <span style=\"color: #000000; \"> <\/span><br \/><\/font><\/td>\n<td align=\"justify\"><font face=\"arial, helvetica, sans-serif\"> <br \/><\/font><\/td>\n<td align=\"justify\"> <font face=\"arial, helvetica, sans-serif\"> <br \/><\/font><\/td>\n<\/tr>\n<\/tbody>\n<\/table>\n<\/p>\n<p align=\"left\"> <\/p>\n<\/p><\/div>\n<div align=\"center\"><\/div>\n<p><\/p>\n","protected":false},"excerpt":{"rendered":"<p>Publicacions de l\u2019escola i professorat &nbsp;Autoria &nbsp;T\u00edtol &nbsp;Exemplar Data Alumnes 6\u00e8 A i &nbsp;B L&#8217;escola Moss\u00e8n Cinto explica com \u00e9s el barri del Poble Sec a nens i nenes de Barcelona Zona Sec 90 Mar\u00e7 2011 N\u00faria Lacasa Hist\u00f2ria i present de l&#8217;escola Moss\u00e8n Cinto. Una mirada educativa confluent com a salvaguarda de noves oportunitats.&nbsp; [&hellip;]<\/p>\n","protected":false},"author":1,"featured_media":0,"parent":1673,"menu_order":0,"comment_status":"open","ping_status":"open","template":"page-templates\/side-menu.php","meta":{"_bbp_topic_count":0,"_bbp_reply_count":0,"_bbp_total_topic_count":0,"_bbp_total_reply_count":0,"_bbp_voice_count":0,"_bbp_anonymous_reply_count":0,"_bbp_topic_count_hidden":0,"_bbp_reply_count_hidden":0,"_bbp_forum_subforum_count":0,"site-sidebar-layout":"default","site-content-layout":"","ast-site-content-layout":"","site-content-style":"default","site-sidebar-style":"default","ast-global-header-display":"","ast-banner-title-visibility":"","ast-main-header-display":"","ast-hfb-above-header-display":"","ast-hfb-below-header-display":"","ast-hfb-mobile-header-display":"","site-post-title":"","ast-breadcrumbs-content":"","ast-featured-img":"","footer-sml-layout":"","theme-transparent-header-meta":"","adv-header-id-meta":"","stick-header-meta":"","header-above-stick-meta":"","header-main-stick-meta":"","header-below-stick-meta":"","astra-migrate-meta-layouts":"default","ast-page-background-enabled":"default","ast-page-background-meta":{"desktop":{"background-color":"var(--ast-global-color-4)","background-image":"","background-repeat":"repeat","background-position":"center center","background-size":"auto","background-attachment":"scroll","background-type":"","background-media":"","overlay-type":"","overlay-color":"","overlay-opacity":"","overlay-gradient":""},"tablet":{"background-color":"","background-image":"","background-repeat":"repeat","background-position":"center center","background-size":"auto","background-attachment":"scroll","background-type":"","background-media":"","overlay-type":"","overlay-color":"","overlay-opacity":"","overlay-gradient":""},"mobile":{"background-color":"","background-image":"","background-repeat":"repeat","background-position":"center center","background-size":"auto","background-attachment":"scroll","background-type":"","background-media":"","overlay-type":"","overlay-color":"","overlay-opacity":"","overlay-gradient":""}},"ast-content-background-meta":{"desktop":{"background-color":"var(--ast-global-color-5)","background-image":"","background-repeat":"repeat","background-position":"center center","background-size":"auto","background-attachment":"scroll","background-type":"","background-media":"","overlay-type":"","overlay-color":"","overlay-opacity":"","overlay-gradient":""},"tablet":{"background-color":"var(--ast-global-color-5)","background-image":"","background-repeat":"repeat","background-position":"center center","background-size":"auto","background-attachment":"scroll","background-type":"","background-media":"","overlay-type":"","overlay-color":"","overlay-opacity":"","overlay-gradient":""},"mobile":{"background-color":"var(--ast-global-color-5)","background-image":"","background-repeat":"repeat","background-position":"center center","background-size":"auto","background-attachment":"scroll","background-type":"","background-media":"","overlay-type":"","overlay-color":"","overlay-opacity":"","overlay-gradient":""}},"footnotes":""},"class_list":["post-1696","page","type-page","status-publish","hentry"],"post_mailing_queue_ids":[],"_links":{"self":[{"href":"https:\/\/agora.xtec.cat\/ceip-mcinto-verdaguer\/wp-json\/wp\/v2\/pages\/1696","targetHints":{"allow":["GET"]}}],"collection":[{"href":"https:\/\/agora.xtec.cat\/ceip-mcinto-verdaguer\/wp-json\/wp\/v2\/pages"}],"about":[{"href":"https:\/\/agora.xtec.cat\/ceip-mcinto-verdaguer\/wp-json\/wp\/v2\/types\/page"}],"author":[{"embeddable":true,"href":"https:\/\/agora.xtec.cat\/ceip-mcinto-verdaguer\/wp-json\/wp\/v2\/users\/1"}],"replies":[{"embeddable":true,"href":"https:\/\/agora.xtec.cat\/ceip-mcinto-verdaguer\/wp-json\/wp\/v2\/comments?post=1696"}],"version-history":[{"count":0,"href":"https:\/\/agora.xtec.cat\/ceip-mcinto-verdaguer\/wp-json\/wp\/v2\/pages\/1696\/revisions"}],"up":[{"embeddable":true,"href":"https:\/\/agora.xtec.cat\/ceip-mcinto-verdaguer\/wp-json\/wp\/v2\/pages\/1673"}],"wp:attachment":[{"href":"https:\/\/agora.xtec.cat\/ceip-mcinto-verdaguer\/wp-json\/wp\/v2\/media?parent=1696"}],"curies":[{"name":"wp","href":"https:\/\/api.w.org\/{rel}","templated":true}]}}