{"id":1688,"date":"2016-04-27T08:22:33","date_gmt":"2016-04-27T07:22:33","guid":{"rendered":"http:\/\/agora.xtec.cat\/ceip-mcinto-verdaguer\/intraweb\/consell-escolar\/"},"modified":"2016-04-27T08:22:33","modified_gmt":"2016-04-27T07:22:33","slug":"consell-escolar","status":"publish","type":"page","link":"https:\/\/agora.xtec.cat\/ceip-mcinto-verdaguer\/intraweb\/consell-escolar\/","title":{"rendered":"Consell Escolar"},"content":{"rendered":"<p align=\"center\"> <strong><font size=\"4\"><font face=\"arial,helvetica,sans-serif\">CONSELL ESCOLAR<\/font><\/font><\/strong> <\/p>\n<p align=\"center\"><font size=\"4\"><font face=\"arial,helvetica,sans-serif\">CURS <\/font><\/font><font size=\"4\"><font face=\"arial,helvetica,sans-serif\">2014-2015<\/font><\/font><strong><font size=\"4\"><font face=\"arial,helvetica,sans-serif\"> <br \/><\/font><\/font><\/strong> <\/p>\n<\/p>\n<p><strong><font size=\"3\"><font face=\"georgia,times new roman,times,serif\">Equip directiu:<\/font><\/font><\/strong> <\/p>\n<ul>\n<li><font size=\"3\" face=\"georgia,times new roman,times,serif\">N\u00faria Lacasa<\/font><\/li>\n<li><font size=\"3\"><font face=\"georgia,times new roman,times,serif\">Bego\u00f1a Sanabria<\/font><\/font><\/li>\n<li><font size=\"3\"><font face=\"georgia,times new roman,times,serif\">M. Pau Navarro<br \/><\/font><\/font><\/li>\n<\/ul>\n<p><strong><font size=\"3\" face=\"georgia,times new roman,times,serif\">Sector mestres: <\/font><\/strong> <\/p>\n<ul>\n<li><font size=\"3\" face=\"georgia,times new roman,times,serif\">Carla L\u00f3pez<br \/><\/font><\/li>\n<li><font size=\"3\" face=\"georgia,times new roman,times,serif\">Pep Moneo<br \/><\/font><\/li>\n<li><font size=\"3\" face=\"georgia,times new roman,times,serif\">Rosa Teixid\u00f3<\/font><\/li>\n<li><font size=\"3\" face=\"georgia,times new roman,times,serif\">Llu\u00eds Naval<br \/><\/font><\/li>\n<li><font size=\"3\" face=\"georgia,times new roman,times,serif\">Marisa \u00c1lvarez<br \/><\/font><\/li>\n<li><font size=\"3\" face=\"georgia,times new roman,times,serif\">Marta Plana<br \/><\/font><\/li>\n<\/ul>\n<p><strong><font size=\"3\" face=\"georgia,times new roman,times,serif\">Sector pares:<\/font><\/strong> <\/p>\n<ul>\n<li><font size=\"3\" face=\"georgia,times new roman,times,serif\">Xavier Serrat<\/font><\/li>\n<li><font size=\"3\" face=\"georgia,times new roman,times,serif\">Nadia Deraoui<br \/><\/font><\/li>\n<li><font size=\"3\" face=\"georgia,times new roman,times,serif\">Jos\u00e9 Manuel Garc\u00e9s<br \/><\/font><\/li>\n<p><font size=\"3\" face=\"georgia,times new roman,times,serif\"> <\/p>\n<li><font size=\"3\" face=\"georgia,times new roman,times,serif\">\u00c1ngela Esteller<br \/><\/font><\/li>\n<li><font size=\"3\" face=\"georgia,times new roman,times,serif\">Mireia Due\u00f1as<\/font><\/li>\n<p> <\/font>\n  <\/ul>\n<p><font size=\"3\" face=\"georgia,times new roman,times,serif\"> <\/p>\n<ul><\/ul>\n<p><font size=\"3\"><font face=\"georgia,times new roman,times,serif\"><strong>Representant de l\u2019Ajuntament:<\/strong> Elvira Aguirre<\/font><\/font><\/p>\n<p> <font size=\"3\" face=\"georgia,times new roman,times,serif\"><strong>Representant de l\u2019AMPA:<\/strong> Cristina Castellano<\/font> <\/p>\n<p><font size=\"3\"><font face=\"georgia,times new roman,times,serif\"><strong>Personal d\u2019administraci\u00f3 i serveis:<\/strong> Paula \u00c1lvarez de Luna<\/font><\/font> <\/p>\n<p> <\/font><\/p>\n","protected":false},"excerpt":{"rendered":"<p>CONSELL ESCOLAR CURS 2014-2015 Equip directiu: N\u00faria Lacasa Bego\u00f1a Sanabria M. Pau Navarro Sector mestres: Carla L\u00f3pez Pep Moneo Rosa Teixid\u00f3 Llu\u00eds Naval Marisa \u00c1lvarez Marta Plana Sector pares: Xavier Serrat Nadia Deraoui Jos\u00e9 Manuel Garc\u00e9s \u00c1ngela Esteller Mireia Due\u00f1as Representant de l\u2019Ajuntament: Elvira Aguirre Representant de l\u2019AMPA: Cristina Castellano Personal d\u2019administraci\u00f3 i serveis: Paula [&hellip;]<\/p>\n","protected":false},"author":3,"featured_media":0,"parent":1673,"menu_order":0,"comment_status":"open","ping_status":"open","template":"page-templates\/side-menu.php","meta":{"_bbp_topic_count":0,"_bbp_reply_count":0,"_bbp_total_topic_count":0,"_bbp_total_reply_count":0,"_bbp_voice_count":0,"_bbp_anonymous_reply_count":0,"_bbp_topic_count_hidden":0,"_bbp_reply_count_hidden":0,"_bbp_forum_subforum_count":0,"site-sidebar-layout":"default","site-content-layout":"","ast-site-content-layout":"","site-content-style":"default","site-sidebar-style":"default","ast-global-header-display":"","ast-banner-title-visibility":"","ast-main-header-display":"","ast-hfb-above-header-display":"","ast-hfb-below-header-display":"","ast-hfb-mobile-header-display":"","site-post-title":"","ast-breadcrumbs-content":"","ast-featured-img":"","footer-sml-layout":"","theme-transparent-header-meta":"","adv-header-id-meta":"","stick-header-meta":"","header-above-stick-meta":"","header-main-stick-meta":"","header-below-stick-meta":"","astra-migrate-meta-layouts":"default","ast-page-background-enabled":"default","ast-page-background-meta":{"desktop":{"background-color":"var(--ast-global-color-4)","background-image":"","background-repeat":"repeat","background-position":"center center","background-size":"auto","background-attachment":"scroll","background-type":"","background-media":"","overlay-type":"","overlay-color":"","overlay-opacity":"","overlay-gradient":""},"tablet":{"background-color":"","background-image":"","background-repeat":"repeat","background-position":"center center","background-size":"auto","background-attachment":"scroll","background-type":"","background-media":"","overlay-type":"","overlay-color":"","overlay-opacity":"","overlay-gradient":""},"mobile":{"background-color":"","background-image":"","background-repeat":"repeat","background-position":"center center","background-size":"auto","background-attachment":"scroll","background-type":"","background-media":"","overlay-type":"","overlay-color":"","overlay-opacity":"","overlay-gradient":""}},"ast-content-background-meta":{"desktop":{"background-color":"var(--ast-global-color-5)","background-image":"","background-repeat":"repeat","background-position":"center center","background-size":"auto","background-attachment":"scroll","background-type":"","background-media":"","overlay-type":"","overlay-color":"","overlay-opacity":"","overlay-gradient":""},"tablet":{"background-color":"var(--ast-global-color-5)","background-image":"","background-repeat":"repeat","background-position":"center center","background-size":"auto","background-attachment":"scroll","background-type":"","background-media":"","overlay-type":"","overlay-color":"","overlay-opacity":"","overlay-gradient":""},"mobile":{"background-color":"var(--ast-global-color-5)","background-image":"","background-repeat":"repeat","background-position":"center center","background-size":"auto","background-attachment":"scroll","background-type":"","background-media":"","overlay-type":"","overlay-color":"","overlay-opacity":"","overlay-gradient":""}},"footnotes":""},"class_list":["post-1688","page","type-page","status-publish","hentry"],"post_mailing_queue_ids":[],"_links":{"self":[{"href":"https:\/\/agora.xtec.cat\/ceip-mcinto-verdaguer\/wp-json\/wp\/v2\/pages\/1688","targetHints":{"allow":["GET"]}}],"collection":[{"href":"https:\/\/agora.xtec.cat\/ceip-mcinto-verdaguer\/wp-json\/wp\/v2\/pages"}],"about":[{"href":"https:\/\/agora.xtec.cat\/ceip-mcinto-verdaguer\/wp-json\/wp\/v2\/types\/page"}],"author":[{"embeddable":true,"href":"https:\/\/agora.xtec.cat\/ceip-mcinto-verdaguer\/wp-json\/wp\/v2\/users\/3"}],"replies":[{"embeddable":true,"href":"https:\/\/agora.xtec.cat\/ceip-mcinto-verdaguer\/wp-json\/wp\/v2\/comments?post=1688"}],"version-history":[{"count":0,"href":"https:\/\/agora.xtec.cat\/ceip-mcinto-verdaguer\/wp-json\/wp\/v2\/pages\/1688\/revisions"}],"up":[{"embeddable":true,"href":"https:\/\/agora.xtec.cat\/ceip-mcinto-verdaguer\/wp-json\/wp\/v2\/pages\/1673"}],"wp:attachment":[{"href":"https:\/\/agora.xtec.cat\/ceip-mcinto-verdaguer\/wp-json\/wp\/v2\/media?parent=1688"}],"curies":[{"name":"wp","href":"https:\/\/api.w.org\/{rel}","templated":true}]}}