{"id":1684,"date":"2016-04-27T08:22:16","date_gmt":"2016-04-27T07:22:16","guid":{"rendered":"http:\/\/agora.xtec.cat\/ceip-mcinto-verdaguer\/intraweb\/una-mica-dhistoria\/"},"modified":"2016-04-27T08:22:16","modified_gmt":"2016-04-27T07:22:16","slug":"una-mica-dhistoria","status":"publish","type":"page","link":"https:\/\/agora.xtec.cat\/ceip-mcinto-verdaguer\/intraweb\/una-mica-dhistoria\/","title":{"rendered":"Una mica d&#8217;hist\u00f2ria"},"content":{"rendered":"<p align=\"center\"><strong><font size=\"4\"><font face=\"arial,helvetica,sans-serif\">UNA MICA D\u2019HIST\u00d2RIA<\/font><\/font><\/strong>\n<\/p>\n<p>&nbsp;\n<\/p>\n<p align=\"left\"><strong><font size=\"3\"><font face=\"arial,helvetica,sans-serif\">Origen de l\u2019edifici<\/font><\/font><\/strong><br \/>\n  \n<\/p>\n<p align=\"justify\"><font size=\"3\"><font face=\"arial,helvetica,sans-serif\">El febrer de l\u2019any 1919, al peu de la muntanya de Montju\u00efc es comen\u00e7\u00e0 la construcci\u00f3 de l\u2019edifici que havia d\u2019acollir les oficines de tots els serveis de l\u2019Exposici\u00f3 Universal d\u2019Ind\u00fastries El\u00e8ctriques i General Espanyola que es va celebrar l\u2019any 1929. Aquest edifici -anomenat <em>Pabell\u00f3n Regio del Parque- <\/em>va ser projectat per<img decoding=\"async\" style=\"width: 243px; height: 181px;\" src=\"file.php?file=public\/historia\/decoracio.png\" align=\"right\" hspace=\"10\" vspace=\"10\" \/>l\u2019arquitecte Joan Bruguera i seguint les instruccions rebudes de l\u2019Ajuntament de Barcelona, va ser aixecat en la cru\u00eflla dels carrers de Lleida i Fra Juncosa (avui avinguda Rius i Taulet).<\/font><\/font>\n<\/p>\n<div align=\"justify\">\n<\/div>\n<p align=\"justify\"><font size=\"3\" face=\"arial,helvetica,sans-serif\">En <\/font><font size=\"3\"><font face=\"arial,helvetica,sans-serif\">Josep Goday, arquitecte en cap de l\u2019Ajuntament de Barcelona<\/font><\/font>,<font size=\"3\" face=\"arial,helvetica,sans-serif\"> el v<\/font><font size=\"3\"><font face=\"arial,helvetica,sans-serif\">a dur a la pr\u00e0ctica buscant la bellesa i l\u2019harmonia de l\u2019edifici en el barroquisme exterior i en la majestuositat d\u2019algunes depend\u00e8ncies interiors, enriquides <\/font><\/font><font size=\"3\" face=\"arial,helvetica,sans-serif\">amb domassos <\/font><font size=\"3\" face=\"arial,helvetica,sans-serif\">i motllures. Encara avui podem veure les fa\u00e7anes guarnides amb dibuixos de columnes, plantes i flors, treballades amb la t\u00e8cnica de l\u2019esgrafiat i atribu\u00efdes a l\u2019artista Francesc Canyelles que li confereixen la sumptuositat que requeria per a l\u2019esdeveniment de l\u2019Exposici\u00f3 Universal.<\/font>\n<\/p>\n<div align=\"justify\">\n<\/div>\n<p align=\"justify\"><font size=\"3\" face=\"arial,helvetica,sans-serif\">&nbsp;El 31 d\u2019octubre de 1919 en Goday va lliurar a la ciutat un edifici de dues plantes, constru\u00eft amb pedres de Montju\u00efc, en el que un vest\u00edbul de gran amplitud i il\u00b7luminaci\u00f3 zenital, abasta l\u2019al\u00e7ada total de l\u2019edifici rematat amb quatre torres cantoneres que li proporcionen esveltesa. La modernitat de l\u2019edifici tamb\u00e9 es feia palesa en la disposici\u00f3 acurada de les depend\u00e8ncies, les escales i els serveis sanitaris, de manera que totes les instal\u00b7lacions tenien llum i ventilaci\u00f3 directa.<\/font>\n<\/p>\n<div align=\"justify\">\n<\/div>\n<p align=\"justify\">&nbsp;\n<\/p>\n<div align=\"justify\">\n<\/div>\n<p align=\"justify\"><font size=\"3\"><font face=\"arial,helvetica,sans-serif\"><img loading=\"lazy\" decoding=\"async\" <img loading=\"lazy\" decoding=\"async\" src=\"http:\/\/agora.xtec.cat\/ceip-mcinto-verdaguer\/wp-content\/uploads\/usu657\/2016\/04\/escala1.png\" align=\"left\" height=\"277\" hspace=\"10\" vspace=\"10\" width=\"208\" \/><\/font><\/font><strong><font size=\"3\"><font face=\"arial,helvetica,sans-serif\">De <em>Pabell\u00f3n Regio <\/em>a escola Moss\u00e8n Jacint Verdaguer (1931)<\/font><\/font><\/strong>\n<\/p>\n<div align=\"justify\">\n<\/div>\n<p align=\"justify\"><font size=\"3\"><font face=\"arial,helvetica,sans-serif\">L\u2019organitzaci\u00f3 de l\u2019Exposici\u00f3 Internacional de Barcelona comport\u00e0 l\u2019arribada de moltes fam\u00edlies immigrants que s\u2019establiren en les barraques de Montju\u00efc i e<\/font><\/font><font size=\"3\"><font face=\"arial,helvetica,sans-serif\">n el barri del Poble Sec. Donada la manca de places escolars, les fam\u00edlies recolliren signatures per demanar que el <em>Pabell\u00f3n Regio <\/em>-ocupat fins aleshores per les oficines de l\u2019Exposici\u00f3- fos destinat a grup escolar. En resposta formulada pel Sr. Llu\u00eds Massot, Tinent d\u2019Alcalde, la Comissi\u00f3 de Cultura de l\u2019Ajuntament de Barcelona, destin\u00e0 l\u2019edifici a un nou grup escolar, mostrant aix\u00ed una veritable pre<\/font><\/font><font size=\"3\"><font face=\"arial,helvetica,sans-serif\">ocupaci\u00f3 per la manca d\u2019escoles en les barriades d\u2019habitatges de gent obrera. Va ser la mateixa Comissi\u00f3 de Cultura qui va demanar que el nou grup escolar port\u00e9s el nom de Moss\u00e8n Jacint Verdaguer, at\u00e8s que a m\u00e9s de ser un excels poeta, havia cantat les belleses de Montju\u00efc i la grandesa de Barcelona.<\/font><\/font>\n<\/p>\n<div align=\"justify\">\n<\/div>\n<p align=\"justify\"><font size=\"3\"><font face=\"arial,helvetica,sans-serif\">El dia 29 de mar\u00e7 de 1931, a les onze del mat\u00ed, diumenge de Rams, s\u2019inagur\u00e0 oficialment l\u2019escola Moss\u00e8n Jacint Verdaguer i onze grups escolars m\u00e9s. Tamb\u00e9 va ser inagurada, com a annex al Verdaguer, l\u2019escola maternal Forestier, instal\u00b7lada al pavell\u00f3 de l\u2019Exposici\u00f3 destinat a la <em>Compa\u00f1\u00eda General de Tabacos de Filipinas.<\/em><\/font><\/font>\n<\/p>\n<div align=\"justify\">\n<\/div>\n<p align=\"justify\">&nbsp;\n<\/p>\n<div align=\"justify\">\n<\/div>\n<p align=\"justify\"><font size=\"3\"><font face=\"arial,helvetica,sans-serif\"><strong>Els primers anys de l\u2019escola (1931-1936)<\/strong><\/font><\/font><font size=\"3\"><font face=\"arial,helvetica,sans-serif\"><img loading=\"lazy\" decoding=\"async\" <img loading=\"lazy\" decoding=\"async\" src=\"http:\/\/agora.xtec.cat\/ceip-mcinto-verdaguer\/wp-content\/uploads\/usu657\/2016\/04\/vaixell.jpg\" align=\"right\" height=\"243\" hspace=\"10\" vspace=\"10\" width=\"243\" \/><\/font><\/font>\n<\/p>\n<div align=\"justify\">\n<\/div>\n<p align=\"justify\"><font size=\"3\"><font face=\"arial,helvetica,sans-serif\">Durant el primer estiu es va haver d\u2019acondicionar l\u2019edifici perqu\u00e8 disposava de pocs serveis sanitaris per als 800<\/font><\/font><font size=\"3\"><font face=\"arial,helvetica,sans-serif\"> nens i ne<\/font><\/font><font size=\"3\"><font face=\"arial,helvetica,sans-serif\">nes; a m\u00e9s, calia fer-hi obres de fusteria, pintura i electricitat. \u00e9s en un dels documents d\u2019aquestes obres on apareix per primera vegada el logotip del grup escolar, la caravel\u00b7la del poema \u00e8pic L\u2019Atl\u00e0ntida, l\u2019obra m\u00e9s coneguda d\u2019en Verdaguer. Malgrat les millores, l\u2019edifici no disposava de pati i, per aquest motiu, els nens i les nenes sortien a jugar al carrer i sovint anaven fins a l\u2019esplanada de la Font M\u00e0gica o b\u00e9 a un pati situat en terrenys de l\u2019Exposici\u00f3.<\/font><\/font>\n<\/p>\n<div align=\"justify\">\n<\/div>\n<p align=\"justify\">&nbsp;\n<\/p>\n<div align=\"justify\">\n<\/div>\n<p align=\"justify\"><font size=\"3\"><font face=\"arial,helvetica,sans-serif\"><strong>Temps de guerra (1936-1939)<\/strong><\/font><\/font>\n<\/p>\n<div align=\"justify\">\n<\/div>\n<p align=\"justify\"><font size=\"3\"><font face=\"arial,helvetica,sans-serif\">Malgrat la incertesa dels esdeveniments, el 19 de juliol de 1936, primer dia de guerra a Catalunya, es van dur a terme les col\u00f2nies d\u2019estiu previstes, tot i que hi va haver alguns infants que no van aconseguir l\u2019autoritzaci\u00f3 dels seus pares per participar-hi.<\/font><\/font>\n<\/p>\n<div align=\"justify\">\n<\/div>\n<p align=\"justify\"><font size=\"3\"><font face=\"arial,helvetica,sans-serif\">L\u2019esclat del conflicte no va interrompre la vida escolar, per\u00f2 el grau d\u2019absentisme era molt elevat per la por als bombardeigs.<\/font><\/font>\n<\/p>\n<div align=\"justify\">\n<\/div>\n<p align=\"justify\"><font size=\"3\"><font face=\"arial,helvetica,sans-serif\">La situaci\u00f3 de guerra va ser determinant i la causa de moltes accions. aix\u00ed, Llu\u00eds Companys, president de la Generalitat, orden\u00e0, al gener de 1938, la construcci\u00f3 de refugis en tots els edificis d\u2019ensenyament antics i de nova creaci\u00f3. El refugi n. 289 tenia diversos accessos: un des de la pr\u00f2pia escola, i els altres des de la pla\u00e7a Alferes Cabr\u00e9, avui Santa Madrona, i els carrers Fonthonrada, Mare de D\u00e9u del Remei i Lleida.<\/font><\/font>\n<\/p>\n<div align=\"justify\">\n<\/div>\n<p align=\"justify\">&nbsp;\n<\/p>\n<div align=\"justify\">\n<\/div>\n<p align=\"justify\"><strong><font size=\"3\"><font face=\"arial,helvetica,sans-serif\">Entre la hist\u00f2ria i els records (1940-1970)<\/font><\/font><\/strong>\n<\/p>\n<div align=\"justify\">\n<\/div>\n<p align=\"justify\"> <font size=\"3\"><font face=\"arial,helvetica,sans-serif\">En acabar la guerra, el r\u00e8gim fanquista va voler controlar l\u2019adoctrinament i la ideologia <\/font><\/font><font size=\"3\" face=\"arial,helvetica,sans-serif\">de mestres i alumnes. Tots els mestres van haver de signar una declaraci\u00f3 jurada on havien de contestar un interrogatori referent a les pr\u00f2pies idees pol\u00edtiques, religioses i morals i eren jutjats pel tribunal militar especial de depuraci\u00f3 de funcionaris civils. Els mestres acusats d\u2019idees contr\u00e0ries al nacionalcatolicisme imposat pel nou r\u00e8gim van ser expedientats o represaliats.&nbsp; A l\u2019escola alguns mestres en van patir les conseq\u00fc\u00e8ncies: en Jes\u00fas Fern\u00e1ndez es va veure obligat a deixar la doc\u00e8ncia; en Josep M. peix es va quedar a l\u2019escola com a mestre per\u00f2 va ser destitu\u00eft com a director.<\/font>\n<\/p>\n<div align=\"justify\">\n<\/div>\n<p align=\"justify\">&nbsp;<img loading=\"lazy\" decoding=\"async\" <img loading=\"lazy\" decoding=\"async\" src=\"http:\/\/agora.xtec.cat\/ceip-mcinto-verdaguer\/wp-content\/uploads\/usu657\/2016\/04\/pati.jpg\" align=\"middle\" height=\"247\" hspace=\"10\" vspace=\"10\" width=\"330\" \/>\n<\/p>\n<div align=\"justify\">\n<\/div>\n<p align=\"justify\"><font face=\"arial,helvetica,sans-serif\"><font size=\"3\"><strong>El cam\u00ed de la democr\u00e0cia (1970-2006)<\/strong><\/font><\/font>\n<\/p>\n<div align=\"justify\">\n<\/div>\n<div align=\"justify\"> <font size=\"3\"><font face=\"arial,helvetica,sans-serif\">Amb la instauraci\u00f3 dels governs democr\u00e0tics, tant la Generalitat com l\u2019Ajuntament de Barcelona incrementen les partides destinades al manteniment dels edificis escolars; <\/font><\/font><font size=\"3\" face=\"arial,helvetica,sans-serif\">merc\u00e8s a aquesta voluntat p\u00fablica es produeixen les primeres obres d\u2019arranjament: distribuci\u00f3 de les aules, lavabos, calefacci\u00f3, claraboia del pati interior, i en anys successius s\u2019amplia el pati, s\u2019adequa el pati interior per oferir el servei de menjador, es repara la teulada, es restaura la fa\u00e7ana, s\u2019instal\u00b7len vestidors i dutxes, es refan tots els sostres dels primer pis, es fa la instal\u00b7laci\u00f3 de l\u2019aula d\u2019inform\u00e0tica, i es crea una zona d\u2019esbarjo destinada als m\u00e9s petits de l\u2019escola.<\/font>\n<\/div>\n<\/p>\n<p align=\"center\"><font size=\"3\" face=\"arial,helvetica,sans-serif\"> <\/font><br \/>\n  \n<\/p>\n<p><font size=\"3\" face=\"arial,helvetica,sans-serif\"> &nbsp; <\/font><br \/>\n  \n<\/p>\n<\/p>\n<p><font size=\"3\"><font face=\"arial,helvetica,sans-serif\"><\/font><\/font>\n<\/p>\n<\/p>\n<p><\/p>\n","protected":false},"excerpt":{"rendered":"<p>UNA MICA D\u2019HIST\u00d2RIA &nbsp; Origen de l\u2019edifici El febrer de l\u2019any 1919, al peu de la muntanya de Montju\u00efc es comen\u00e7\u00e0 la construcci\u00f3 de l\u2019edifici que havia d\u2019acollir les oficines de tots els serveis de l\u2019Exposici\u00f3 Universal d\u2019Ind\u00fastries El\u00e8ctriques i General Espanyola que es va celebrar l\u2019any 1929. Aquest edifici -anomenat Pabell\u00f3n Regio del Parque- [&hellip;]<\/p>\n","protected":false},"author":1,"featured_media":0,"parent":1673,"menu_order":0,"comment_status":"open","ping_status":"open","template":"page-templates\/side-menu.php","meta":{"_bbp_topic_count":0,"_bbp_reply_count":0,"_bbp_total_topic_count":0,"_bbp_total_reply_count":0,"_bbp_voice_count":0,"_bbp_anonymous_reply_count":0,"_bbp_topic_count_hidden":0,"_bbp_reply_count_hidden":0,"_bbp_forum_subforum_count":0,"site-sidebar-layout":"default","site-content-layout":"","ast-site-content-layout":"","site-content-style":"default","site-sidebar-style":"default","ast-global-header-display":"","ast-banner-title-visibility":"","ast-main-header-display":"","ast-hfb-above-header-display":"","ast-hfb-below-header-display":"","ast-hfb-mobile-header-display":"","site-post-title":"","ast-breadcrumbs-content":"","ast-featured-img":"","footer-sml-layout":"","theme-transparent-header-meta":"","adv-header-id-meta":"","stick-header-meta":"","header-above-stick-meta":"","header-main-stick-meta":"","header-below-stick-meta":"","astra-migrate-meta-layouts":"default","ast-page-background-enabled":"default","ast-page-background-meta":{"desktop":{"background-color":"var(--ast-global-color-4)","background-image":"","background-repeat":"repeat","background-position":"center center","background-size":"auto","background-attachment":"scroll","background-type":"","background-media":"","overlay-type":"","overlay-color":"","overlay-opacity":"","overlay-gradient":""},"tablet":{"background-color":"","background-image":"","background-repeat":"repeat","background-position":"center center","background-size":"auto","background-attachment":"scroll","background-type":"","background-media":"","overlay-type":"","overlay-color":"","overlay-opacity":"","overlay-gradient":""},"mobile":{"background-color":"","background-image":"","background-repeat":"repeat","background-position":"center center","background-size":"auto","background-attachment":"scroll","background-type":"","background-media":"","overlay-type":"","overlay-color":"","overlay-opacity":"","overlay-gradient":""}},"ast-content-background-meta":{"desktop":{"background-color":"var(--ast-global-color-5)","background-image":"","background-repeat":"repeat","background-position":"center center","background-size":"auto","background-attachment":"scroll","background-type":"","background-media":"","overlay-type":"","overlay-color":"","overlay-opacity":"","overlay-gradient":""},"tablet":{"background-color":"var(--ast-global-color-5)","background-image":"","background-repeat":"repeat","background-position":"center center","background-size":"auto","background-attachment":"scroll","background-type":"","background-media":"","overlay-type":"","overlay-color":"","overlay-opacity":"","overlay-gradient":""},"mobile":{"background-color":"var(--ast-global-color-5)","background-image":"","background-repeat":"repeat","background-position":"center center","background-size":"auto","background-attachment":"scroll","background-type":"","background-media":"","overlay-type":"","overlay-color":"","overlay-opacity":"","overlay-gradient":""}},"footnotes":""},"class_list":["post-1684","page","type-page","status-publish","hentry"],"post_mailing_queue_ids":[],"_links":{"self":[{"href":"https:\/\/agora.xtec.cat\/ceip-mcinto-verdaguer\/wp-json\/wp\/v2\/pages\/1684","targetHints":{"allow":["GET"]}}],"collection":[{"href":"https:\/\/agora.xtec.cat\/ceip-mcinto-verdaguer\/wp-json\/wp\/v2\/pages"}],"about":[{"href":"https:\/\/agora.xtec.cat\/ceip-mcinto-verdaguer\/wp-json\/wp\/v2\/types\/page"}],"author":[{"embeddable":true,"href":"https:\/\/agora.xtec.cat\/ceip-mcinto-verdaguer\/wp-json\/wp\/v2\/users\/1"}],"replies":[{"embeddable":true,"href":"https:\/\/agora.xtec.cat\/ceip-mcinto-verdaguer\/wp-json\/wp\/v2\/comments?post=1684"}],"version-history":[{"count":0,"href":"https:\/\/agora.xtec.cat\/ceip-mcinto-verdaguer\/wp-json\/wp\/v2\/pages\/1684\/revisions"}],"up":[{"embeddable":true,"href":"https:\/\/agora.xtec.cat\/ceip-mcinto-verdaguer\/wp-json\/wp\/v2\/pages\/1673"}],"wp:attachment":[{"href":"https:\/\/agora.xtec.cat\/ceip-mcinto-verdaguer\/wp-json\/wp\/v2\/media?parent=1684"}],"curies":[{"name":"wp","href":"https:\/\/api.w.org\/{rel}","templated":true}]}}