{"id":12446,"date":"2026-01-19T13:49:22","date_gmt":"2026-01-19T12:49:22","guid":{"rendered":"https:\/\/agora.xtec.cat\/ceip-mcinto-verdaguer\/?page_id=12446"},"modified":"2026-04-15T09:28:43","modified_gmt":"2026-04-15T07:28:43","slug":"preinscripcio-i-matriculla","status":"publish","type":"page","link":"https:\/\/agora.xtec.cat\/ceip-mcinto-verdaguer\/preinscripcio-i-matricula\/preinscripcio-i-matriculla\/","title":{"rendered":"Preinscripci\u00f3 i Matr\u00edcula"},"content":{"rendered":"<p><img decoding=\"async\" class=\"alignnone size-full wp-image-12443\" src=\"https:\/\/agora.xtec.cat\/ceip-mcinto-verdaguer\/wp-content\/uploads\/usu657\/2026\/01\/logo_consorci.svg\" alt=\"\" \/><\/p>\n<p>&nbsp;<\/p>\n<h2><a href=\"https:\/\/drive.google.com\/file\/d\/1HG7DaOXvFmqXGHRTK-hlhdBJlcbEfX81\/view?usp=drive_link\">Informe del barem provisional<\/a><\/h2>\n<p>&nbsp;<\/p>\n<p><a href=\"https:\/\/drive.google.com\/file\/d\/1HG7DaOXvFmqXGHRTK-hlhdBJlcbEfX81\/view?usp=drive_link\">https:\/\/drive.google.com\/file\/d\/1HG7DaOXvFmqXGHRTK-hlhdBJlcbEfX81\/view?usp=drive_link\u00a0<\/a><\/p>\n<p>&nbsp;<\/p>\n<h2>T\u00edtol barem provisional<\/h2>\n<p>&nbsp;<\/p>\n<h2 style=\"text-align: center;\"><span style=\"color: #000000;\"><sup><b>PREINSCRIPCI\u00d3 CURS 2026-2027\u00a0<\/b><\/sup><\/span><\/h2>\n<h2 style=\"text-align: center;\"><span style=\"color: #ff0000;\"><sup><b>LLISTA AMB LA PUNTUACI\u00d3 PROVISIONAL <\/b><span style=\"font-weight: 400;\">&#8211; <\/span><b>15 d\u2019abril de 2026 \u2013\u00a0<\/b><\/sup><\/span><\/h2>\n<h2 style=\"text-align: center;\"><span style=\"color: #00ccff;\"><sup><b>Presentaci\u00f3 de reclamacions al barem provisional:\u00a0 del 15 al 20 d\u2019abril\u00a0<\/b><\/sup><\/span><\/h2>\n<h2><sup><span style=\"font-weight: 400;\">Les reclamacions s\u2019han de presentar electr\u00f2nicament en l\u2019enlla\u00e7 que teniu a disposici\u00f3\u00a0 en la consulta individual de resultats (OVT) o a <\/span><a href=\"https:\/\/preinscripcio.gencat.cat\/ca\/inici\"><span style=\"font-weight: 400;\">preinscripci\u00f3.gencat.cat<\/span><span style=\"font-weight: 400;\">.\u00a0<\/span><\/a><\/sup><\/h2>\n<ul>\n<li>\n<h3><sup>La llista amb la<span style=\"text-decoration: underline;\"> puntuaci\u00f3 definitiva<\/span>, un cop resoltes les\u00a0 reclamacions, es publicar\u00e0 el <span style=\"text-decoration: underline;\">23 d\u2019abril.<\/span>\u00a0<\/sup><\/h3>\n<\/li>\n<li>\n<h3><sup>El <span style=\"text-decoration: underline;\">sorteig p\u00fablic del n\u00famero<\/span> per determinar l\u2019ordenaci\u00f3 de les <span style=\"text-decoration: underline;\">sol\u00b7licituds, en cas d\u2019empat<\/span>, \u00e9s <span style=\"text-decoration: underline;\">el 28 d\u2019abril<\/span>.\u00a0<\/sup><\/h3>\n<\/li>\n<li>\n<h3><sup>La <span style=\"text-decoration: underline;\">llista ordenada<\/span> es publicar\u00e0 el <span style=\"text-decoration: underline;\">29 d\u2019abril<\/span>.<\/sup><\/h3>\n<\/li>\n<\/ul>\n<h2>Calendari general de la preinscripci\u00f3<\/h2>\n<p><a href=\"https:\/\/agora.xtec.cat\/ceip-mcinto-verdaguer\/wp-content\/uploads\/usu657\/2026\/02\/Calendari-general.docx_page-0001-1.jpg\"><img loading=\"lazy\" decoding=\"async\" class=\"alignnone wp-image-12631 size-full\" src=\"https:\/\/agora.xtec.cat\/ceip-mcinto-verdaguer\/wp-content\/uploads\/usu657\/2026\/02\/Calendari-general.docx_page-0001-1.jpg\" alt=\"\" width=\"1755\" height=\"1242\" srcset=\"https:\/\/agora.xtec.cat\/ceip-mcinto-verdaguer\/wp-content\/uploads\/usu657\/2026\/02\/Calendari-general.docx_page-0001-1.jpg 1755w, https:\/\/agora.xtec.cat\/ceip-mcinto-verdaguer\/wp-content\/uploads\/usu657\/2026\/02\/Calendari-general.docx_page-0001-1-300x212.jpg 300w, https:\/\/agora.xtec.cat\/ceip-mcinto-verdaguer\/wp-content\/uploads\/usu657\/2026\/02\/Calendari-general.docx_page-0001-1-1024x725.jpg 1024w, https:\/\/agora.xtec.cat\/ceip-mcinto-verdaguer\/wp-content\/uploads\/usu657\/2026\/02\/Calendari-general.docx_page-0001-1-768x544.jpg 768w, https:\/\/agora.xtec.cat\/ceip-mcinto-verdaguer\/wp-content\/uploads\/usu657\/2026\/02\/Calendari-general.docx_page-0001-1-1536x1087.jpg 1536w\" sizes=\"auto, (max-width: 1755px) 100vw, 1755px\" \/><\/a><\/p>\n<h2>Oferta Inicial:<\/h2>\n<p>&nbsp;<\/p>\n<ul>\n<li><a href=\"https:\/\/agora.xtec.cat\/ceip-mcinto-verdaguer\/wp-content\/uploads\/usu657\/2026\/03\/Titol-Oferta-Inicial.pdf\">T\u00edtol Oferta Inicial<\/a><\/li>\n<\/ul>\n<p><a href=\"https:\/\/preinscripcio.gencat.cat\/ca\/estudis\/infantil-3-6\/preinscriute\/sollicitud\/\"><img loading=\"lazy\" decoding=\"async\" class=\"alignnone wp-image-12648\" src=\"https:\/\/agora.xtec.cat\/ceip-mcinto-verdaguer\/wp-content\/uploads\/usu657\/2026\/03\/Titol-Oferta-Inicial-1_page-0001-e1772614068824-300x201.jpg\" alt=\"\" width=\"507\" height=\"340\" srcset=\"https:\/\/agora.xtec.cat\/ceip-mcinto-verdaguer\/wp-content\/uploads\/usu657\/2026\/03\/Titol-Oferta-Inicial-1_page-0001-e1772614068824-300x201.jpg 300w, https:\/\/agora.xtec.cat\/ceip-mcinto-verdaguer\/wp-content\/uploads\/usu657\/2026\/03\/Titol-Oferta-Inicial-1_page-0001-e1772614068824-1024x686.jpg 1024w, https:\/\/agora.xtec.cat\/ceip-mcinto-verdaguer\/wp-content\/uploads\/usu657\/2026\/03\/Titol-Oferta-Inicial-1_page-0001-e1772614068824-768x514.jpg 768w, https:\/\/agora.xtec.cat\/ceip-mcinto-verdaguer\/wp-content\/uploads\/usu657\/2026\/03\/Titol-Oferta-Inicial-1_page-0001-e1772614068824.jpg 1454w\" sizes=\"auto, (max-width: 507px) 100vw, 507px\" \/><\/a><\/p>\n<p>&nbsp;<\/p>\n<ul>\n<li>Informe de l&#8217;oferta<\/li>\n<\/ul>\n<h2><img loading=\"lazy\" decoding=\"async\" class=\"alignnone wp-image-12651 \" src=\"https:\/\/agora.xtec.cat\/ceip-mcinto-verdaguer\/wp-content\/uploads\/usu657\/2026\/03\/INFORME_OFERTA_OME_INFORME_OFERTA_page-0001-e1772614012374-300x198.jpg\" alt=\"\" width=\"874\" height=\"577\" srcset=\"https:\/\/agora.xtec.cat\/ceip-mcinto-verdaguer\/wp-content\/uploads\/usu657\/2026\/03\/INFORME_OFERTA_OME_INFORME_OFERTA_page-0001-e1772614012374-300x198.jpg 300w, https:\/\/agora.xtec.cat\/ceip-mcinto-verdaguer\/wp-content\/uploads\/usu657\/2026\/03\/INFORME_OFERTA_OME_INFORME_OFERTA_page-0001-e1772614012374-1024x675.jpg 1024w, https:\/\/agora.xtec.cat\/ceip-mcinto-verdaguer\/wp-content\/uploads\/usu657\/2026\/03\/INFORME_OFERTA_OME_INFORME_OFERTA_page-0001-e1772614012374-768x506.jpg 768w, https:\/\/agora.xtec.cat\/ceip-mcinto-verdaguer\/wp-content\/uploads\/usu657\/2026\/03\/INFORME_OFERTA_OME_INFORME_OFERTA_page-0001-e1772614012374.jpg 1190w\" sizes=\"auto, (max-width: 874px) 100vw, 874px\" \/><\/h2>\n<h2>Informaci\u00f3 del proc\u00e9s d&#8217;inscripci\u00f3<\/h2>\n<p>Si voleu m\u00e9s informaci\u00f3 sobre el proc\u00e9s de preinscripci\u00f3, cliqueu aquest<span style=\"color: #ff0000;\"> <a style=\"color: #ff0000;\" href=\"https:\/\/www.edubcn.cat\/ca\/alumnat_i_familia\/informacio_general_matriculacio\/preinscripcio_info\">enlla\u00e7<\/a><\/span>.<\/p>\n<h2><\/h2>\n<p>&nbsp;<\/p>\n<p>&nbsp;<\/p>\n<p>&nbsp;<\/p>\n<p>&nbsp;<\/p>\n","protected":false},"excerpt":{"rendered":"<p>&nbsp; Informe del barem provisional &nbsp; https:\/\/drive.google.com\/file\/d\/1HG7DaOXvFmqXGHRTK-hlhdBJlcbEfX81\/view?usp=drive_link\u00a0 &nbsp; T\u00edtol barem provisional &nbsp; PREINSCRIPCI\u00d3 CURS 2026-2027\u00a0 LLISTA AMB LA PUNTUACI\u00d3 PROVISIONAL &#8211; 15 d\u2019abril de 2026 \u2013\u00a0 Presentaci\u00f3 de reclamacions al barem provisional:\u00a0 del 15 al 20 d\u2019abril\u00a0 Les reclamacions s\u2019han de presentar electr\u00f2nicament en l\u2019enlla\u00e7 que teniu a disposici\u00f3\u00a0 en la consulta individual de resultats [&hellip;]<\/p>\n","protected":false},"author":1,"featured_media":0,"parent":12437,"menu_order":1,"comment_status":"closed","ping_status":"closed","template":"","meta":{"_bbp_topic_count":0,"_bbp_reply_count":0,"_bbp_total_topic_count":0,"_bbp_total_reply_count":0,"_bbp_voice_count":0,"_bbp_anonymous_reply_count":0,"_bbp_topic_count_hidden":0,"_bbp_reply_count_hidden":0,"_bbp_forum_subforum_count":0,"site-sidebar-layout":"default","site-content-layout":"","ast-site-content-layout":"default","site-content-style":"default","site-sidebar-style":"default","ast-global-header-display":"","ast-banner-title-visibility":"","ast-main-header-display":"","ast-hfb-above-header-display":"","ast-hfb-below-header-display":"","ast-hfb-mobile-header-display":"","site-post-title":"","ast-breadcrumbs-content":"","ast-featured-img":"","footer-sml-layout":"","theme-transparent-header-meta":"default","adv-header-id-meta":"","stick-header-meta":"","header-above-stick-meta":"","header-main-stick-meta":"","header-below-stick-meta":"","astra-migrate-meta-layouts":"set","ast-page-background-enabled":"default","ast-page-background-meta":{"desktop":{"background-color":"var(--ast-global-color-4)","background-image":"","background-repeat":"repeat","background-position":"center center","background-size":"auto","background-attachment":"scroll","background-type":"","background-media":"","overlay-type":"","overlay-color":"","overlay-opacity":"","overlay-gradient":""},"tablet":{"background-color":"","background-image":"","background-repeat":"repeat","background-position":"center center","background-size":"auto","background-attachment":"scroll","background-type":"","background-media":"","overlay-type":"","overlay-color":"","overlay-opacity":"","overlay-gradient":""},"mobile":{"background-color":"","background-image":"","background-repeat":"repeat","background-position":"center center","background-size":"auto","background-attachment":"scroll","background-type":"","background-media":"","overlay-type":"","overlay-color":"","overlay-opacity":"","overlay-gradient":""}},"ast-content-background-meta":{"desktop":{"background-color":"var(--ast-global-color-5)","background-image":"","background-repeat":"repeat","background-position":"center center","background-size":"auto","background-attachment":"scroll","background-type":"","background-media":"","overlay-type":"","overlay-color":"","overlay-opacity":"","overlay-gradient":""},"tablet":{"background-color":"var(--ast-global-color-5)","background-image":"","background-repeat":"repeat","background-position":"center center","background-size":"auto","background-attachment":"scroll","background-type":"","background-media":"","overlay-type":"","overlay-color":"","overlay-opacity":"","overlay-gradient":""},"mobile":{"background-color":"var(--ast-global-color-5)","background-image":"","background-repeat":"repeat","background-position":"center center","background-size":"auto","background-attachment":"scroll","background-type":"","background-media":"","overlay-type":"","overlay-color":"","overlay-opacity":"","overlay-gradient":""}},"footnotes":""},"class_list":["post-12446","page","type-page","status-publish","hentry"],"post_mailing_queue_ids":[],"_links":{"self":[{"href":"https:\/\/agora.xtec.cat\/ceip-mcinto-verdaguer\/wp-json\/wp\/v2\/pages\/12446","targetHints":{"allow":["GET"]}}],"collection":[{"href":"https:\/\/agora.xtec.cat\/ceip-mcinto-verdaguer\/wp-json\/wp\/v2\/pages"}],"about":[{"href":"https:\/\/agora.xtec.cat\/ceip-mcinto-verdaguer\/wp-json\/wp\/v2\/types\/page"}],"author":[{"embeddable":true,"href":"https:\/\/agora.xtec.cat\/ceip-mcinto-verdaguer\/wp-json\/wp\/v2\/users\/1"}],"replies":[{"embeddable":true,"href":"https:\/\/agora.xtec.cat\/ceip-mcinto-verdaguer\/wp-json\/wp\/v2\/comments?post=12446"}],"version-history":[{"count":6,"href":"https:\/\/agora.xtec.cat\/ceip-mcinto-verdaguer\/wp-json\/wp\/v2\/pages\/12446\/revisions"}],"predecessor-version":[{"id":12751,"href":"https:\/\/agora.xtec.cat\/ceip-mcinto-verdaguer\/wp-json\/wp\/v2\/pages\/12446\/revisions\/12751"}],"up":[{"embeddable":true,"href":"https:\/\/agora.xtec.cat\/ceip-mcinto-verdaguer\/wp-json\/wp\/v2\/pages\/12437"}],"wp:attachment":[{"href":"https:\/\/agora.xtec.cat\/ceip-mcinto-verdaguer\/wp-json\/wp\/v2\/media?parent=12446"}],"curies":[{"name":"wp","href":"https:\/\/api.w.org\/{rel}","templated":true}]}}