{"id":32,"date":"2014-09-18T12:31:33","date_gmt":"2014-09-18T11:31:33","guid":{"rendered":"http:\/\/agora.xtec.cat\/ceip-masmaso-salt\/?page_id=32"},"modified":"2025-07-15T11:08:18","modified_gmt":"2025-07-15T09:08:18","slug":"calendari-del-curs","status":"publish","type":"page","link":"https:\/\/agora.xtec.cat\/ceip-masmaso-salt\/curs-2020-2021\/calendari-del-curs\/","title":{"rendered":"Calendari del curs"},"content":{"rendered":"<h4><strong>Inici de curs:<\/strong><\/h4>\n<p>08 de setembre de 2025<\/p>\n<h4><strong>Final de curs:<\/strong><\/h4>\n<p>19 de juny de 2026<\/p>\n<h4><strong>Vacances:<\/strong><\/h4>\n<p><em>Nadal:<\/em> del 20 de desembre de 2025 al 7 de gener de 2026 (ambd\u00f3s inclosos).<\/p>\n<p><em>Setmana Santa:<\/em> del 28 de mar\u00e7 al 6 d&#8217;abril de 2026 (ambd\u00f3s inclosos).<\/p>\n<p>A partir del 19 de juny de 2026.<\/p>\n<h4><\/h4>\n<table style=\"border-collapse: collapse; width: 100%;\">\n<tbody>\n<tr>\n<td style=\"width: 50%;\">\n<h4><strong>Dies festius<\/strong><\/h4>\n<\/td>\n<td style=\"width: 50%;\">\n<h4><strong>Dies festius de lliure disposici\u00f3<\/strong><\/h4>\n<\/td>\n<\/tr>\n<tr>\n<td style=\"width: 50%;\">11 de setembre de 2025<\/p>\n<p>29 d&#8217;octubre de 2025<\/p>\n<p>8 de desembre de 2025<\/p>\n<p>1 de maig de 2026<\/p>\n<p>&nbsp;<\/td>\n<td style=\"width: 50%;\">30 d&#8217;octubre de 2025<\/p>\n<p>31 d&#8217;octubre de 2025<\/p>\n<p>13 de febrer de 2026<\/p>\n<p>16 de febrer de 2026<\/p>\n<p>4 de maig de 2026<\/td>\n<\/tr>\n<\/tbody>\n<\/table>\n<h4>Horari lectiu:<\/h4>\n<p><em><strong>De setembre a juny<\/strong><\/em><\/p>\n<p>L\u2019<b>horari lectiu<\/b> del centre \u00e9s de 8:30 a 13:00 h. I de 15:00 a 16:30h per tot l&#8217;alumnat.<\/p>\n<h4><strong>Jornada compactada:<\/strong><\/h4>\n<p>19 de desembre de 2025. L&#8217;horari ser\u00e0 de 08:30 a 13:00h.<\/p>\n<p>Del 8 al 19 de juny de 2026 (ambd\u00f3s inclosos). L&#8217;horari ser\u00e0 de 8:30 a 12:30h.<\/p>\n<h4>Adaptaci\u00f3 I3:<\/h4>\n<p>Per als alumnes que inicien l\u2019escolaritzaci\u00f3 a I3 s\u2019organitza un breu per\u00edode d\u2019adaptaci\u00f3 del 8 al 19 de setembre de 2025.<\/p>\n","protected":false},"excerpt":{"rendered":"<p>Inici de curs: 08 de setembre de 2025 Final de curs: 19 de juny de 2026 Vacances: Nadal: del 20 de desembre de 2025 al 7 de gener de 2026 (ambd\u00f3s inclosos). Setmana Santa: del 28 de mar\u00e7 al 6 d&#8217;abril de 2026 (ambd\u00f3s inclosos). A partir del 19 de juny de 2026. Dies festius [&hellip;]<\/p>\n","protected":false},"author":1,"featured_media":0,"parent":1059,"menu_order":1,"comment_status":"closed","ping_status":"closed","template":"","meta":{"_bbp_topic_count":0,"_bbp_reply_count":0,"_bbp_total_topic_count":0,"_bbp_total_reply_count":0,"_bbp_voice_count":0,"_bbp_anonymous_reply_count":0,"_bbp_topic_count_hidden":0,"_bbp_reply_count_hidden":0,"_bbp_forum_subforum_count":0,"site-sidebar-layout":"default","site-content-layout":"","ast-site-content-layout":"default","site-content-style":"default","site-sidebar-style":"default","ast-global-header-display":"","ast-banner-title-visibility":"","ast-main-header-display":"","ast-hfb-above-header-display":"","ast-hfb-below-header-display":"","ast-hfb-mobile-header-display":"","site-post-title":"","ast-breadcrumbs-content":"","ast-featured-img":"","footer-sml-layout":"","theme-transparent-header-meta":"default","adv-header-id-meta":"","stick-header-meta":"","header-above-stick-meta":"","header-main-stick-meta":"","header-below-stick-meta":"","astra-migrate-meta-layouts":"set","ast-page-background-enabled":"default","ast-page-background-meta":{"desktop":{"background-color":"var(--ast-global-color-4)","background-image":"","background-repeat":"repeat","background-position":"center center","background-size":"auto","background-attachment":"scroll","background-type":"","background-media":"","overlay-type":"","overlay-color":"","overlay-opacity":"","overlay-gradient":""},"tablet":{"background-color":"","background-image":"","background-repeat":"repeat","background-position":"center center","background-size":"auto","background-attachment":"scroll","background-type":"","background-media":"","overlay-type":"","overlay-color":"","overlay-opacity":"","overlay-gradient":""},"mobile":{"background-color":"","background-image":"","background-repeat":"repeat","background-position":"center center","background-size":"auto","background-attachment":"scroll","background-type":"","background-media":"","overlay-type":"","overlay-color":"","overlay-opacity":"","overlay-gradient":""}},"ast-content-background-meta":{"desktop":{"background-color":"var(--ast-global-color-5)","background-image":"","background-repeat":"repeat","background-position":"center center","background-size":"auto","background-attachment":"scroll","background-type":"","background-media":"","overlay-type":"","overlay-color":"","overlay-opacity":"","overlay-gradient":""},"tablet":{"background-color":"var(--ast-global-color-5)","background-image":"","background-repeat":"repeat","background-position":"center center","background-size":"auto","background-attachment":"scroll","background-type":"","background-media":"","overlay-type":"","overlay-color":"","overlay-opacity":"","overlay-gradient":""},"mobile":{"background-color":"var(--ast-global-color-5)","background-image":"","background-repeat":"repeat","background-position":"center center","background-size":"auto","background-attachment":"scroll","background-type":"","background-media":"","overlay-type":"","overlay-color":"","overlay-opacity":"","overlay-gradient":""}},"footnotes":""},"class_list":["post-32","page","type-page","status-publish","hentry"],"post_mailing_queue_ids":[],"_links":{"self":[{"href":"https:\/\/agora.xtec.cat\/ceip-masmaso-salt\/wp-json\/wp\/v2\/pages\/32","targetHints":{"allow":["GET"]}}],"collection":[{"href":"https:\/\/agora.xtec.cat\/ceip-masmaso-salt\/wp-json\/wp\/v2\/pages"}],"about":[{"href":"https:\/\/agora.xtec.cat\/ceip-masmaso-salt\/wp-json\/wp\/v2\/types\/page"}],"author":[{"embeddable":true,"href":"https:\/\/agora.xtec.cat\/ceip-masmaso-salt\/wp-json\/wp\/v2\/users\/1"}],"replies":[{"embeddable":true,"href":"https:\/\/agora.xtec.cat\/ceip-masmaso-salt\/wp-json\/wp\/v2\/comments?post=32"}],"version-history":[{"count":5,"href":"https:\/\/agora.xtec.cat\/ceip-masmaso-salt\/wp-json\/wp\/v2\/pages\/32\/revisions"}],"predecessor-version":[{"id":2186,"href":"https:\/\/agora.xtec.cat\/ceip-masmaso-salt\/wp-json\/wp\/v2\/pages\/32\/revisions\/2186"}],"up":[{"embeddable":true,"href":"https:\/\/agora.xtec.cat\/ceip-masmaso-salt\/wp-json\/wp\/v2\/pages\/1059"}],"wp:attachment":[{"href":"https:\/\/agora.xtec.cat\/ceip-masmaso-salt\/wp-json\/wp\/v2\/media?parent=32"}],"curies":[{"name":"wp","href":"https:\/\/api.w.org\/{rel}","templated":true}]}}

<h4><strong>Inici de curs:</strong></h4>
<p>08 de setembre de 2025</p>
<h4><strong>Final de curs:</strong></h4>
<p>19 de juny de 2026</p>
<h4><strong>Vacances:</strong></h4>
<p><em>Nadal:</em> del 20 de desembre de 2025 al 7 de gener de 2026 (ambdós inclosos).</p>
<p><em>Setmana Santa:</em> del 28 de març al 6 d&#8217;abril de 2026 (ambdós inclosos).</p>
<p>A partir del 19 de juny de 2026.</p>
<h4></h4>
<table style="border-collapse: collapse; width: 100%;">
<tbody>
<tr>
<td style="width: 50%;">
<h4><strong>Dies festius</strong></h4>
</td>
<td style="width: 50%;">
<h4><strong>Dies festius de lliure disposició</strong></h4>
</td>
</tr>
<tr>
<td style="width: 50%;">11 de setembre de 2025</p>
<p>29 d&#8217;octubre de 2025</p>
<p>8 de desembre de 2025</p>
<p>1 de maig de 2026</p>
<p>&nbsp;</td>
<td style="width: 50%;">30 d&#8217;octubre de 2025</p>
<p>31 d&#8217;octubre de 2025</p>
<p>13 de febrer de 2026</p>
<p>16 de febrer de 2026</p>
<p>4 de maig de 2026</td>
</tr>
</tbody>
</table>
<h4>Horari lectiu:</h4>
<p><em><strong>De setembre a juny</strong></em></p>
<p>L’<b>horari lectiu</b> del centre és de 8:30 a 13:00 h. I de 15:00 a 16:30h per tot l&#8217;alumnat.</p>
<h4><strong>Jornada compactada:</strong></h4>
<p>19 de desembre de 2025. L&#8217;horari serà de 08:30 a 13:00h.</p>
<p>Del 8 al 19 de juny de 2026 (ambdós inclosos). L&#8217;horari serà de 8:30 a 12:30h.</p>
<h4>Adaptació I3:</h4>
<p>Per als alumnes que inicien l’escolarització a I3 s’organitza un breu període d’adaptació del 8 al 19 de setembre de 2025.</p>

<p>Inici de curs: 08 de setembre de 2025 Final de curs: 19 de juny de 2026 Vacances: Nadal: del 20 de desembre de 2025 al 7 de gener de 2026 (ambdós inclosos). Setmana Santa: del 28 de març al 6 d&#8217;abril de 2026 (ambdós inclosos). A partir del 19 de juny de 2026. Dies festius [&hellip;]</p>
