{"id":9484,"date":"2021-10-18T15:57:19","date_gmt":"2021-10-18T13:57:19","guid":{"rendered":"https:\/\/agora.xtec.cat\/ceip-masiperera\/?page_id=9484"},"modified":"2025-09-03T04:35:25","modified_gmt":"2025-09-03T02:35:25","slug":"afa","status":"publish","type":"page","link":"https:\/\/agora.xtec.cat\/ceip-masiperera\/afa\/","title":{"rendered":"Presentaci\u00f3 AFA"},"content":{"rendered":"<p>L&#8217;AFA \u00e9s una associaci\u00f3 sense \u00e0nim de lucre integrada per fam\u00edlies d\u2019alumnes de l\u2019escola Mas i Perera. L\u2019\u00f2rgan de govern de l\u2019AFA \u00e9s la junta, formada per mares i pares voluntaris que han estat escollits i ratificats en assemblea. L\u2019AFA s\u2019organitza a trav\u00e9s de comissions i est\u00e0 en contacte permanent amb l\u2019equip directiu del centre per treballar colze a colze en la millora de l\u2019escola. Cada unitat familiar sol\u00b7licita l\u2019alta com a associada i fa un \u00fanic pagament de la quota per a tot el curs.<\/p>\n<p>\u00c9s la fam\u00edlia, independentment del nombre de fills que tingui al centre, la que \u00e9s s\u00f2cia i la que t\u00e9 un vot a l\u2019assemblea. A m\u00e9s de participar activament en el funcionament del centre, <strong>ser-ne s\u00f2cia permet<\/strong> a cada fam\u00edlia:<\/p>\n<ul>\n<li>Gaudir dels serveis gestionats per l\u2019AFA: <strong>menjador,<\/strong> <strong>activitats extraescolars<\/strong>, <strong>servei d\u2019acollida de matins<\/strong>, <strong>xerrades.<\/strong><\/li>\n<li>Accedir a la <strong>biblioteca de 16.30h a 18h de dilluns a divendres.<\/strong><\/li>\n<li>Participar en el Programa de <strong>Reutilitzaci\u00f3 de Llibres i material did\u00e0ctic complementari i inform\u00e0tic<\/strong>.<\/li>\n<li>Participar en les <strong>Jornades Liter\u00e0ries, la Primavera Cultural, la Jornada Verda, la Jornada Esportiva, les Jornades de pati actiu i la Festa de Final de curs<\/strong>, entre d\u2019altres organitzades per l\u2019AFA.<\/li>\n<li>Participar en les comissions de treball (menjador, programa de reutilizaci\u00f3 de llibres, extraescolars..) que desenvolupen projectes de centre i en les que hi formi part activa l\u2019AFA.<\/li>\n<li>Participar en les campanyes Olinet (reutilitzaci\u00f3 de l\u2019oli) o Posa\u2019t la Gorra.<\/li>\n<li>Obtenir el descompte acordat per l\u2019AFA en la compra dels llibres no reutilitzables.<\/li>\n<li>Descompte del 5% per qualsevol llibre que compreu durant el curs, i entre un 5% i un 10% de descompte en els llibres escolars no-reutilitzables depenent del llibre, a la <strong>Llibreria l\u2019Odissea<\/strong> del carrer de la Font, 26.<\/li>\n<li>Gaudir de l\u2019\u00fas del carnet de l\u2019AFA, amb descomptes en una quarantena d\u2019establiments majorit\u00e0riament de l\u2019Espirall.<\/li>\n<\/ul>\n<p align=\"left\"><b>On ens podeu trobar?<\/b><\/p>\n<ul>\n<li>El despatx de l\u2019AFA est\u00e0 situat dins l\u2019escola, al costat de la Biblioteca. L&#8217;horari d&#8217;atenci\u00f3 \u00e9s dilluns i dimecres de 15 a 17h. La majoria de tr\u00e0mits i dubtes es poden resoldre per tel\u00e8fon o correu electr\u00f2nic. Ens podeu trucar per tel\u00e8fon al 93 892 23 96 o enviar un correu electr\u00f2nic a l\u2019adre\u00e7a <a href=\"mailto:ampa@escolamasiperera.cat\"><span style=\"color: #1155cc;\"><u>afa@escolamasiperera.cat<\/u><\/span><\/a>.<\/li>\n<li>Tamb\u00e9 tenim compte a <a href=\"https:\/\/www.instagram.com\/ampamasiperera\/\"><span style=\"color: #1155cc;\"><u>Instagram<\/u><\/span><\/a> (@afamasiperera) i Tamb\u00e9 aquest curs 2025 &#8211; 2026 tornem a tenir\u00a0<a href=\"https:\/\/x.com\/afamasiperera\">perfil de X.<\/a><\/li>\n<li>Grups de whatsapp: Recomanem que les fam\u00edlies de cada grup classe s\u2019organitzin en un grup de WhatsApp en el qual, a trav\u00e9s de les delegades i delegats de classe podeu rebre les informacions al vostre tel\u00e8fon m\u00f2bil.<\/li>\n<li>Tota la informaci\u00f3 relativa a l\u2019entitat i als serveis que ofereix est\u00e0 disponible a l\u2019apartat AFA del web de l\u2019escola: <a href=\"https:\/\/agora.xtec.cat\/ceip-masiperera\/afa\/\"><span style=\"color: #1155cc;\"><u>https:\/\/agora.xtec.cat\/ceip-masiperera\/afa\/<\/u><\/span><\/a><\/li>\n<\/ul>\n<p align=\"left\"><b>Com participar-hi?<\/b><\/p>\n<p align=\"left\">L\u2019AFA \u00e9s una associaci\u00f3 oberta a totes les fam\u00edlies s\u00f2cies de l\u2019escola. Per donar un cop de m\u00e0 en moments puntuals tenim un grup de whatsapp anomenat <a href=\"https:\/\/chat.whatsapp.com\/CQCBFMJ3gvw9hpuhKPDtuJ?mode=ems_copy_t\">AFA &#8211; Mans Col\u00b7laboradores<\/a> . Tothom hi \u00e9s benvingut, sigui quin sigui el seu grau d\u2019implicaci\u00f3. Us podeu posar en contacte amb nosaltres per qualsevol dels canals citats a l\u2019apartat anterior.<\/p>\n<p style=\"text-align: left;\"><b>Actuals membres de la junta<\/b><br \/>\nLa junta del per\u00edode 2024 \u2013 2028 est\u00e0 integrada per les seg\u00fcents persones:<\/p>\n<ul>\n<li style=\"text-align: left;\">Presidenta: Anna Jim\u00e9nez<\/li>\n<li style=\"text-align: left;\">Tresorera: Laura Mestre<\/li>\n<li style=\"text-align: left;\">Secret\u00e0ria: N\u00faria Ferr\u00e0s<\/li>\n<li style=\"text-align: left;\">Vocals: Jordi Mil\u00e0, Freddy Higuera i \u00c1ngel Artacho, a banda de Maryam Bentayab, Laura Jim\u00e9nez, Marta Mas\u00f3 i Lorena Orofino<\/li>\n<li style=\"text-align: left;\">Col\u00b7laboradores: Totes aquelles persones s\u00f2cies que vulgueu participar. Per donar un cop de m\u00e0 en moments puntuals tenim un grup de whatsapp anomenat <a href=\"https:\/\/chat.whatsapp.com\/CQCBFMJ3gvw9hpuhKPDtuJ?mode=ems_copy_t\">AFA &#8211; Mans Col\u00b7laboradores<\/a><\/li>\n<\/ul>\n<p><b>Reglament intern<\/b><br \/>\nL\u2019assemblea general \u00e9s l\u2019\u00f2rgan format per tots els socis i en el que recau el poder sobir\u00e0 de l\u2019associaci\u00f3. El costum democr\u00e0tic i integrador de la nostra AMPA ha perm\u00e8s l\u2019assist\u00e8ncia de m\u00e9s d\u2019un membre per fam\u00edlia a les assemblees, donant veu a tots aquells que s\u2019hi fan presents.<\/p>\n<p>Aquest mateix costum ens ha encaminat a la recerca del consens a l\u2019hora de prendre decisions en qualsevol \u00e0mbit; no obstant aix\u00f2, en aquelles ocasions en qu\u00e8 es fa necessari rec\u00f3rrer a les votacions, hem de recordar que nom\u00e9s es permet un vot per fam\u00edlia.<\/p>\n<ul>\n<li>L\u2019assemblea \u00e9s, tanmateix, qui escull i ratifica als membres de la junta directiva, sempre d\u2019acord amb el procediment i els pla\u00e7os establerts en els estatuts.<\/li>\n<li>La junta directiva \u00e9s l\u2019\u00f2rgan de govern de l\u2019associaci\u00f3. Est\u00e0 format per aquells membres que, despr\u00e9s de ser escollits i ratificats en assemblea constituent, esdevenen vocals de la junta.<\/li>\n<li>Segons els estatuts, la junta t\u00e9 com a m\u00ednim els c\u00e0rrecs de president\/a, vicepresident\/a, secretari\/a i tresorer\/a, aix\u00ed com tots aquells vocals que resultin de l\u2019anterior votaci\u00f3 o de posteriors incorporacions que s\u2019afegiran a la Junta de forma temporal i que seran ratificats en la primera Assemblea que es torni a convocar.<\/li>\n<li>La junta s\u2019organitza internament en comissions de treball per fomentar la feina en equip i assegurar la continu\u00eftat dels serveis i projectes. Cada junta \u00e9s lliure d\u2019organitzar-se de la forma m\u00e9s convenient en base a les caracter\u00edstiques i disponibilitat dels seus membres, aix\u00ed com a les necessitats de cada moment.<\/li>\n<li>Els delegats i delegades de classe s\u00f3n el conjunt de pares, mares o tutors\/es legals escollits per cadascuna de les classes amb l\u2019objectiu principal de canalitzar la informaci\u00f3 des de les fam\u00edlies del grup cap al professor\/a o tutor\/a i cap a l\u2019AFA, i viceversa. Alhora, resten en contacte permanent amb la junta de l\u2019AFA\u00a0mitjan\u00e7ant la figura del coordinador o coordinadora de delegats (que ser\u00e0 un dels vocals de la junta). Delegats i delegades s\u00f3n part fonamental en la dinamitzaci\u00f3 de la vida escolar.<\/li>\n<li>El voluntariat est\u00e0 integrat per les persones que ofereixin la seva col\u00b7laboraci\u00f3 de forma puntual o b\u00e9 de forma permanent donant suport a qualsevol de les comissions de treball sense formar part de la junta directiva. Aquest \u00e9s el grup de persones que, depenent del seu n\u00famero i el seu grau d\u2019implicaci\u00f3, permet dur a terme tots aquells projectes que la junta t\u00e9 latents o que les fam\u00edlies proposin.<\/li>\n<li>El car\u00e0cter voluntari i no lucratiu que caracteritza l\u2019associaci\u00f3 s\u2019est\u00e9n a la tasca dels membres de la junta. Malgrat tot, comptem amb una persona contractada a temps parcial i que resulta imprescindible per tenir actualitzat el devenir del dia a dia.<\/li>\n<\/ul>\n","protected":false},"excerpt":{"rendered":"<p>L&#8217;AFA \u00e9s una associaci\u00f3 sense \u00e0nim de lucre integrada per fam\u00edlies d\u2019alumnes de l\u2019escola Mas i Perera. L\u2019\u00f2rgan de govern de l\u2019AFA \u00e9s la junta, formada per mares i pares voluntaris que han estat escollits i ratificats en assemblea. L\u2019AFA s\u2019organitza a trav\u00e9s de comissions&hellip;  <a href=\"https:\/\/agora.xtec.cat\/ceip-masiperera\/afa\/\" title=\"Read Presentaci\u00f3 AFA\">Llegeix m\u00e9s\u00bb<\/a><\/p>\n","protected":false},"author":4,"featured_media":0,"parent":0,"menu_order":0,"comment_status":"closed","ping_status":"closed","template":"page-templates\/side-menu.php","meta":{"_bbp_topic_count":0,"_bbp_reply_count":0,"_bbp_total_topic_count":0,"_bbp_total_reply_count":0,"_bbp_voice_count":0,"_bbp_anonymous_reply_count":0,"_bbp_topic_count_hidden":0,"_bbp_reply_count_hidden":0,"_bbp_forum_subforum_count":0,"footnotes":""},"class_list":["post-9484","page","type-page","status-publish","hentry"],"post_mailing_queue_ids":[],"_links":{"self":[{"href":"https:\/\/agora.xtec.cat\/ceip-masiperera\/wp-json\/wp\/v2\/pages\/9484","targetHints":{"allow":["GET"]}}],"collection":[{"href":"https:\/\/agora.xtec.cat\/ceip-masiperera\/wp-json\/wp\/v2\/pages"}],"about":[{"href":"https:\/\/agora.xtec.cat\/ceip-masiperera\/wp-json\/wp\/v2\/types\/page"}],"author":[{"embeddable":true,"href":"https:\/\/agora.xtec.cat\/ceip-masiperera\/wp-json\/wp\/v2\/users\/4"}],"replies":[{"embeddable":true,"href":"https:\/\/agora.xtec.cat\/ceip-masiperera\/wp-json\/wp\/v2\/comments?post=9484"}],"version-history":[{"count":6,"href":"https:\/\/agora.xtec.cat\/ceip-masiperera\/wp-json\/wp\/v2\/pages\/9484\/revisions"}],"predecessor-version":[{"id":12445,"href":"https:\/\/agora.xtec.cat\/ceip-masiperera\/wp-json\/wp\/v2\/pages\/9484\/revisions\/12445"}],"wp:attachment":[{"href":"https:\/\/agora.xtec.cat\/ceip-masiperera\/wp-json\/wp\/v2\/media?parent=9484"}],"curies":[{"name":"wp","href":"https:\/\/api.w.org\/{rel}","templated":true}]}}