{"id":64,"date":"2014-09-18T12:39:08","date_gmt":"2014-09-18T11:39:08","guid":{"rendered":"http:\/\/agora.xtec.cat\/ceip-masiperera\/?page_id=64"},"modified":"2022-02-16T11:03:10","modified_gmt":"2022-02-16T10:03:10","slug":"projecte-educatiu","status":"publish","type":"page","link":"https:\/\/agora.xtec.cat\/ceip-masiperera\/lescola\/documents-descola\/projecte-educatiu\/","title":{"rendered":"PROJECTE EDUCATIU"},"content":{"rendered":"<p><a href=\"https:\/\/agora.xtec.cat\/ceip-masiperera\/wp-content\/uploads\/usu690\/2020\/01\/Doc-sencer-PEC-Escola-Mas-i-Perera.pdf\"><strong>PROJECTE EDUCATIU<\/strong><\/a><\/p>\n<p><span style=\"font-size: medium; color: #800080;\"><b>Identitat i car\u00e0cter propi d\u2019escola p\u00fablica de la xarxa d\u2019escoles de Catalunya<\/b><\/span><\/p>\n<p>L\u2019escola Mas i Perera\u00a0 forma part de la xarxa d\u2019escoles p\u00fabliques de Catalunya, per tant \u00e9s una escola del Servei Educatiu de Catalunya (SEC),\u00a0 i segons l\u2019article 93 de la LEC <u>es defineix com<\/u> a: inclusiva, laica i respectuosa amb la pluralitat, d\u2019acord amb els <u>principis<\/u> de : qualitat pedag\u00f2gica, direcci\u00f3 responsable, dedicaci\u00f3 i professionalitat dels docents, d\u2019avaluaci\u00f3 i retiment de comptes, d\u2019implicaci\u00f3 de les fam\u00edlies, de preservaci\u00f3 de l\u2019equitat, de cerca d\u2019excel\u00b7l\u00e8ncia, de respecte a les idees i les creences dels alumnes i de llurs mares, pares o tutors.<\/p>\n<p><span style=\"font-size: medium; color: #800080;\"><b>Els propis trets d\u2019identitat:<\/b><\/span><\/p>\n<p><b>\u00a0<\/b><span style=\"color: #0000ff;\"><b><span style=\"font-size: medium;\">ENTENEM L\u2019ESCOLA<\/span> <\/b><\/span>\u00a0com un espai de conviv\u00e8ncia i de formaci\u00f3, on nens i nenes, mestres, pares i mares, monitoratge i personal no docent treballem conjuntament :<\/p>\n<p>-Per una escola catalana, p\u00fablica i de qualitat.<\/p>\n<p>-Des de la col\u00b7laboraci\u00f3 i cooperaci\u00f3.<\/p>\n<p><span style=\"font-size: medium; color: #0000ff;\"><b>FOMENTEM<\/b>:<\/span><\/p>\n<p>L\u2019educaci\u00f3 des de <u>les habilitats<\/u>: intel\u00b7lectuals, f\u00edsiques, art\u00edstiques i socials.<\/p>\n<p><u>L\u2019arrelament cultural al nostre pa\u00eds<\/u>:<\/p>\n<p>Llengua, geografia, hist\u00f2ria, cultura i costums de la nostra vila i de Catalunya.<\/p>\n<p><u>L\u2019educaci\u00f3 en els valors i la conviv\u00e8ncia:<\/u><\/p>\n<p>L\u2019educaci\u00f3 en els valors\u00a0: di\u00e0leg, comunicaci\u00f3, respecte, toler\u00e0ncia, responsabilitat, inter\u00e8s, cooperaci\u00f3, solidaritat i esfor\u00e7.<\/p>\n<p>L\u2019autonomia personal i l\u2019aprenentatge cooperatiu.<\/p>\n<p>La participaci\u00f3 activa de l\u2019alumnat<\/p>\n<p>Comprom\u00eds amb el progr\u00e9s personal i amb la comunitat educativa.<\/p>\n<p><u>Les ci\u00e8ncies<\/u><b>:<\/b><\/p>\n<p>El respecte i l\u2019educaci\u00f3 mediambiental.<\/p>\n<p>L\u2019experimentaci\u00f3 i l\u2019observaci\u00f3<\/p>\n<p><u>La creativitat<\/u><\/p>\n<p><span lang=\"FR\">La creativitat des de tots els \u00e0mbits.<\/span><\/p>\n<p><span lang=\"FR\">\u00a0<\/span><span style=\"font-size: medium; color: #0000ff;\"><b>ENS PROPOSEM<\/b><\/span><\/p>\n<p><span style=\"font-size: medium; color: #00ccff;\"><b>Que l\u2019alumnat:<\/b><\/span><\/p>\n<p>&#8211;<u>Prog<\/u><u><span lang=\"FR\">ressi<\/span><\/u><span lang=\"FR\">\u00a0 segons les seves possibilitats i <u>valori l\u2019esfor\u00e7<\/u> per millorar les seves compet\u00e8ncies.<\/span><\/p>\n<p>-Conegui i estimi la <u>cultura catalana<\/u> per\u00f2 tamb\u00e9 les altres cultures presents a l\u2019escola.<\/p>\n<p>-Sigui <u>respectu\u00f3s, exigent i responsable<\/u> en el seu progr\u00e9s com a persona i en el progr\u00e9s en aprenentatges.<\/p>\n<p>-Adquireixi un <u>bon domini de llenguatge<\/u> i <u>aprengui a pensar<\/u> de manera cr\u00edtica i creativa.<\/p>\n<p>-Creixi en la responsabilitat del <u>respecte al mediambient, i en un entorn escolar sostenible.<\/u><\/p>\n<p>-Sigui un <u>usuari actiu i responsable en l\u2019\u00fas de les tecnologies de la informaci\u00f3 i de la comunicaci\u00f3.<\/u><\/p>\n<p><span style=\"font-size: medium; color: #00ccff;\"><b>Que cadascun dels membres de la comunitat educativa\u00a0:<\/b><\/span><\/p>\n<p>-Senti el projecte de l\u2019escola com a propi.<\/p>\n<p>-Es senti reconegut com a membre actiu i faci\u00a0 aportacions des de les seves possibilitats i capacitats.<\/p>\n<p>-Sigui acollit i a la vegada acollidor.<\/p>\n<p><span style=\"font-size: medium; color: #339966;\"><b>En definitiva ens\u00a0 proposem crear un entorn on tots els que formem part d\u2019aquesta comunitat hi trobem la manera de millorar.<\/b><\/span><\/p>\n<p><span style=\"font-size: medium;\"><b>\u00a0<\/b><\/span><\/p>\n<p><span style=\"font-size: medium; color: #0000ff;\"><b>COM HO CONCRETEM:<\/b><\/span><\/p>\n<p>S\u2019han establert als llarg de la hist\u00f2ria de l\u2019escola uns <u>eixos tranversals<\/u><\/p>\n<p>&#8211; Les festes populars catalanes i el calendari cultural i festiu de les cultures amb m\u00e9s pres\u00e8ncia\u00a0 a l\u2019escola.<\/p>\n<p>-Les sortides i les col\u00f2nies a la natura.<\/p>\n<p>-L\u2019educaci\u00f3 mediambiental i les ci\u00e8ncies.<\/p>\n<p>-La biblioteca.<\/p>\n<p>-L\u2019aprenentatge cooperatiu.<\/p>\n<p><span lang=\"FR\">-La participaci\u00f3: assemblees de classe, c\u00e0rrecs, masinot\u00edcies, col\u00b7laboracions amb l\u2019escola \u2026.<\/span><\/p>\n<p>-Atenci\u00f3 a la diversitat i la inclusi\u00f3 de tot l&#8217;alumnat.<\/p>\n<p>-El treball en equip.<\/p>\n<p>-Pres\u00e8ncia activa de les fam\u00edlies<\/p>\n","protected":false},"excerpt":{"rendered":"<p><a href=\"https:\/\/agora.xtec.cat\/ceip-masiperera\/wp-content\/uploads\/usu690\/2020\/01\/Doc-sencer-PEC-Escola-Mas-i-Perera.pdf\">PROJECTE EDUCATIU<\/a><br \/>\nIdentitat i car\u00e0cter propi d\u2019escola p\u00fablica de la xarxa d\u2019escoles de Catalunya<br \/>\nL\u2019escola Mas i Perera\u00a0 forma part de la xarxa d\u2019escoles p\u00fabliques de Catalunya, per tant \u00e9s una escola del Servei Educatiu de Catalunya (SEC),\u00a0 i segons l\u2019article 93 de la LEC es&hellip;  <a href=\"https:\/\/agora.xtec.cat\/ceip-masiperera\/lescola\/documents-descola\/projecte-educatiu\/\" title=\"Read PROJECTE EDUCATIU\">Llegeix m\u00e9s\u00bb<\/a><\/p>\n","protected":false},"author":1,"featured_media":0,"parent":5827,"menu_order":0,"comment_status":"closed","ping_status":"closed","template":"page-templates\/side-menu.php","meta":{"_bbp_topic_count":0,"_bbp_reply_count":0,"_bbp_total_topic_count":0,"_bbp_total_reply_count":0,"_bbp_voice_count":0,"_bbp_anonymous_reply_count":0,"_bbp_topic_count_hidden":0,"_bbp_reply_count_hidden":0,"_bbp_forum_subforum_count":0,"footnotes":""},"class_list":["post-64","page","type-page","status-publish","hentry"],"post_mailing_queue_ids":[],"_links":{"self":[{"href":"https:\/\/agora.xtec.cat\/ceip-masiperera\/wp-json\/wp\/v2\/pages\/64","targetHints":{"allow":["GET"]}}],"collection":[{"href":"https:\/\/agora.xtec.cat\/ceip-masiperera\/wp-json\/wp\/v2\/pages"}],"about":[{"href":"https:\/\/agora.xtec.cat\/ceip-masiperera\/wp-json\/wp\/v2\/types\/page"}],"author":[{"embeddable":true,"href":"https:\/\/agora.xtec.cat\/ceip-masiperera\/wp-json\/wp\/v2\/users\/1"}],"replies":[{"embeddable":true,"href":"https:\/\/agora.xtec.cat\/ceip-masiperera\/wp-json\/wp\/v2\/comments?post=64"}],"version-history":[{"count":3,"href":"https:\/\/agora.xtec.cat\/ceip-masiperera\/wp-json\/wp\/v2\/pages\/64\/revisions"}],"predecessor-version":[{"id":9858,"href":"https:\/\/agora.xtec.cat\/ceip-masiperera\/wp-json\/wp\/v2\/pages\/64\/revisions\/9858"}],"up":[{"embeddable":true,"href":"https:\/\/agora.xtec.cat\/ceip-masiperera\/wp-json\/wp\/v2\/pages\/5827"}],"wp:attachment":[{"href":"https:\/\/agora.xtec.cat\/ceip-masiperera\/wp-json\/wp\/v2\/media?parent=64"}],"curies":[{"name":"wp","href":"https:\/\/api.w.org\/{rel}","templated":true}]}}