{"id":500,"date":"2016-08-28T12:36:39","date_gmt":"2016-08-28T11:36:39","guid":{"rendered":"http:\/\/agora.xtec.cat\/ceip-masiperera\/?page_id=500"},"modified":"2026-02-11T11:27:08","modified_gmt":"2026-02-11T10:27:08","slug":"equip-docent","status":"publish","type":"page","link":"https:\/\/agora.xtec.cat\/ceip-masiperera\/informacions\/equip-docent\/","title":{"rendered":"EQUIP DE CLAUSTRE"},"content":{"rendered":"<h3><strong><span style=\"color: #008080;\">CURS 2025-2026<\/span><\/strong><\/h3>\n<p><span style=\"color: #000000;\">L&#8217;equip de claustre que aquest curs treballarem amb els vostres fills i filles el formem:<\/span><\/p>\n<h4><span style=\"color: #000000;\"><strong>EDUCACI\u00d3 INFANTIL <\/strong>\u00a0 \u00a0\u00a0<\/span><\/h4>\n<ul>\n<li><span style=\"color: #000000;\">I3 : Meritxell Ag\u00fcera i Enrica Gili\u00a0<\/span><\/li>\n<li><span style=\"color: #000000;\">I4:\u00a0 Carla Romera\u00a0i\u00a0Maribel Garcia<\/span><\/li>\n<li><span style=\"color: #000000;\">I5:\u00a0 Alba Vila i Aida Pall\u00e0s (Cristina Ribas)<\/span><\/li>\n<\/ul>\n<p><span style=\"color: #000000;\">La coordinadora\u00a0 d\u00b4Educaci\u00f3 Infantil \u00e9s la M\u00edriam Sellar\u00e8s.<\/span><\/p>\n<p>&nbsp;<\/p>\n<h4><span style=\"color: #000000;\"><strong>EDUCACI\u00d3 PRIM\u00c0RIA<\/strong><\/span><\/h4>\n<p><span style=\"color: #000000;\">\u00a0 \u00a0 \u00a0 \u00a0 \u00a0 \u00a0\u00a0<u>Cicle Inicial<\/u><\/span><\/p>\n<ul>\n<li><span style=\"color: #000000;\">Primer:\u00a0Andrea G\u00f3mez (Joan Picas) i Gemma Rius<\/span><\/li>\n<li><span style=\"color: #000000;\">Segon: Faust S\u00e1nchez i Marta Vendrell<\/span><\/li>\n<\/ul>\n<p><span style=\"color: #000000;\">\u00a0El coordinador de Cicle Inicial \u00e9s el Joan Picas.<\/span><\/p>\n<p><span style=\"color: #000000;\">\u00a0\u00a0 \u00a0 \u00a0 \u00a0 \u00a0\u00a0<u>Cicle Mitj\u00e0<\/u><\/span><\/p>\n<ul>\n<li><span style=\"color: #000000;\">Tercer:\u00a0Sandra Estrany i Foix Bov\u00e9<\/span><\/li>\n<li><span style=\"color: #000000;\">Quart: Beatriz Blanco i T\u00e0nia Pablo\u00a0<\/span><\/li>\n<\/ul>\n<p><span style=\"color: #000000;\">La coordinadora de Cicle Mitj\u00e0 \u00e9s la Sandra Estrany.<\/span><\/p>\n<p><span style=\"color: #000000;\">\u00a0\u00a0<u>Cicle\u00a0 Superior<\/u><\/span><\/p>\n<ul>\n<li><span style=\"color: #000000;\">Cinqu\u00e8: Adri\u00e0 Armengou (J\u00falia Sol\u00e9) i Yolanda L\u00f3pez<\/span><\/li>\n<li><span style=\"color: #000000;\">Sis\u00e8: Maria Plana i Montse Miracle<\/span><\/li>\n<\/ul>\n<p><span style=\"color: #000000;\">La coordinadora de Cicle Superior \u00e9s la\u00a0Sandra Planas.<\/span><\/p>\n<h4><\/h4>\n<h4><span style=\"color: #000000;\"><strong>ESPECIALITATS<\/strong><\/span><\/h4>\n<ul>\n<li><span style=\"color: #000000;\"><span style=\"font-family: Calibri, serif;\"><span style=\"font-size: large;\">Educaci\u00f3 Especial: Laura Cabezas, Mireia Gallardo, Foix Ortiz, Yolanda Tafalla <\/span><\/span><span style=\"font-family: Calibri, serif;\"><span style=\"font-size: large;\">i<\/span><\/span><span style=\"font-family: Calibri, serif;\"><span style=\"font-size: large;\"> M\u00edriam Sellar\u00e8s<\/span><\/span><\/span><\/li>\n<li><span style=\"font-family: Calibri, serif; color: #000000;\"><span style=\"font-size: large;\">SIEI: Laura Granell<\/span><\/span><\/li>\n<li><span style=\"font-family: Calibri, serif; color: #000000;\"><span style=\"font-size: large;\">Educadora d\u2019Educaci\u00f3 Especial SIEI: M\u00f2nica Amat<\/span><\/span><\/li>\n<li><span style=\"color: #000000;\">AIP: Cristina Ravent\u00f3s<\/span><\/li>\n<li><span style=\"font-family: Calibri, serif; color: #000000;\"><span style=\"font-size: large;\">Educadora d&#8217;Educaci\u00f3 Especial AIP: Raquel Ribera<\/span><\/span><\/li>\n<li><span style=\"font-family: Calibri, serif; color: #000000;\"><span style=\"font-size: large;\">Psicomotricitat: Laia Vilchez\u00a0<\/span><\/span><\/li>\n<li><span style=\"font-family: Calibri, serif; color: #000000;\"><span style=\"font-size: large;\">Educaci\u00f3 F\u00edsica: Albert Ferr\u00e9, Faust S\u00e1nchez i Laia Vilchez\u00a0<\/span><\/span><\/li>\n<li><span style=\"font-family: Calibri, serif; color: #000000;\"><span style=\"font-size: large;\">Angl\u00e8s: Iolanda Bertran, Cristina Roda i Sofia Serna (Anna Borbones)<\/span><\/span><\/li>\n<li><span style=\"font-family: Calibri, serif; color: #000000;\"><span style=\"font-size: large;\">Educaci\u00f3 Musical: Maria Jos\u00e9 Bonastre (Vicent Carbonell) , David Ranilla i M\u00edriam Sellar\u00e8s<\/span><\/span><\/li>\n<\/ul>\n<p>&nbsp;<\/p>\n<ul>\n<li><span style=\"color: #000000;\"><span style=\"font-family: Calibri, serif;\"><span style=\"font-size: large;\">Altres suports, algunes \u00e0rees: <\/span><\/span>mestres dels diferents cicles<\/span><\/li>\n<li><span style=\"font-family: Calibri, serif; color: #000000;\"><span style=\"font-size: large;\">Aula d\u2019Acollida: Sandra Planas<\/span><\/span><\/li>\n<li><span style=\"font-family: Calibri, serif; color: #000000;\"><span style=\"font-size: large;\">T\u00e8cnica d\u2019Educaci\u00f3 Infantil: Roser Grimau<\/span><\/span><\/li>\n<li><span style=\"font-family: Calibri, serif; color: #000000;\"><span style=\"font-size: large;\">Integradora social: Merc\u00e8 Pascual (Anna Brigos)<\/span><\/span><\/li>\n<li><span style=\"color: #000000;\"><span style=\"font-family: Calibri, serif;\"><span style=\"font-size: large;\">Auxiliars d\u2019Educaci\u00f3 Especial: Isabel Benavides (Susanna Farreras), Montse Guerrero, <\/span><\/span>Montse Vega i Montse S\u00e1nchez.<\/span><\/li>\n<\/ul>\n<p>&nbsp;<\/p>\n<h4><span style=\"color: #000000;\"><strong>EQUIP DIRECTIU<\/strong><\/span><\/h4>\n<ul>\n<li><span style=\"color: #000000;\">Directora:\u00a0 \u00a0 \u00a0 \u00a0 \u00a0 \u00a0\u00a0Iolanda Bertran<\/span><\/li>\n<li><span style=\"color: #000000;\">Cap d\u00b4estudis:\u00a0 \u00a0 Foix Ortiz<\/span><\/li>\n<li><span style=\"color: #000000;\">Secret\u00e0ria: \u00a0 \u00a0\u00a0 \u00a0 \u00a0 Mireia Gallardo<\/span><\/li>\n<\/ul>\n","protected":false},"excerpt":{"rendered":"<p>CURS 2025-2026<br \/>\nL&#8217;equip de claustre que aquest curs treballarem amb els vostres fills i filles el formem:<br \/>\nEDUCACI\u00d3 INFANTIL \u00a0 \u00a0\u00a0<\/p>\n<ul>\n<li>I3 : Meritxell Ag\u00fcera i Enrica Gili\u00a0<\/li>\n<li>I4:\u00a0 Carla Romera\u00a0i\u00a0Maribel Garcia<\/li>\n<li>I5:\u00a0 Alba Vila i Aida Pall\u00e0s (Cristina Ribas)<\/li>\n<\/ul>\n<p>La coordinadora\u00a0 d\u00b4Educaci\u00f3 Infantil \u00e9s la M\u00edriam Sellar\u00e8s.<br \/>\n&nbsp;<br \/>\nEDUCACI\u00d3 PRIM\u00c0RIA<br \/>\n\u00a0 \u00a0 \u00a0&hellip;  <a href=\"https:\/\/agora.xtec.cat\/ceip-masiperera\/informacions\/equip-docent\/\" title=\"Read EQUIP DE CLAUSTRE\">Llegeix m\u00e9s\u00bb<\/a><\/p>\n","protected":false},"author":4,"featured_media":0,"parent":462,"menu_order":0,"comment_status":"closed","ping_status":"closed","template":"page-templates\/side-menu.php","meta":{"_bbp_topic_count":0,"_bbp_reply_count":0,"_bbp_total_topic_count":0,"_bbp_total_reply_count":0,"_bbp_voice_count":0,"_bbp_anonymous_reply_count":0,"_bbp_topic_count_hidden":0,"_bbp_reply_count_hidden":0,"_bbp_forum_subforum_count":0,"footnotes":""},"class_list":["post-500","page","type-page","status-publish","hentry"],"post_mailing_queue_ids":[],"_links":{"self":[{"href":"https:\/\/agora.xtec.cat\/ceip-masiperera\/wp-json\/wp\/v2\/pages\/500","targetHints":{"allow":["GET"]}}],"collection":[{"href":"https:\/\/agora.xtec.cat\/ceip-masiperera\/wp-json\/wp\/v2\/pages"}],"about":[{"href":"https:\/\/agora.xtec.cat\/ceip-masiperera\/wp-json\/wp\/v2\/types\/page"}],"author":[{"embeddable":true,"href":"https:\/\/agora.xtec.cat\/ceip-masiperera\/wp-json\/wp\/v2\/users\/4"}],"replies":[{"embeddable":true,"href":"https:\/\/agora.xtec.cat\/ceip-masiperera\/wp-json\/wp\/v2\/comments?post=500"}],"version-history":[{"count":7,"href":"https:\/\/agora.xtec.cat\/ceip-masiperera\/wp-json\/wp\/v2\/pages\/500\/revisions"}],"predecessor-version":[{"id":12744,"href":"https:\/\/agora.xtec.cat\/ceip-masiperera\/wp-json\/wp\/v2\/pages\/500\/revisions\/12744"}],"up":[{"embeddable":true,"href":"https:\/\/agora.xtec.cat\/ceip-masiperera\/wp-json\/wp\/v2\/pages\/462"}],"wp:attachment":[{"href":"https:\/\/agora.xtec.cat\/ceip-masiperera\/wp-json\/wp\/v2\/media?parent=500"}],"curies":[{"name":"wp","href":"https:\/\/api.w.org\/{rel}","templated":true}]}}