{"id":3190,"date":"2018-01-30T12:18:43","date_gmt":"2018-01-30T11:18:43","guid":{"rendered":"http:\/\/agora.xtec.cat\/ceip-masiperera\/?page_id=3190"},"modified":"2025-09-03T04:38:09","modified_gmt":"2025-09-03T02:38:09","slug":"reutilitzacio-de-llibres","status":"publish","type":"page","link":"https:\/\/agora.xtec.cat\/ceip-masiperera\/afa\/serveis-afa\/reutilitzacio-de-llibres\/","title":{"rendered":"REUTILITZACI\u00d3 DE LLIBRES"},"content":{"rendered":"<p>El Projecte de Reutilitzaci\u00f3 de llibres i material escolar va comen\u00e7ar el curs 2005-2006 impulsat per l\u2019escola. A partir del 2008, l\u2019AFA va assumir tamb\u00e9 la dinamitzaci\u00f3 del programa, de manera que la gesti\u00f3 es fa de forma conjunta entre el centre educatiu i l\u2019Associaci\u00f3 de Fam\u00edlies.<\/p>\n<p>L\u2019objectiu principal del projecte \u00e9s pedag\u00f2gic i de transmissi\u00f3 de valors, tot i que tamb\u00e9 comporta un benefici econ\u00f2mic per a les fam\u00edlies. Per garantir-ne el bon funcionament, cal que cada fam\u00edlia aboni una quota anual de reutilitzaci\u00f3. En cas que es produeixi una modificaci\u00f3 significativa del curr\u00edculum escolar, aquest import podria veure\u2019s incrementat.<\/p>\n<p>Els llibres s\u2019utilitzen al llarg de tot el curs i han de ser retornats en bon estat. Si algun exemplar resulta malm\u00e8s, la fam\u00edlia haur\u00e0 de substituir-lo o abonar-ne el cost. El proc\u00e9s de revisi\u00f3 \u00e9s compartit: comen\u00e7a amb les fam\u00edlies, continua amb el professorat i finalitza amb l\u2019AFA.<\/p>\n<p>Aquest projecte est\u00e0 destinat exclusivament als membres (infants de l&#8217;escola) de les fam\u00edlies s\u00f2cies de l\u2019AFA que hagin fet efectiva la quota anual. Gr\u00e0cies a aquesta iniciativa, cada fam\u00edlia pot estalviar aproximadament 700\u202f\u20ac en llibres escolars entre 1r i 6\u00e8 de prim\u00e0ria per cada fill o filla.<\/p>\n","protected":false},"excerpt":{"rendered":"<p>El Projecte de Reutilitzaci\u00f3 de llibres i material escolar va comen\u00e7ar el curs 2005-2006 impulsat per l\u2019escola. A partir del 2008, l\u2019AFA va assumir tamb\u00e9 la dinamitzaci\u00f3 del programa, de manera que la gesti\u00f3 es fa de forma conjunta entre el centre educatiu i l\u2019Associaci\u00f3&hellip;  <a href=\"https:\/\/agora.xtec.cat\/ceip-masiperera\/afa\/serveis-afa\/reutilitzacio-de-llibres\/\" title=\"Read REUTILITZACI\u00d3 DE LLIBRES\">Llegeix m\u00e9s\u00bb<\/a><\/p>\n","protected":false},"author":4,"featured_media":0,"parent":12436,"menu_order":0,"comment_status":"closed","ping_status":"closed","template":"","meta":{"_bbp_topic_count":0,"_bbp_reply_count":0,"_bbp_total_topic_count":0,"_bbp_total_reply_count":0,"_bbp_voice_count":0,"_bbp_anonymous_reply_count":0,"_bbp_topic_count_hidden":0,"_bbp_reply_count_hidden":0,"_bbp_forum_subforum_count":0,"footnotes":""},"class_list":["post-3190","page","type-page","status-publish","hentry"],"post_mailing_queue_ids":[],"_links":{"self":[{"href":"https:\/\/agora.xtec.cat\/ceip-masiperera\/wp-json\/wp\/v2\/pages\/3190","targetHints":{"allow":["GET"]}}],"collection":[{"href":"https:\/\/agora.xtec.cat\/ceip-masiperera\/wp-json\/wp\/v2\/pages"}],"about":[{"href":"https:\/\/agora.xtec.cat\/ceip-masiperera\/wp-json\/wp\/v2\/types\/page"}],"author":[{"embeddable":true,"href":"https:\/\/agora.xtec.cat\/ceip-masiperera\/wp-json\/wp\/v2\/users\/4"}],"replies":[{"embeddable":true,"href":"https:\/\/agora.xtec.cat\/ceip-masiperera\/wp-json\/wp\/v2\/comments?post=3190"}],"version-history":[{"count":4,"href":"https:\/\/agora.xtec.cat\/ceip-masiperera\/wp-json\/wp\/v2\/pages\/3190\/revisions"}],"predecessor-version":[{"id":12424,"href":"https:\/\/agora.xtec.cat\/ceip-masiperera\/wp-json\/wp\/v2\/pages\/3190\/revisions\/12424"}],"up":[{"embeddable":true,"href":"https:\/\/agora.xtec.cat\/ceip-masiperera\/wp-json\/wp\/v2\/pages\/12436"}],"wp:attachment":[{"href":"https:\/\/agora.xtec.cat\/ceip-masiperera\/wp-json\/wp\/v2\/media?parent=3190"}],"curies":[{"name":"wp","href":"https:\/\/api.w.org\/{rel}","templated":true}]}}