{"id":28,"date":"2014-09-18T12:29:35","date_gmt":"2014-09-18T11:29:35","guid":{"rendered":"http:\/\/agora.xtec.cat\/ceip-masiperera\/?page_id=28"},"modified":"2025-02-20T11:41:53","modified_gmt":"2025-02-20T10:41:53","slug":"consell-escolar","status":"publish","type":"page","link":"https:\/\/agora.xtec.cat\/ceip-masiperera\/lescola\/consell-escolar\/","title":{"rendered":"CONSELL ESCOLAR"},"content":{"rendered":"<p><span style=\"font-family: 'trebuchet ms', sans-serif; font-size: medium; color: #000000;\">El consell escolar de centre \u00e9s un \u00f2rgan de govern col\u00b7legiat on es troba representada tota la\u00a0comunitat educativa. \u00c9s un \u00f2rgan de decisi\u00f3 i participaci\u00f3 que juga un paper important en el funcionament del centre.<\/span><\/p>\n<ul>\n<li style=\"list-style-type: none;\">\n<ul>\n<li><a href=\"https:\/\/agora.xtec.cat\/ceip-masiperera\/wp-content\/uploads\/usu690\/2025\/02\/SET-DES_MEMBRES-DEL-CONSELL-ESCOLAR-pagina-web.pdf\">Membres del Consell Escolar<\/a><\/li>\n<\/ul>\n<\/li>\n<li style=\"list-style-type: none;\">\n<ul>\n<li>Sessions del Consell Escolar curs 2024-2025 (pendent)<\/li>\n<li><span style=\"color: #000000;\">Sessions del Consell Escolar curs 2023-2024:<\/span>\n<ul>\n<li><a href=\"https:\/\/drive.google.com\/file\/d\/1781DQQYV9LQzQJ4X5lSL9XnOqYmStTEK\/view?usp=drive_link\">Sessi\u00f3 1. Dilluns 6 de novembre de 2023<\/a><\/li>\n<li>Sessi\u00f3 2. Dimarts 12 de desembre de 2023<\/li>\n<\/ul>\n<\/li>\n<\/ul>\n<\/li>\n<li style=\"list-style-type: none;\">\n<ul>\n<li><span style=\"color: #000000;\">Sessions del Consell Escolar curs 2022-2023:<\/span>\n<ul>\n<li><a href=\"https:\/\/drive.google.com\/file\/d\/1IfCJsQvwWulPeZlc-MBuUcuZHcSU1Dx7\/view?usp=drive_link\">Sessi\u00f3 1. Dimarts 25 d&#8217;octubre de 2022<\/a><\/li>\n<li><a href=\"https:\/\/drive.google.com\/file\/d\/1XZm1GA49pHqGwkSB4bDq6brxjU4AklW5\/view?usp=sharing\">Sessi\u00f3 2. Dimecres 22 de mar\u00e7 de 2023<\/a><\/li>\n<li><a href=\"https:\/\/drive.google.com\/file\/d\/1dVeneVDp3YzKMvpl7B6WvaFKxPttzuh2\/view?usp=drive_link\">Sessi\u00f3 3. Dilluns 15 de maig de 2023<\/a><\/li>\n<li><a href=\"https:\/\/drive.google.com\/file\/d\/13xxw4-9q88gXAL-uYHvsbtyLw8VB2_OQ\/view?usp=drive_link\">Sessi\u00f3 4. Dimecres 14 de juny de 2023<\/a><\/li>\n<li><a href=\"https:\/\/drive.google.com\/file\/d\/10PBh8wgr6zrGhI1AEblvSX7n5lQOhYau\/view?usp=sharing\">Sessi\u00f3 5. Dilluns 3 de juliol de 2023<\/a><\/li>\n<\/ul>\n<\/li>\n<\/ul>\n<\/li>\n<li style=\"list-style-type: none;\">\n<ul>\n<li><span style=\"color: #000000;\">Sessions del Consell Escolar curs 2021-2022:<\/span>\n<ul>\n<li><a href=\"https:\/\/agora.xtec.cat\/ceip-masiperera\/wp-content\/uploads\/usu690\/2021\/09\/Certificat-6-setembre.pdf\">Sessi\u00f3 1. Dilluns 6 de setembre de 2021<\/a><\/li>\n<li><a href=\"https:\/\/agora.xtec.cat\/ceip-masiperera\/wp-content\/uploads\/usu690\/2021\/10\/Certificat-18-octubre-1.pdf\">Sessi\u00f3 2. Dilluns 18 d&#8217;octubre de 2021<\/a><\/li>\n<li><a href=\"https:\/\/agora.xtec.cat\/ceip-masiperera\/wp-content\/uploads\/usu690\/2022\/05\/Certificat-13-desembre.pdf\">Sessi\u00f3 3. Dilluns 13 de desembre de 2021<\/a><\/li>\n<li><a href=\"https:\/\/agora.xtec.cat\/ceip-masiperera\/wp-content\/uploads\/usu690\/2022\/05\/Certificat-28-marc-2022-1-1.pdf\">Sessi\u00f3 4. Dilluns 28 de mar\u00e7 de 2022<\/a><\/li>\n<li><a href=\"https:\/\/agora.xtec.cat\/ceip-masiperera\/wp-content\/uploads\/usu690\/2022\/05\/Certificat-4-dabril.pdf\">Sessi\u00f3 5. Dilluns 4 d&#8217;abril de 2022<\/a><\/li>\n<\/ul>\n<\/li>\n<\/ul>\n<\/li>\n<\/ul>\n<div>\n<div><a href=\"https:\/\/sites.google.com\/a\/xtec.cat\/escola-mas-i-perera\/noticies\/el-consell-escolar\/caixes-CONSELL-ESC.jpg?attredirects=0\"><img decoding=\"async\" src=\"https:\/\/sites.google.com\/a\/xtec.cat\/escola-mas-i-perera\/_\/rsrc\/1456181509636\/noticies\/el-consell-escolar\/caixes-CONSELL-ESC.jpg\" alt=\"\" border=\"0\" \/><\/a><\/div>\n<\/div>\n","protected":false},"excerpt":{"rendered":"<p>El consell escolar de centre \u00e9s un \u00f2rgan de govern col\u00b7legiat on es troba representada tota la\u00a0comunitat educativa. \u00c9s un \u00f2rgan de decisi\u00f3 i participaci\u00f3 que juga un paper important en el funcionament del centre.<\/p>\n<ul>\n<li style=\"list-style-type: none;\">\n<ul>\n<li><a href=\"https:\/\/agora.xtec.cat\/ceip-masiperera\/wp-content\/uploads\/usu690\/2025\/02\/SET-DES_MEMBRES-DEL-CONSELL-ESCOLAR-pagina-web.pdf\">Membres del Consell Escolar<\/a><\/li>\n<\/ul>\n<\/li>\n<li style=\"list-style-type: none;\">\n<ul>\n<li>Sessions del Consell&hellip;  <a href=\"https:\/\/agora.xtec.cat\/ceip-masiperera\/lescola\/consell-escolar\/\" title=\"Read CONSELL ESCOLAR\">Llegeix m\u00e9s\u00bb<\/a><br \/>\n","protected":false},"author":1,"featured_media":0,"parent":22,"menu_order":5,"comment_status":"closed","ping_status":"closed","template":"page-templates\/side-menu.php","meta":{"_bbp_topic_count":0,"_bbp_reply_count":0,"_bbp_total_topic_count":0,"_bbp_total_reply_count":0,"_bbp_voice_count":0,"_bbp_anonymous_reply_count":0,"_bbp_topic_count_hidden":0,"_bbp_reply_count_hidden":0,"_bbp_forum_subforum_count":0,"footnotes":""},"class_list":["post-28","page","type-page","status-publish","hentry"],"post_mailing_queue_ids":[],"_links":{"self":[{"href":"https:\/\/agora.xtec.cat\/ceip-masiperera\/wp-json\/wp\/v2\/pages\/28","targetHints":{"allow":["GET"]}}],"collection":[{"href":"https:\/\/agora.xtec.cat\/ceip-masiperera\/wp-json\/wp\/v2\/pages"}],"about":[{"href":"https:\/\/agora.xtec.cat\/ceip-masiperera\/wp-json\/wp\/v2\/types\/page"}],"author":[{"embeddable":true,"href":"https:\/\/agora.xtec.cat\/ceip-masiperera\/wp-json\/wp\/v2\/users\/1"}],"replies":[{"embeddable":true,"href":"https:\/\/agora.xtec.cat\/ceip-masiperera\/wp-json\/wp\/v2\/comments?post=28"}],"version-history":[{"count":7,"href":"https:\/\/agora.xtec.cat\/ceip-masiperera\/wp-json\/wp\/v2\/pages\/28\/revisions"}],"predecessor-version":[{"id":12075,"href":"https:\/\/agora.xtec.cat\/ceip-masiperera\/wp-json\/wp\/v2\/pages\/28\/revisions\/12075"}],"up":[{"embeddable":true,"href":"https:\/\/agora.xtec.cat\/ceip-masiperera\/wp-json\/wp\/v2\/pages\/22"}],"wp:attachment":[{"href":"https:\/\/agora.xtec.cat\/ceip-masiperera\/wp-json\/wp\/v2\/media?parent=28"}],"curies":[{"name":"wp","href":"https:\/\/api.w.org\/{rel}","templated":true}]}}