{"id":2229,"date":"2017-03-14T10:07:02","date_gmt":"2017-03-14T09:07:02","guid":{"rendered":"http:\/\/agora.xtec.cat\/ceip-masiperera\/?page_id=2229"},"modified":"2025-02-20T12:06:31","modified_gmt":"2025-02-20T11:06:31","slug":"pla-catala-de-lesport","status":"publish","type":"page","link":"https:\/\/agora.xtec.cat\/ceip-masiperera\/lescola\/els-projectes-de-lescola\/pla-catala-de-lesport\/","title":{"rendered":"Pla Catal\u00e0 de l&#8217;Esport"},"content":{"rendered":"<p><b>Des del curs 2009-2010 formem part del Pla Catal\u00e0 de l\u2019Esport.<\/b> Un programa regulat des de la Secretaria General de l\u2019Esport i el Departament d\u2019Educaci\u00f3.<\/p>\n<p><strong>Els objectius principals<\/strong>\u00a0s\u00f3n els seg\u00fcents:<\/p>\n<ul>\n<li>Incrementar la pr\u00e0ctica regular d&#8217;activitat f\u00edsica i esportiva en horari no lectiu<\/li>\n<li>Facilitar l\u2019acc\u00e9s a la pr\u00e0ctica esportiva escolar a tota la comunitat educativa, aix\u00ed com la col\u00b7laboraci\u00f3 en la seva dinamitzaci\u00f3<\/li>\n<li>Fomentar l\u2019adquisici\u00f3 d\u2019h\u00e0bits saludables que contribueixin a la millora del benestar personal i social<\/li>\n<li>Contribuir mitjan\u00e7ant la pr\u00e0ctica esportiva a l\u2019educaci\u00f3 en valors i fomentar la participaci\u00f3 per sobre de la competici\u00f3<\/li>\n<\/ul>\n<div><b>\u00c9s en aquest sentit, que des de l&#8217;escola ens proposem els seg\u00fcents objectius:<\/b><\/div>\n<div><\/div>\n<ul>\n<li style=\"text-align: justify;\">Dinamitzar la pres\u00e8ncia de l\u2019esport a l\u2019escola m\u00e9s enll\u00e0 de l\u2019\u00e0rea d\u2019Educaci\u00f3 F\u00edsica.<\/li>\n<li style=\"text-align: justify;\">Informar peri\u00f2dicament de les activitats esportives que sorgeixen.<\/li>\n<li style=\"text-align: justify;\">Promocionar que l&#8217;alumnat participi en activitats esportives.<\/li>\n<li style=\"text-align: justify;\">Ser un vincle d\u2019uni\u00f3 entre l\u2019esport escolar i les federacions o entitats esportives de la zona.<\/li>\n<li style=\"text-align: justify;\">Participar en les activitats esportives promocionades pel Consell Esportiu de Vilafranca.<\/li>\n<li style=\"text-align: justify;\">Detectar les necessitats dels infants en l\u2019\u00e0mbit esportiu.<\/li>\n<li style=\"text-align: justify;\">Promocionar diferents esports i activitats: atletisme, nataci\u00f3, ping-pong, tenis i malabarisme.<\/li>\n<li style=\"text-align: justify;\">Potenciar els jocs tradicionals i populars (xarranques, jocs amb xapes, bitlles catalanes, etc.)<\/li>\n<\/ul>\n<p>Algunes de les<strong> activitats<\/strong> incloses dins del Pla Catal\u00e0 de l&#8217;Esport s\u00f3n les seg\u00fcents:<\/p>\n<ul>\n<li>Oferta d&#8217;unes sessions d&#8217;activitat esportiva extraescolar gratu\u00efta a l&#8217;escola<\/li>\n<li><a href=\"https:\/\/www.jespe.org\/esport-escolar\/cros\">Difusi\u00f3 dels Cros Escolars<\/a><\/li>\n<li><a href=\"https:\/\/www.jespe.org\/esport-escolar\/trobades-prebenjamins\">Difusi\u00f3 de Trobades prebenajmines i\/o altres activitats organitzades pel Consell Esportiu de l&#8217;Alt Pened\u00e8s<\/a><\/li>\n<li><a href=\"http:\/\/agora.xtec.cat\/ceip-masiperera\/categoria\/efisica\/altresact\/\" target=\"_blank\" rel=\"noopener noreferrer\">Altres activitats<\/a><\/li>\n<li>&#8230;<\/li>\n<\/ul>\n<div><\/div>\n<div>\n<div><\/div>\n<div>\n<div><span style=\"text-decoration: underline;\"><strong>LA NOVA PIR\u00c0MIDE DE LA SALUT PLANET\u00c0RIA<\/strong><\/span><\/div>\n<div><\/div>\n<div>\n<p>Quan parlem d&#8217;<strong>alimentaci\u00f3 saludable<\/strong>\u00a0incloem el concepte de\u00a0<strong>sostenibilitat<\/strong>\u00a0doncs, d&#8217;una banda, formem part de l&#8217;ecosistema planetari i els perjudicis en la seva salut s\u00f3n pejudicis en la nostra salut; i de l&#8217;altra, una dieta m\u00e9s saludable per al nostre organisme cont\u00e9 aliments que es produeixen tamb\u00e9 de forma m\u00e9s sostenible. Aix\u00ed doncs defensem una visi\u00f3 hol\u00edstica de la salut, que inclogui la salut f\u00edsica, emocional i ambiental.<\/p>\n<p>Des d&#8217;aquesta perspectiva, avui us volem presentar\u00a0<strong><a href=\"https:\/\/escoles.fundesplai.org\/blog\/lleure\/la-nova-piramide-de-lalimentacio-saludable\/\" target=\"_blank\" rel=\"noopener\">la pir\u00e0mide de l&#8217;alimentaci\u00f3 saludable<\/a><\/strong>\u00a0que ha creat l&#8217;equip pedag\u00f2gic i de nutrici\u00f3 de Fundesplai.<\/p>\n<p><a href=\"https:\/\/agora.xtec.cat\/ceip-masiperera\/wp-content\/uploads\/usu690\/2022\/03\/unnamed.jpg\"><img loading=\"lazy\" decoding=\"async\" class=\"alignnone wp-image-9948\" src=\"https:\/\/agora.xtec.cat\/ceip-masiperera\/wp-content\/uploads\/usu690\/2022\/03\/unnamed.jpg\" alt=\"\" width=\"848\" height=\"540\" srcset=\"https:\/\/agora.xtec.cat\/ceip-masiperera\/wp-content\/uploads\/usu690\/2022\/03\/unnamed.jpg 1169w, https:\/\/agora.xtec.cat\/ceip-masiperera\/wp-content\/uploads\/usu690\/2022\/03\/unnamed-300x191.jpg 300w, https:\/\/agora.xtec.cat\/ceip-masiperera\/wp-content\/uploads\/usu690\/2022\/03\/unnamed-1024x652.jpg 1024w, https:\/\/agora.xtec.cat\/ceip-masiperera\/wp-content\/uploads\/usu690\/2022\/03\/unnamed-768x489.jpg 768w\" sizes=\"auto, (max-width: 848px) 100vw, 848px\" \/><\/a><\/p>\n<\/div>\n<\/div>\n<\/div>\n<div><b><u>VOLEU SABER COM PODEU SER ACTIUS QUAN SOU INFANTS?\u00a0<\/u><\/b><\/div>\n<div><\/div>\n<div>Des de l&#8217;Ag\u00e8ncia de Salut P\u00fablica ens fan una <a href=\"https:\/\/canalsalut.gencat.cat\/ca\/vida-saludable\/activitat-fisica\/com-ser-actiu\/infant-jove\/\">proposta<\/a> d&#8217;activitats que podem fer!<\/div>\n<div><\/div>\n","protected":false},"excerpt":{"rendered":"<p>Des del curs 2009-2010 formem part del Pla Catal\u00e0 de l\u2019Esport. Un programa regulat des de la Secretaria General de l\u2019Esport i el Departament d\u2019Educaci\u00f3.<br \/>\nEls objectius principals\u00a0s\u00f3n els seg\u00fcents:<\/p>\n<ul>\n<li>Incrementar la pr\u00e0ctica regular d&#8217;activitat f\u00edsica i esportiva en horari no lectiu<\/li>\n<li>Facilitar l\u2019acc\u00e9s a la pr\u00e0ctica esportiva&hellip;  <a href=\"https:\/\/agora.xtec.cat\/ceip-masiperera\/lescola\/els-projectes-de-lescola\/pla-catala-de-lesport\/\" title=\"Read Pla Catal\u00e0 de l&#8217;Esport\">Llegeix m\u00e9s\u00bb<\/a><br \/>\n","protected":false},"author":1,"featured_media":0,"parent":429,"menu_order":0,"comment_status":"closed","ping_status":"closed","template":"","meta":{"_bbp_topic_count":0,"_bbp_reply_count":0,"_bbp_total_topic_count":0,"_bbp_total_reply_count":0,"_bbp_voice_count":0,"_bbp_anonymous_reply_count":0,"_bbp_topic_count_hidden":0,"_bbp_reply_count_hidden":0,"_bbp_forum_subforum_count":0,"footnotes":""},"class_list":["post-2229","page","type-page","status-publish","hentry"],"post_mailing_queue_ids":[],"_links":{"self":[{"href":"https:\/\/agora.xtec.cat\/ceip-masiperera\/wp-json\/wp\/v2\/pages\/2229","targetHints":{"allow":["GET"]}}],"collection":[{"href":"https:\/\/agora.xtec.cat\/ceip-masiperera\/wp-json\/wp\/v2\/pages"}],"about":[{"href":"https:\/\/agora.xtec.cat\/ceip-masiperera\/wp-json\/wp\/v2\/types\/page"}],"author":[{"embeddable":true,"href":"https:\/\/agora.xtec.cat\/ceip-masiperera\/wp-json\/wp\/v2\/users\/1"}],"replies":[{"embeddable":true,"href":"https:\/\/agora.xtec.cat\/ceip-masiperera\/wp-json\/wp\/v2\/comments?post=2229"}],"version-history":[{"count":8,"href":"https:\/\/agora.xtec.cat\/ceip-masiperera\/wp-json\/wp\/v2\/pages\/2229\/revisions"}],"predecessor-version":[{"id":12088,"href":"https:\/\/agora.xtec.cat\/ceip-masiperera\/wp-json\/wp\/v2\/pages\/2229\/revisions\/12088"}],"up":[{"embeddable":true,"href":"https:\/\/agora.xtec.cat\/ceip-masiperera\/wp-json\/wp\/v2\/pages\/429"}],"wp:attachment":[{"href":"https:\/\/agora.xtec.cat\/ceip-masiperera\/wp-json\/wp\/v2\/media?parent=2229"}],"curies":[{"name":"wp","href":"https:\/\/api.w.org\/{rel}","templated":true}]}}