{"id":9246,"date":"2026-07-21T10:39:35","date_gmt":"2026-07-21T08:39:35","guid":{"rendered":"https:\/\/agora.xtec.cat\/ceip-marti-poch\/?page_id=9246"},"modified":"2026-08-24T17:57:35","modified_gmt":"2026-08-24T15:57:35","slug":"qui-som","status":"publish","type":"page","link":"https:\/\/agora.xtec.cat\/ceip-marti-poch\/lescola\/qui-som\/","title":{"rendered":"Qui som"},"content":{"rendered":"\n<p>L\u2019<strong>Escola Mart\u00ed Poch<\/strong> \u00e9s una escola p\u00fablica d\u2019Educaci\u00f3 Infantil i Prim\u00e0ria situada a <strong>l\u2019Espluga de Francol\u00ed<\/strong>. Som un centre d\u2019una l\u00ednia, arrelat al territori i obert a la comunitat.<\/p>\n\n\n\n<p>Entenem l\u2019escola com un espai per <strong>aprendre, cr\u00e9ixer i conviure<\/strong>, on cada infant \u00e9s \u00fanic i protagonista del seu proc\u00e9s d\u2019aprenentatge. Acompanyem els nens i les nenes des del respecte i la confian\u00e7a, afavorint la seva autonomia, curiositat, creativitat i capacitat per pensar i actuar.<\/p>\n\n\n\n<p>Som una <strong>comunitat educativa<\/strong> formada per infants, mestres, fam\u00edlies i altres professionals que compartim la responsabilitat d\u2019educar. Alhora, obrim l\u2019escola al poble i establim vincles amb entitats, equipaments i persones del nostre entorn que enriqueixen les oportunitats d\u2019aprenentatge.<\/p>\n\n\n\n<p>Volem ser una escola <strong>viva, inclusiva, participativa i compromesa<\/strong>, on els infants aprenguin amb sentit, se sentin part d\u2019una comunitat i creixin preparats per comprendre i transformar el m\u00f3n que els envolta.<\/p>\n\n\n\n<p>\u2764\ufe0f <strong>Eduquem estimant<\/strong><br>\ud83c\udf31 <strong>Aprenem amb sentit<\/strong><br>\ud83e\udd1d <strong>Creixem en comunitat<\/strong><br>\ud83c\udf0d <strong>Connectem amb l\u2019entorn<\/strong><\/p>\n","protected":false},"excerpt":{"rendered":"<p>L\u2019Escola Mart\u00ed Poch \u00e9s una escola p\u00fablica d\u2019Educaci\u00f3 Infantil i Prim\u00e0ria situada a l\u2019Espluga de Francol\u00ed. Som un centre d\u2019una l\u00ednia, arrelat al territori i obert a la comunitat. Entenem l\u2019escola com un espai per aprendre, cr\u00e9ixer i conviure, on cada infant \u00e9s \u00fanic i protagonista del seu proc\u00e9s d\u2019aprenentatge. Acompanyem els nens i les [&hellip;]<\/p>\n","protected":false},"author":1,"featured_media":0,"parent":22,"menu_order":0,"comment_status":"closed","ping_status":"closed","template":"","meta":{"_bbp_topic_count":0,"_bbp_reply_count":0,"_bbp_total_topic_count":0,"_bbp_total_reply_count":0,"_bbp_voice_count":0,"_bbp_anonymous_reply_count":0,"_bbp_topic_count_hidden":0,"_bbp_reply_count_hidden":0,"_bbp_forum_subforum_count":0,"site-sidebar-layout":"default","site-content-layout":"","ast-site-content-layout":"default","site-content-style":"default","site-sidebar-style":"default","ast-global-header-display":"","ast-banner-title-visibility":"","ast-main-header-display":"","ast-hfb-above-header-display":"","ast-hfb-below-header-display":"","ast-hfb-mobile-header-display":"","site-post-title":"","ast-breadcrumbs-content":"","ast-featured-img":"","footer-sml-layout":"","theme-transparent-header-meta":"","adv-header-id-meta":"","stick-header-meta":"","header-above-stick-meta":"","header-main-stick-meta":"","header-below-stick-meta":"","astra-migrate-meta-layouts":"set","ast-page-background-enabled":"default","ast-page-background-meta":{"desktop":{"background-color":"var(--ast-global-color-4)","background-image":"","background-repeat":"repeat","background-position":"center center","background-size":"auto","background-attachment":"scroll","background-type":"","background-media":"","overlay-type":"","overlay-color":"","overlay-opacity":"","overlay-gradient":""},"tablet":{"background-color":"","background-image":"","background-repeat":"repeat","background-position":"center center","background-size":"auto","background-attachment":"scroll","background-type":"","background-media":"","overlay-type":"","overlay-color":"","overlay-opacity":"","overlay-gradient":""},"mobile":{"background-color":"","background-image":"","background-repeat":"repeat","background-position":"center center","background-size":"auto","background-attachment":"scroll","background-type":"","background-media":"","overlay-type":"","overlay-color":"","overlay-opacity":"","overlay-gradient":""}},"ast-content-background-meta":{"desktop":{"background-color":"var(--ast-global-color-5)","background-image":"","background-repeat":"repeat","background-position":"center center","background-size":"auto","background-attachment":"scroll","background-type":"","background-media":"","overlay-type":"","overlay-color":"","overlay-opacity":"","overlay-gradient":""},"tablet":{"background-color":"var(--ast-global-color-5)","background-image":"","background-repeat":"repeat","background-position":"center center","background-size":"auto","background-attachment":"scroll","background-type":"","background-media":"","overlay-type":"","overlay-color":"","overlay-opacity":"","overlay-gradient":""},"mobile":{"background-color":"var(--ast-global-color-5)","background-image":"","background-repeat":"repeat","background-position":"center center","background-size":"auto","background-attachment":"scroll","background-type":"","background-media":"","overlay-type":"","overlay-color":"","overlay-opacity":"","overlay-gradient":""}},"footnotes":""},"class_list":["post-9246","page","type-page","status-publish","hentry"],"post_mailing_queue_ids":[],"_links":{"self":[{"href":"https:\/\/agora.xtec.cat\/ceip-marti-poch\/wp-json\/wp\/v2\/pages\/9246","targetHints":{"allow":["GET"]}}],"collection":[{"href":"https:\/\/agora.xtec.cat\/ceip-marti-poch\/wp-json\/wp\/v2\/pages"}],"about":[{"href":"https:\/\/agora.xtec.cat\/ceip-marti-poch\/wp-json\/wp\/v2\/types\/page"}],"author":[{"embeddable":true,"href":"https:\/\/agora.xtec.cat\/ceip-marti-poch\/wp-json\/wp\/v2\/users\/1"}],"replies":[{"embeddable":true,"href":"https:\/\/agora.xtec.cat\/ceip-marti-poch\/wp-json\/wp\/v2\/comments?post=9246"}],"version-history":[{"count":3,"href":"https:\/\/agora.xtec.cat\/ceip-marti-poch\/wp-json\/wp\/v2\/pages\/9246\/revisions"}],"predecessor-version":[{"id":10038,"href":"https:\/\/agora.xtec.cat\/ceip-marti-poch\/wp-json\/wp\/v2\/pages\/9246\/revisions\/10038"}],"up":[{"embeddable":true,"href":"https:\/\/agora.xtec.cat\/ceip-marti-poch\/wp-json\/wp\/v2\/pages\/22"}],"wp:attachment":[{"href":"https:\/\/agora.xtec.cat\/ceip-marti-poch\/wp-json\/wp\/v2\/media?parent=9246"}],"curies":[{"name":"wp","href":"https:\/\/api.w.org\/{rel}","templated":true}]}}

<p>L’<strong>Escola Martí Poch</strong> és una escola pública d’Educació Infantil i Primària situada a <strong>l’Espluga de Francolí</strong>. Som un centre d’una línia, arrelat al territori i obert a la comunitat.</p>



<p>Entenem l’escola com un espai per <strong>aprendre, créixer i conviure</strong>, on cada infant és únic i protagonista del seu procés d’aprenentatge. Acompanyem els nens i les nenes des del respecte i la confiança, afavorint la seva autonomia, curiositat, creativitat i capacitat per pensar i actuar.</p>



<p>Som una <strong>comunitat educativa</strong> formada per infants, mestres, famílies i altres professionals que compartim la responsabilitat d’educar. Alhora, obrim l’escola al poble i establim vincles amb entitats, equipaments i persones del nostre entorn que enriqueixen les oportunitats d’aprenentatge.</p>



<p>Volem ser una escola <strong>viva, inclusiva, participativa i compromesa</strong>, on els infants aprenguin amb sentit, se sentin part d’una comunitat i creixin preparats per comprendre i transformar el món que els envolta.</p>



<p>❤️ <strong>Eduquem estimant</strong><br>🌱 <strong>Aprenem amb sentit</strong><br>🤝 <strong>Creixem en comunitat</strong><br>🌍 <strong>Connectem amb l’entorn</strong></p>

<p>L’Escola Martí Poch és una escola pública d’Educació Infantil i Primària situada a l’Espluga de Francolí. Som un centre d’una línia, arrelat al territori i obert a la comunitat. Entenem l’escola com un espai per aprendre, créixer i conviure, on cada infant és únic i protagonista del seu procés d’aprenentatge. Acompanyem els nens i les [&hellip;]</p>
